{"id":10000290,"date":"2024-02-25T17:35:25","date_gmt":"2024-02-25T16:35:25","guid":{"rendered":"https:\/\/15francoallemandeoccitanie.fr\/?post_type=tribe_events&#038;p=4902"},"modified":"2024-02-25T22:40:30","modified_gmt":"2024-02-25T21:40:30","slug":"requiem-de-faure-et-la-messe-du-couronnement-de-mozart","status":"publish","type":"tribe_events","link":"https:\/\/15francoallemandeoccitanie.fr\/de\/evenement\/requiem-de-faure-et-la-messe-du-couronnement-de-mozart\/2024-03-03\/","title":{"rendered":"Requiem de Faur\u00e9 et la Messe du couronnement de Mozart"},"content":{"rendered":"<p>Un concert propos\u00e9 par le Ch\u0153ur franco-allemand de Toulouse et l&#8217;Ensemble Vocal Mezza Voce de Tarbes avec au programme le Requiem Op. 48 de Gabriel Faur\u00e9 et la Messe du Couronnement en Ut Majeur KV317 de W.A. Mozart<\/p>\n<p><img loading=\"lazy\" decoding=\"async\" src=\"https:\/\/15francoallemandeoccitanie.fr\/wp-content\/uploads\/2024\/02\/Kronungsmesse_-Tarbes-VF-PH-FLYER-002_page-0001-212x300.jpg\" alt=\"\" width=\"212\" height=\"300\" class=\"alignnone size-medium wp-image-4903\" \/><\/p>\n<p>Prix d&#8217;entr\u00e9e : 12 \u20ac &#8211; 1adh\u00e9rents: 10\u20ac &#8211; gratuit moins de 12 ans<br \/>\nRenseignements et r\u00e9servations: 06 16 29 09 19 &#8211; 06 02 29 55 77<\/p>\n","protected":false},"excerpt":{"rendered":"<p>Un concert propos\u00e9 par le Ch\u0153ur franco-allemand de Toulouse et l&#8217;Ensemble Vocal Mezza Voce de Tarbes avec au programme le Requiem Op. 48 de Gabriel Faur\u00e9 et la Messe du [&#8230;]\n","protected":false},"author":1,"featured_media":4903,"template":"","meta":{"_price":"","_stock":"","_tribe_ticket_header":"","_tribe_default_ticket_provider":"","_tribe_ticket_capacity":"0","_ticket_start_date":"","_ticket_end_date":"","_tribe_ticket_show_description":"","_tribe_ticket_show_not_going":false,"_tribe_ticket_use_global_stock":"","_tribe_ticket_global_stock_level":"","_global_stock_mode":"","_global_stock_cap":"","_tribe_rsvp_for_event":"","_tribe_ticket_going_count":"","_tribe_ticket_not_going_count":"","_tribe_tickets_list":"[]","_tribe_ticket_has_attendee_info_fields":false,"_tribe_events_status":"","_tribe_events_status_reason":"","_tribe_events_is_hybrid":"","_tribe_events_is_virtual":"","_tribe_events_virtual_video_source":"","_tribe_events_virtual_embed_video":"","_tribe_events_virtual_linked_button_text":"","_tribe_events_virtual_linked_button":"","_tribe_events_virtual_show_embed_at":"","_tribe_events_virtual_show_embed_to":[],"_tribe_events_virtual_show_on_event":"","_tribe_events_virtual_show_on_views":"","_tribe_events_virtual_url":"","footnotes":"","_tec_slr_enabled":"","_tec_slr_layout":""},"tags":[],"tribe_events_cat":[16,17],"class_list":["post-10000290","tribe_events","type-tribe_events","status-publish","has-post-thumbnail","hentry","tribe_events_cat-culture","tribe_events_cat-presentiel-culture","cat_culture","cat_presentiel-culture","tribe-recurring-event","tribe-recurring-event-parent"],"ticketed":false,"_links":{"self":[{"href":"https:\/\/15francoallemandeoccitanie.fr\/de\/wp-json\/wp\/v2\/tribe_events\/10000290","targetHints":{"allow":["GET"]}}],"collection":[{"href":"https:\/\/15francoallemandeoccitanie.fr\/de\/wp-json\/wp\/v2\/tribe_events"}],"about":[{"href":"https:\/\/15francoallemandeoccitanie.fr\/de\/wp-json\/wp\/v2\/types\/tribe_events"}],"author":[{"embeddable":true,"href":"https:\/\/15francoallemandeoccitanie.fr\/de\/wp-json\/wp\/v2\/users\/1"}],"version-history":[{"count":0,"href":"https:\/\/15francoallemandeoccitanie.fr\/de\/wp-json\/wp\/v2\/tribe_events\/10000290\/revisions"}],"wp:featuredmedia":[{"embeddable":true,"href":"https:\/\/15francoallemandeoccitanie.fr\/de\/wp-json\/wp\/v2\/media\/4903"}],"wp:attachment":[{"href":"https:\/\/15francoallemandeoccitanie.fr\/de\/wp-json\/wp\/v2\/media?parent=10000290"}],"wp:term":[{"taxonomy":"post_tag","embeddable":true,"href":"https:\/\/15francoallemandeoccitanie.fr\/de\/wp-json\/wp\/v2\/tags?post=10000290"},{"taxonomy":"tribe_events_cat","embeddable":true,"href":"https:\/\/15francoallemandeoccitanie.fr\/de\/wp-json\/wp\/v2\/tribe_events_cat?post=10000290"}],"curies":[{"name":"wp","href":"https:\/\/api.w.org\/{rel}","templated":true}]}}

Requiem de Fauré et la Messe du couronnement de Mozart

<p>Un concert proposé par le Chœur franco-allemand de Toulouse et l&#8217;Ensemble Vocal Mezza Voce de Tarbes avec au programme le Requiem Op. 48 de Gabriel Fauré et la Messe du Couronnement en Ut Majeur KV317 de W.A. Mozart</p>
<p><img loading="lazy" decoding="async" src="https://15francoallemandeoccitanie.fr/wp-content/uploads/2024/02/Kronungsmesse_-Tarbes-VF-PH-FLYER-002_page-0001-212x300.jpg" alt="" width="212" height="300" class="alignnone size-medium wp-image-4903" /></p>
<p>Prix d&#8217;entrée : 12 € &#8211; 1adhérents: 10€ &#8211; gratuit moins de 12 ans<br />
Renseignements et réservations: 06 16 29 09 19 &#8211; 06 02 29 55 77</p>

<p>Un concert proposé par le Chœur franco-allemand de Toulouse et l&#8217;Ensemble Vocal Mezza Voce de Tarbes avec au programme le Requiem Op. 48 de Gabriel Fauré et la Messe du [&#8230;]
