{"id":10000292,"date":"2024-02-25T18:01:42","date_gmt":"2024-02-25T17:01:42","guid":{"rendered":"https:\/\/15francoallemandeoccitanie.fr\/?post_type=tribe_events&#038;p=4913"},"modified":"2024-02-25T18:19:05","modified_gmt":"2024-02-25T17:19:05","slug":"mutter-vater-land-pays-patrie-matrie-akin-sipal","status":"publish","type":"tribe_events","link":"https:\/\/15francoallemandeoccitanie.fr\/de\/evenement\/mutter-vater-land-pays-patrie-matrie-akin-sipal\/2024-03-04\/","title":{"rendered":"Mutter Vater Land \/  Pays Patrie Matrie Akin \u015eipal."},"content":{"rendered":"<p>Mutter Vater Land \/ Pays Patrie Matrie est l\u2019\u0153uvre parue dans la collection \u00ab Nouvelles Sc\u00e8nes \u2013 allemand \u00bb pour ses 20 ans d\u2019existence.<br \/>\nMutter Vater Land du cin\u00e9aste et homme de th\u00e9\u00e2tre germano-turc Akin Emanuel \u015eipal est une pi\u00e8ce puissante et forte qui se joue des clich\u00e9s pour mettre en sc\u00e8ne une \u00e9migration pleinement d\u00e9sir\u00e9e\u2026 et non moins douloureuse.<\/p>\n<p>Depuis 20 ans, cette collection de th\u00e9\u00e2tre bilingue des Presses universitaires du Midi \u0153uvre pour la diffusion en France du th\u00e9\u00e2tre contemporain de langue allemande.<\/p>\n<p>Le lundi 4 mars (19h30) et le mardi 5 mars (12h50, 19h30), la Compagnie de la Vieille Dame donnera \u00e0 la Fabrique cette pi\u00e8ce anniversaire dans une mise en sc\u00e8ne de Katharina Stalder (dur\u00e9e : 1h). Ces repr\u00e9sentations se tiennent dans le cadre de la 17e \u00e9dition du Festival Universc\u00e8nes. <\/p>\n<p>Repr\u00e9sentations en VO surtitr\u00e9e par la Cie La Vieille Dame.<br \/>\nMise en sc\u00e8ne : Katharina Stalder.<br \/>\nSpectacle gratuit. R\u00e9servation recommand\u00e9e<\/p>\n","protected":false},"excerpt":{"rendered":"<p>Mutter Vater Land \/ Pays Patrie Matrie est l\u2019\u0153uvre parue dans la collection \u00ab Nouvelles Sc\u00e8nes \u2013 allemand \u00bb pour ses 20 ans d\u2019existence. Mutter Vater Land du cin\u00e9aste et [&#8230;]\n","protected":false},"author":1,"featured_media":4914,"template":"","meta":{"_price":"","_stock":"","_tribe_ticket_header":"","_tribe_default_ticket_provider":"","_tribe_ticket_capacity":"0","_ticket_start_date":"","_ticket_end_date":"","_tribe_ticket_show_description":"","_tribe_ticket_show_not_going":false,"_tribe_ticket_use_global_stock":"","_tribe_ticket_global_stock_level":"","_global_stock_mode":"","_global_stock_cap":"","_tribe_rsvp_for_event":"","_tribe_ticket_going_count":"","_tribe_ticket_not_going_count":"","_tribe_tickets_list":"[]","_tribe_ticket_has_attendee_info_fields":false,"_tribe_events_status":"","_tribe_events_status_reason":"","_tribe_events_is_hybrid":"","_tribe_events_is_virtual":"","_tribe_events_virtual_video_source":"","_tribe_events_virtual_embed_video":"","_tribe_events_virtual_linked_button_text":"","_tribe_events_virtual_linked_button":"","_tribe_events_virtual_show_embed_at":"","_tribe_events_virtual_show_embed_to":[],"_tribe_events_virtual_show_on_event":"","_tribe_events_virtual_show_on_views":"","_tribe_events_virtual_url":"","footnotes":"","_tec_slr_enabled":"","_tec_slr_layout":""},"tags":[],"tribe_events_cat":[10,11],"class_list":["post-10000292","tribe_events","type-tribe_events","status-publish","has-post-thumbnail","hentry","tribe_events_cat-education","tribe_events_cat-presentiel-education","cat_education","cat_presentiel-education","tribe-recurring-event","tribe-recurring-event-parent"],"ticketed":false,"_links":{"self":[{"href":"https:\/\/15francoallemandeoccitanie.fr\/de\/wp-json\/wp\/v2\/tribe_events\/10000292","targetHints":{"allow":["GET"]}}],"collection":[{"href":"https:\/\/15francoallemandeoccitanie.fr\/de\/wp-json\/wp\/v2\/tribe_events"}],"about":[{"href":"https:\/\/15francoallemandeoccitanie.fr\/de\/wp-json\/wp\/v2\/types\/tribe_events"}],"author":[{"embeddable":true,"href":"https:\/\/15francoallemandeoccitanie.fr\/de\/wp-json\/wp\/v2\/users\/1"}],"version-history":[{"count":0,"href":"https:\/\/15francoallemandeoccitanie.fr\/de\/wp-json\/wp\/v2\/tribe_events\/10000292\/revisions"}],"wp:featuredmedia":[{"embeddable":true,"href":"https:\/\/15francoallemandeoccitanie.fr\/de\/wp-json\/wp\/v2\/media\/4914"}],"wp:attachment":[{"href":"https:\/\/15francoallemandeoccitanie.fr\/de\/wp-json\/wp\/v2\/media?parent=10000292"}],"wp:term":[{"taxonomy":"post_tag","embeddable":true,"href":"https:\/\/15francoallemandeoccitanie.fr\/de\/wp-json\/wp\/v2\/tags?post=10000292"},{"taxonomy":"tribe_events_cat","embeddable":true,"href":"https:\/\/15francoallemandeoccitanie.fr\/de\/wp-json\/wp\/v2\/tribe_events_cat?post=10000292"}],"curies":[{"name":"wp","href":"https:\/\/api.w.org\/{rel}","templated":true}]}}

Mutter Vater Land /  Pays Patrie Matrie Akin Şipal.

<p>Mutter Vater Land / Pays Patrie Matrie est l’œuvre parue dans la collection « Nouvelles Scènes – allemand » pour ses 20 ans d’existence.<br />
Mutter Vater Land du cinéaste et homme de théâtre germano-turc Akin Emanuel Şipal est une pièce puissante et forte qui se joue des clichés pour mettre en scène une émigration pleinement désirée… et non moins douloureuse.</p>
<p>Depuis 20 ans, cette collection de théâtre bilingue des Presses universitaires du Midi œuvre pour la diffusion en France du théâtre contemporain de langue allemande.</p>
<p>Le lundi 4 mars (19h30) et le mardi 5 mars (12h50, 19h30), la Compagnie de la Vieille Dame donnera à la Fabrique cette pièce anniversaire dans une mise en scène de Katharina Stalder (durée : 1h). Ces représentations se tiennent dans le cadre de la 17e édition du Festival Universcènes. </p>
<p>Représentations en VO surtitrée par la Cie La Vieille Dame.<br />
Mise en scène : Katharina Stalder.<br />
Spectacle gratuit. Réservation recommandée</p>

<p>Mutter Vater Land / Pays Patrie Matrie est l’œuvre parue dans la collection « Nouvelles Scènes – allemand » pour ses 20 ans d’existence. Mutter Vater Land du cinéaste et [&#8230;]
