{"id":15975,"date":"2025-03-05T01:51:56","date_gmt":"2025-03-05T00:51:56","guid":{"rendered":"https:\/\/15francoallemandeoccitanie.fr\/?post_type=tribe_events&#038;p=15975"},"modified":"2025-03-05T01:51:56","modified_gmt":"2025-03-05T00:51:56","slug":"spectacle-de-danse-sur-la-thematique-de-leau-me-j-pujol-me-brouillet-me-pourcel-eleves-germanistes-du-ljg-et-llce-anglais-1e","status":"publish","type":"tribe_events","link":"https:\/\/15francoallemandeoccitanie.fr\/de\/evenement\/spectacle-de-danse-sur-la-thematique-de-leau-me-j-pujol-me-brouillet-me-pourcel-eleves-germanistes-du-ljg-et-llce-anglais-1e\/","title":{"rendered":"Spectacle de danse sur la th\u00e9matique de L\u2019Eau (Me J. Pujol, Me Brouillet , Me Pourcel). El\u00e8ves germanistes du LJG (et LLCE anglais 1e)."},"content":{"rendered":"<p>16h45 : Spectacle de danse sur la th\u00e9matique de L\u2019Eau (Me J. Pujol, Me Brouillet , Me Pourcel). El\u00e8ves germanistes du LJG (et LLCE anglais 1e).<\/p>\n<p>Chor\u00e9graphie autour du th\u00e8me de L&#8217;Eau, men\u00e9e par Jos Pujol (chor\u00e9graphe) avec les \u00e9l\u00e8ves germanistes de Val\u00e9rie Brouillet (professeur d&#8217;allemand LJG), qui assure l&#8217;encadrement et travaille la th\u00e9matique. Musiques \u00e0 d\u00e9finir.<br \/>\nParticipation des \u00e9l\u00e8ves de Litt\u00e9rature anglo-saxonne de Me Pourcel dans l&#8217;\u00e9criture de textes.<\/p>\n<p>EAU d\u2019\u00e0 l\u2019eau<br \/>\nSpectacle lyc\u00e9e Jules Guesde 2025<br \/>\nClasse de Val\u00e9rie Brouillet : chor\u00e9graphies<br \/>\nClasse de Nathalie Pourcel : textes<br \/>\nChor\u00e9graphe : Jos Pujol Cie Singulier Pluriel<br \/>\nSc\u00e8ne 1 : Le cycle de l\u2019eau<br \/>\nIntroduction bruitage de ruisseaux et texte po\u00e9tique qui se r\u00e9f\u00e8re au cycle de l\u2019eau.<br \/>\n&#8211; Chor\u00e9graphie des nuages<br \/>\n&#8211; Chor\u00e9graphie de la pluie<br \/>\n&#8211; Chor\u00e9graphie des ruisseaux<br \/>\n&#8211; Chor\u00e9graphie de l\u2019\u00e9vaporation \u2026.nouveaux nuages<br \/>\nSc\u00e8ne 2 : Pollution<br \/>\n&#8211; Chor\u00e9graphie de la marche vers la pollution. L\u2019espace sc\u00e9nique se retrouve jonch\u00e9<br \/>\nde bouteilles d\u2019eau vides (peut \u00eatre jeu de mot eau vive oppos\u00e9 \u00e0 eau vide) Texte<br \/>\nSc\u00e8ne 3 : La plage<br \/>\n&#8211; Chor\u00e9graphie des jeunes \u00e0 la plage (toujours jonch\u00e9e de d\u00e9chets qui ne semblent<br \/>\ng\u00eaner personne)<br \/>\n&#8211; Bulletin m\u00e9t\u00e9o :<br \/>\n&#8211; \u00ab Et voici le bulletin m\u00e9t\u00e9o. 15eme jour de canicule. Temp\u00e9ratures avoisinant les 40<br \/>\ndegr\u00e9s. Evitez les efforts physiques, restez chez vous et gardez les fen\u00eatres ferm\u00e9es.<br \/>\nExcellente journ\u00e9e \u00e0 toutes et tous \u00bb<br \/>\n&#8211; Chor\u00e9graphie de la chaleur<br \/>\n&#8211; Un jeune d\u00e9cide de se baigner pour se rafraichir, devant la rivi\u00e8re (bord de sc\u00e8ne) il<br \/>\nn\u2019y a plus une goutte d\u2019eau<br \/>\nSc\u00e8ne 4 : En marche vers la reconqu\u00eate de l\u2019eau<br \/>\n&#8211; D\u00e9barrassage des bouteilles d\u2019eau sur sc\u00e8ne<br \/>\n&#8211; Chor\u00e9graphie po\u00e9tique sur ce magnifique \u00e9l\u00e9ment, l\u2019eau. Texte final\/<\/p>\n","protected":false},"excerpt":{"rendered":"<p>16h45 : Spectacle de danse sur la th\u00e9matique de L\u2019Eau (Me J. Pujol, Me Brouillet , Me Pourcel). El\u00e8ves germanistes du LJG (et LLCE anglais 1e). Chor\u00e9graphie autour du th\u00e8me [&#8230;]\n","protected":false},"author":148,"featured_media":15978,"template":"","meta":{"_price":"","_stock":"","_tribe_ticket_header":"","_tribe_default_ticket_provider":"","_tribe_ticket_capacity":"0","_ticket_start_date":"","_ticket_end_date":"","_tribe_ticket_show_description":"","_tribe_ticket_show_not_going":false,"_tribe_ticket_use_global_stock":"","_tribe_ticket_global_stock_level":"","_global_stock_mode":"","_global_stock_cap":"","_tribe_rsvp_for_event":"","_tribe_ticket_going_count":"","_tribe_ticket_not_going_count":"","_tribe_tickets_list":"[]","_tribe_ticket_has_attendee_info_fields":false,"_tribe_events_status":"","_tribe_events_status_reason":"","_tribe_events_is_hybrid":"","_tribe_events_is_virtual":"","_tribe_events_virtual_video_source":"","_tribe_events_virtual_embed_video":"","_tribe_events_virtual_linked_button_text":"","_tribe_events_virtual_linked_button":"","_tribe_events_virtual_show_embed_at":"","_tribe_events_virtual_show_embed_to":[],"_tribe_events_virtual_show_on_event":"","_tribe_events_virtual_show_on_views":"","_tribe_events_virtual_url":"","footnotes":"","_tec_slr_enabled":"","_tec_slr_layout":""},"tags":[],"tribe_events_cat":[11],"class_list":["post-15975","tribe_events","type-tribe_events","status-publish","has-post-thumbnail","hentry","tribe_events_cat-presentiel-education","cat_presentiel-education"],"ticketed":false,"_links":{"self":[{"href":"https:\/\/15francoallemandeoccitanie.fr\/de\/wp-json\/wp\/v2\/tribe_events\/15975","targetHints":{"allow":["GET"]}}],"collection":[{"href":"https:\/\/15francoallemandeoccitanie.fr\/de\/wp-json\/wp\/v2\/tribe_events"}],"about":[{"href":"https:\/\/15francoallemandeoccitanie.fr\/de\/wp-json\/wp\/v2\/types\/tribe_events"}],"author":[{"embeddable":true,"href":"https:\/\/15francoallemandeoccitanie.fr\/de\/wp-json\/wp\/v2\/users\/148"}],"version-history":[{"count":3,"href":"https:\/\/15francoallemandeoccitanie.fr\/de\/wp-json\/wp\/v2\/tribe_events\/15975\/revisions"}],"predecessor-version":[{"id":16873,"href":"https:\/\/15francoallemandeoccitanie.fr\/de\/wp-json\/wp\/v2\/tribe_events\/15975\/revisions\/16873"}],"wp:featuredmedia":[{"embeddable":true,"href":"https:\/\/15francoallemandeoccitanie.fr\/de\/wp-json\/wp\/v2\/media\/15978"}],"wp:attachment":[{"href":"https:\/\/15francoallemandeoccitanie.fr\/de\/wp-json\/wp\/v2\/media?parent=15975"}],"wp:term":[{"taxonomy":"post_tag","embeddable":true,"href":"https:\/\/15francoallemandeoccitanie.fr\/de\/wp-json\/wp\/v2\/tags?post=15975"},{"taxonomy":"tribe_events_cat","embeddable":true,"href":"https:\/\/15francoallemandeoccitanie.fr\/de\/wp-json\/wp\/v2\/tribe_events_cat?post=15975"}],"curies":[{"name":"wp","href":"https:\/\/api.w.org\/{rel}","templated":true}]}}

Spectacle de danse sur la thématique de L’Eau (Me J. Pujol, Me Brouillet , Me Pourcel). Elèves germanistes du LJG (et LLCE anglais 1e).

<p>16h45 : Spectacle de danse sur la thématique de L’Eau (Me J. Pujol, Me Brouillet , Me Pourcel). Elèves germanistes du LJG (et LLCE anglais 1e).</p>
<p>Chorégraphie autour du thème de L&#8217;Eau, menée par Jos Pujol (chorégraphe) avec les élèves germanistes de Valérie Brouillet (professeur d&#8217;allemand LJG), qui assure l&#8217;encadrement et travaille la thématique. Musiques à définir.<br />
Participation des élèves de Littérature anglo-saxonne de Me Pourcel dans l&#8217;écriture de textes.</p>
<p>EAU d’à l’eau<br />
Spectacle lycée Jules Guesde 2025<br />
Classe de Valérie Brouillet : chorégraphies<br />
Classe de Nathalie Pourcel : textes<br />
Chorégraphe : Jos Pujol Cie Singulier Pluriel<br />
Scène 1 : Le cycle de l’eau<br />
Introduction bruitage de ruisseaux et texte poétique qui se réfère au cycle de l’eau.<br />
&#8211; Chorégraphie des nuages<br />
&#8211; Chorégraphie de la pluie<br />
&#8211; Chorégraphie des ruisseaux<br />
&#8211; Chorégraphie de l’évaporation ….nouveaux nuages<br />
Scène 2 : Pollution<br />
&#8211; Chorégraphie de la marche vers la pollution. L’espace scénique se retrouve jonché<br />
de bouteilles d’eau vides (peut être jeu de mot eau vive opposé à eau vide) Texte<br />
Scène 3 : La plage<br />
&#8211; Chorégraphie des jeunes à la plage (toujours jonchée de déchets qui ne semblent<br />
gêner personne)<br />
&#8211; Bulletin météo :<br />
&#8211; « Et voici le bulletin météo. 15eme jour de canicule. Températures avoisinant les 40<br />
degrés. Evitez les efforts physiques, restez chez vous et gardez les fenêtres fermées.<br />
Excellente journée à toutes et tous »<br />
&#8211; Chorégraphie de la chaleur<br />
&#8211; Un jeune décide de se baigner pour se rafraichir, devant la rivière (bord de scène) il<br />
n’y a plus une goutte d’eau<br />
Scène 4 : En marche vers la reconquête de l’eau<br />
&#8211; Débarrassage des bouteilles d’eau sur scène<br />
&#8211; Chorégraphie poétique sur ce magnifique élément, l’eau. Texte final/</p>

<p>16h45 : Spectacle de danse sur la thématique de L’Eau (Me J. Pujol, Me Brouillet , Me Pourcel). Elèves germanistes du LJG (et LLCE anglais 1e). Chorégraphie autour du thème [&#8230;]
