{"id":16735,"date":"2025-03-02T12:56:48","date_gmt":"2025-03-02T11:56:48","guid":{"rendered":"https:\/\/15francoallemandeoccitanie.fr\/?post_type=tribe_events&#038;p=16735"},"modified":"2025-03-13T20:21:45","modified_gmt":"2025-03-13T19:21:45","slug":"rencontre-litteraire-avec-ariane-koch","status":"publish","type":"tribe_events","link":"https:\/\/15francoallemandeoccitanie.fr\/de\/evenement\/rencontre-litteraire-avec-ariane-koch\/","title":{"rendered":"Rencontre litt\u00e9raire avec Ariane Koch"},"content":{"rendered":"<p>Une jeune femme m\u00e8ne une existence solitaire dans une maison trop grande, dans une ville trop petite, \u00e0 c\u00f4t\u00e9 d&#8217;une montagne triangulaire. Lorsqu&#8217;un invit\u00e9 arrive, elle l&#8217;accueille chez elle sans h\u00e9siter. L&#8217;invit\u00e9 est \u00e0 la fois nouveau et \u00e9tranger, promettant de grandes choses, et devient rapidement le centre d&#8217;attention, mais aussi la victime de fantasmes de pouvoir de plus en plus inquisitoriaux. Jusqu&#8217;\u00e0 ce qu&#8217;il parvienne \u00e0 \u00e9chapper aux griffes de l&#8217;h\u00f4tesse de plus en plus obsessionnelle, et qu&#8217;elle, \u00e0 son tour, entreprenne enfin un voyage qu&#8217;elle attendait, devenant elle-m\u00eame une invit\u00e9e.<br \/>\nL&#8217;H\u00f4te est un roman merveilleusement original qui soul\u00e8ve des questions sur le connu et l&#8217;inconnu, l&#8217;origine et la patrie, l&#8217;assimilation et l&#8217;int\u00e9gration, la vie priv\u00e9e et l&#8217;hospitalit\u00e9. Un premier roman dont le plaisir de raconter et d&#8217;imaginer est captivant. (Suhrkamp Verlag)<\/p>\n<p>Ariane Koch a remport\u00e9 en 2021 le Prix Litt\u00e9raire Aspekte du ZDF avec son premier roman L&#8217;H\u00f4te, ainsi que le Prix Litt\u00e9raire Suisse en 2022.<\/p>\n<p>La rencontre sera anim\u00e9e par H\u00e9l\u00e8ne Leclerc, Universit\u00e9 Toulouse Jean Jaur\u00e8s<\/p>\n<p>cr\u00e9dit photo : Heike Steinweg<\/p>\n<p><img loading=\"lazy\" decoding=\"async\" src=\"https:\/\/15francoallemandeoccitanie.fr\/wp-content\/uploads\/2025\/03\/15496264380_043_lr20.png\" alt=\"\" width=\"244\" height=\"244\" class=\"alignnone size-full wp-image-16736\" srcset=\"https:\/\/15francoallemandeoccitanie.fr\/wp-content\/uploads\/2025\/03\/15496264380_043_lr20.png 244w, https:\/\/15francoallemandeoccitanie.fr\/wp-content\/uploads\/2025\/03\/15496264380_043_lr20-150x150.png 150w\" sizes=\"auto, (max-width: 244px) 100vw, 244px\" \/><\/p>\n","protected":false},"excerpt":{"rendered":"<p>Une jeune femme m\u00e8ne une existence solitaire dans une maison trop grande, dans une ville trop petite, \u00e0 c\u00f4t\u00e9 d&#8217;une montagne triangulaire. Lorsqu&#8217;un invit\u00e9 arrive, elle l&#8217;accueille chez elle sans [&#8230;]\n","protected":false},"author":1,"featured_media":16757,"template":"","meta":{"_price":"","_stock":"","_tribe_ticket_header":"","_tribe_default_ticket_provider":"","_tribe_ticket_capacity":"0","_ticket_start_date":"","_ticket_end_date":"","_tribe_ticket_show_description":"","_tribe_ticket_show_not_going":false,"_tribe_ticket_use_global_stock":"","_tribe_ticket_global_stock_level":"","_global_stock_mode":"","_global_stock_cap":"","_tribe_rsvp_for_event":"","_tribe_ticket_going_count":"","_tribe_ticket_not_going_count":"","_tribe_tickets_list":"[]","_tribe_ticket_has_attendee_info_fields":false,"_tribe_events_status":"","_tribe_events_status_reason":"","_tribe_events_is_hybrid":"","_tribe_events_is_virtual":"","_tribe_events_virtual_video_source":"","_tribe_events_virtual_embed_video":"","_tribe_events_virtual_linked_button_text":"","_tribe_events_virtual_linked_button":"","_tribe_events_virtual_show_embed_at":"","_tribe_events_virtual_show_embed_to":[],"_tribe_events_virtual_show_on_event":"","_tribe_events_virtual_show_on_views":"","_tribe_events_virtual_url":"","footnotes":"","_tec_slr_enabled":"","_tec_slr_layout":""},"tags":[],"tribe_events_cat":[16,20],"class_list":["post-16735","tribe_events","type-tribe_events","status-publish","has-post-thumbnail","hentry","tribe_events_cat-culture","tribe_events_cat-presentiel-citoyennete","cat_culture","cat_presentiel-citoyennete"],"ticketed":false,"_links":{"self":[{"href":"https:\/\/15francoallemandeoccitanie.fr\/de\/wp-json\/wp\/v2\/tribe_events\/16735","targetHints":{"allow":["GET"]}}],"collection":[{"href":"https:\/\/15francoallemandeoccitanie.fr\/de\/wp-json\/wp\/v2\/tribe_events"}],"about":[{"href":"https:\/\/15francoallemandeoccitanie.fr\/de\/wp-json\/wp\/v2\/types\/tribe_events"}],"author":[{"embeddable":true,"href":"https:\/\/15francoallemandeoccitanie.fr\/de\/wp-json\/wp\/v2\/users\/1"}],"version-history":[{"count":4,"href":"https:\/\/15francoallemandeoccitanie.fr\/de\/wp-json\/wp\/v2\/tribe_events\/16735\/revisions"}],"predecessor-version":[{"id":16776,"href":"https:\/\/15francoallemandeoccitanie.fr\/de\/wp-json\/wp\/v2\/tribe_events\/16735\/revisions\/16776"}],"wp:featuredmedia":[{"embeddable":true,"href":"https:\/\/15francoallemandeoccitanie.fr\/de\/wp-json\/wp\/v2\/media\/16757"}],"wp:attachment":[{"href":"https:\/\/15francoallemandeoccitanie.fr\/de\/wp-json\/wp\/v2\/media?parent=16735"}],"wp:term":[{"taxonomy":"post_tag","embeddable":true,"href":"https:\/\/15francoallemandeoccitanie.fr\/de\/wp-json\/wp\/v2\/tags?post=16735"},{"taxonomy":"tribe_events_cat","embeddable":true,"href":"https:\/\/15francoallemandeoccitanie.fr\/de\/wp-json\/wp\/v2\/tribe_events_cat?post=16735"}],"curies":[{"name":"wp","href":"https:\/\/api.w.org\/{rel}","templated":true}]}}

Rencontre littéraire avec Ariane Koch

<p>Une jeune femme mène une existence solitaire dans une maison trop grande, dans une ville trop petite, à côté d&#8217;une montagne triangulaire. Lorsqu&#8217;un invité arrive, elle l&#8217;accueille chez elle sans hésiter. L&#8217;invité est à la fois nouveau et étranger, promettant de grandes choses, et devient rapidement le centre d&#8217;attention, mais aussi la victime de fantasmes de pouvoir de plus en plus inquisitoriaux. Jusqu&#8217;à ce qu&#8217;il parvienne à échapper aux griffes de l&#8217;hôtesse de plus en plus obsessionnelle, et qu&#8217;elle, à son tour, entreprenne enfin un voyage qu&#8217;elle attendait, devenant elle-même une invitée.<br />
L&#8217;Hôte est un roman merveilleusement original qui soulève des questions sur le connu et l&#8217;inconnu, l&#8217;origine et la patrie, l&#8217;assimilation et l&#8217;intégration, la vie privée et l&#8217;hospitalité. Un premier roman dont le plaisir de raconter et d&#8217;imaginer est captivant. (Suhrkamp Verlag)</p>
<p>Ariane Koch a remporté en 2021 le Prix Littéraire Aspekte du ZDF avec son premier roman L&#8217;Hôte, ainsi que le Prix Littéraire Suisse en 2022.</p>
<p>La rencontre sera animée par Hélène Leclerc, Université Toulouse Jean Jaurès</p>
<p>crédit photo : Heike Steinweg</p>
<p><img loading="lazy" decoding="async" src="https://15francoallemandeoccitanie.fr/wp-content/uploads/2025/03/15496264380_043_lr20.png" alt="" width="244" height="244" class="alignnone size-full wp-image-16736" srcset="https://15francoallemandeoccitanie.fr/wp-content/uploads/2025/03/15496264380_043_lr20.png 244w, https://15francoallemandeoccitanie.fr/wp-content/uploads/2025/03/15496264380_043_lr20-150x150.png 150w" sizes="auto, (max-width: 244px) 100vw, 244px" /></p>

<p>Une jeune femme mène une existence solitaire dans une maison trop grande, dans une ville trop petite, à côté d&#8217;une montagne triangulaire. Lorsqu&#8217;un invité arrive, elle l&#8217;accueille chez elle sans [&#8230;]
