{"id":16740,"date":"2025-03-02T13:18:48","date_gmt":"2025-03-02T12:18:48","guid":{"rendered":"https:\/\/15francoallemandeoccitanie.fr\/?post_type=tribe_events&#038;p=16740"},"modified":"2025-03-03T13:27:02","modified_gmt":"2025-03-03T12:27:02","slug":"theatre-linguistique-en-milieu-scolaire-intervention-theatrale-en-allemand","status":"publish","type":"tribe_events","link":"https:\/\/15francoallemandeoccitanie.fr\/de\/evenement\/theatre-linguistique-en-milieu-scolaire-intervention-theatrale-en-allemand\/","title":{"rendered":"Th\u00e9\u00e2tre linguistique en milieu scolaire &#8211; Intervention th\u00e9\u00e2trale en allemand"},"content":{"rendered":"<p>3 jeunes com\u00e9diens natifs germanophones jouent tout d&#8217;abord un spectacle d&#8217;1H tout en allemand, compos\u00e9 de 3 sketchs interactifs \u00e9labor\u00e9s en accord avec la grille CECR (niveaux A1 \u00e0 B1), devant tous les \u00e9l\u00e8ves germanistes.<br \/>\nIls se r\u00e9partissent ensuite l&#8217;effectif en 3 groupes, pour r\u00e9aliser simultan\u00e9ment chacun 1H d&#8217;ateliers ludiques \u00e9galement tout en allemand, qui reprennent notamment le vocabulaire abord\u00e9 pendant le spectacle. Les ateliers se concluent par un temps d&#8217;\u00e9change libre et informel, toujours en allemand, de type &#8222;questions &#038; r\u00e9ponses&#8220; <\/p>\n<p>9h00-12h00 : Coll\u00e8ge Jean Racine<br \/>\n14h00-17h00 : Coll\u00e8ge Alphonse Daudet<\/p>\n","protected":false},"excerpt":{"rendered":"<p>3 jeunes com\u00e9diens natifs germanophones jouent tout d&#8217;abord un spectacle d&#8217;1H tout en allemand, compos\u00e9 de 3 sketchs interactifs \u00e9labor\u00e9s en accord avec la grille CECR (niveaux A1 \u00e0 B1), [&#8230;]\n","protected":false},"author":1,"featured_media":0,"template":"","meta":{"_price":"","_stock":"","_tribe_ticket_header":"","_tribe_default_ticket_provider":"","_tribe_ticket_capacity":"0","_ticket_start_date":"","_ticket_end_date":"","_tribe_ticket_show_description":"","_tribe_ticket_show_not_going":false,"_tribe_ticket_use_global_stock":"","_tribe_ticket_global_stock_level":"","_global_stock_mode":"","_global_stock_cap":"","_tribe_rsvp_for_event":"","_tribe_ticket_going_count":"","_tribe_ticket_not_going_count":"","_tribe_tickets_list":"[]","_tribe_ticket_has_attendee_info_fields":false,"_tribe_events_status":"","_tribe_events_status_reason":"","_tribe_events_is_hybrid":"","_tribe_events_is_virtual":"","_tribe_events_virtual_video_source":"","_tribe_events_virtual_embed_video":"","_tribe_events_virtual_linked_button_text":"","_tribe_events_virtual_linked_button":"","_tribe_events_virtual_show_embed_at":"","_tribe_events_virtual_show_embed_to":[],"_tribe_events_virtual_show_on_event":"","_tribe_events_virtual_show_on_views":"","_tribe_events_virtual_url":"","footnotes":"","_tec_slr_enabled":"","_tec_slr_layout":""},"tags":[],"tribe_events_cat":[10,20],"class_list":["post-16740","tribe_events","type-tribe_events","status-publish","hentry","tribe_events_cat-education","tribe_events_cat-presentiel-citoyennete","cat_education","cat_presentiel-citoyennete"],"ticketed":false,"_links":{"self":[{"href":"https:\/\/15francoallemandeoccitanie.fr\/de\/wp-json\/wp\/v2\/tribe_events\/16740","targetHints":{"allow":["GET"]}}],"collection":[{"href":"https:\/\/15francoallemandeoccitanie.fr\/de\/wp-json\/wp\/v2\/tribe_events"}],"about":[{"href":"https:\/\/15francoallemandeoccitanie.fr\/de\/wp-json\/wp\/v2\/types\/tribe_events"}],"author":[{"embeddable":true,"href":"https:\/\/15francoallemandeoccitanie.fr\/de\/wp-json\/wp\/v2\/users\/1"}],"version-history":[{"count":3,"href":"https:\/\/15francoallemandeoccitanie.fr\/de\/wp-json\/wp\/v2\/tribe_events\/16740\/revisions"}],"predecessor-version":[{"id":16762,"href":"https:\/\/15francoallemandeoccitanie.fr\/de\/wp-json\/wp\/v2\/tribe_events\/16740\/revisions\/16762"}],"wp:attachment":[{"href":"https:\/\/15francoallemandeoccitanie.fr\/de\/wp-json\/wp\/v2\/media?parent=16740"}],"wp:term":[{"taxonomy":"post_tag","embeddable":true,"href":"https:\/\/15francoallemandeoccitanie.fr\/de\/wp-json\/wp\/v2\/tags?post=16740"},{"taxonomy":"tribe_events_cat","embeddable":true,"href":"https:\/\/15francoallemandeoccitanie.fr\/de\/wp-json\/wp\/v2\/tribe_events_cat?post=16740"}],"curies":[{"name":"wp","href":"https:\/\/api.w.org\/{rel}","templated":true}]}}

Théâtre linguistique en milieu scolaire &#8211; Intervention théâtrale en allemand

<p>3 jeunes comédiens natifs germanophones jouent tout d&#8217;abord un spectacle d&#8217;1H tout en allemand, composé de 3 sketchs interactifs élaborés en accord avec la grille CECR (niveaux A1 à B1), devant tous les élèves germanistes.<br />
Ils se répartissent ensuite l&#8217;effectif en 3 groupes, pour réaliser simultanément chacun 1H d&#8217;ateliers ludiques également tout en allemand, qui reprennent notamment le vocabulaire abordé pendant le spectacle. Les ateliers se concluent par un temps d&#8217;échange libre et informel, toujours en allemand, de type &#8222;questions &#038; réponses&#8220; </p>
<p>9h00-12h00 : Collège Jean Racine<br />
14h00-17h00 : Collège Alphonse Daudet</p>

<p>3 jeunes comédiens natifs germanophones jouent tout d&#8217;abord un spectacle d&#8217;1H tout en allemand, composé de 3 sketchs interactifs élaborés en accord avec la grille CECR (niveaux A1 à B1), [&#8230;]
