{"id":16951,"date":"2025-03-05T13:45:24","date_gmt":"2025-03-05T12:45:24","guid":{"rendered":"https:\/\/15francoallemandeoccitanie.fr\/?post_type=tribe_events&#038;p=16951"},"modified":"2025-03-13T14:27:12","modified_gmt":"2025-03-13T13:27:12","slug":"cercle-de-lecture-en-allemand-blutbuch-kim-de-lhorizon-prix-du-livre-allemand-2022","status":"publish","type":"tribe_events","link":"https:\/\/15francoallemandeoccitanie.fr\/de\/evenement\/cercle-de-lecture-en-allemand-blutbuch-kim-de-lhorizon-prix-du-livre-allemand-2022\/","title":{"rendered":"Cercle de lecture en allemand &#8222;Blutbuch&#8220; (Kim de l&#8217;Horizon)  Prix du Livre allemand 2022"},"content":{"rendered":"<p>Lorsque sa grand-m\u00e8re commence \u00e0 perdre la m\u00e9moire, Kim tente de combler les silences en invoquant ses souvenirs d&#8217;enfance, dans une rem\u00e9moration d&#8217;une infinie et terrible tendresse.<br \/>\nS&#8217;ouvre alors une tourbillonnante qu\u00eate familiale sur les figures f\u00e9minines qui constituent sa lign\u00e9e maternelle : un arbre g\u00e9n\u00e9alogique de sorci\u00e8res entretenant un puissant lien avec la nature, de femmes subversives en recherche permanente de libert\u00e9, parmi lesquelles Kim se cr\u00e9e une place.<br \/>\nProdigieux roman de formation du XXIe si\u00e8cle, r\u00e9cit de lib\u00e9ration &#8211; des traumatismes familiaux, de l&#8217;identit\u00e9 de genre et de classe -, H\u00eatre pourpre invente sa propre langue magique pour dire l&#8217;indicible. Bruissant de corps et de formes diverses, ce premier roman, laur\u00e9at des Prix du livre allemand et suisse en 2022, est un feu de joie qui embrase tout sur son passage.<\/p>\n","protected":false},"excerpt":{"rendered":"<p>Lorsque sa grand-m\u00e8re commence \u00e0 perdre la m\u00e9moire, Kim tente de combler les silences en invoquant ses souvenirs d&#8217;enfance, dans une rem\u00e9moration d&#8217;une infinie et terrible tendresse. S&#8217;ouvre alors une [&#8230;]\n","protected":false},"author":1,"featured_media":16952,"template":"","meta":{"_price":"","_stock":"","_tribe_ticket_header":"","_tribe_default_ticket_provider":"","_tribe_ticket_capacity":"0","_ticket_start_date":"","_ticket_end_date":"","_tribe_ticket_show_description":"","_tribe_ticket_show_not_going":false,"_tribe_ticket_use_global_stock":"","_tribe_ticket_global_stock_level":"","_global_stock_mode":"","_global_stock_cap":"","_tribe_rsvp_for_event":"","_tribe_ticket_going_count":"","_tribe_ticket_not_going_count":"","_tribe_tickets_list":"[]","_tribe_ticket_has_attendee_info_fields":false,"_tribe_events_status":"","_tribe_events_status_reason":"","_tribe_events_is_hybrid":"","_tribe_events_is_virtual":"","_tribe_events_virtual_video_source":"","_tribe_events_virtual_embed_video":"","_tribe_events_virtual_linked_button_text":"","_tribe_events_virtual_linked_button":"","_tribe_events_virtual_show_embed_at":"","_tribe_events_virtual_show_embed_to":[],"_tribe_events_virtual_show_on_event":"","_tribe_events_virtual_show_on_views":"","_tribe_events_virtual_url":"","footnotes":"","_tec_slr_enabled":"","_tec_slr_layout":""},"tags":[],"tribe_events_cat":[16,17],"class_list":["post-16951","tribe_events","type-tribe_events","status-publish","has-post-thumbnail","hentry","tribe_events_cat-culture","tribe_events_cat-presentiel-culture","cat_culture","cat_presentiel-culture"],"ticketed":false,"_links":{"self":[{"href":"https:\/\/15francoallemandeoccitanie.fr\/de\/wp-json\/wp\/v2\/tribe_events\/16951","targetHints":{"allow":["GET"]}}],"collection":[{"href":"https:\/\/15francoallemandeoccitanie.fr\/de\/wp-json\/wp\/v2\/tribe_events"}],"about":[{"href":"https:\/\/15francoallemandeoccitanie.fr\/de\/wp-json\/wp\/v2\/types\/tribe_events"}],"author":[{"embeddable":true,"href":"https:\/\/15francoallemandeoccitanie.fr\/de\/wp-json\/wp\/v2\/users\/1"}],"version-history":[{"count":5,"href":"https:\/\/15francoallemandeoccitanie.fr\/de\/wp-json\/wp\/v2\/tribe_events\/16951\/revisions"}],"predecessor-version":[{"id":17572,"href":"https:\/\/15francoallemandeoccitanie.fr\/de\/wp-json\/wp\/v2\/tribe_events\/16951\/revisions\/17572"}],"wp:featuredmedia":[{"embeddable":true,"href":"https:\/\/15francoallemandeoccitanie.fr\/de\/wp-json\/wp\/v2\/media\/16952"}],"wp:attachment":[{"href":"https:\/\/15francoallemandeoccitanie.fr\/de\/wp-json\/wp\/v2\/media?parent=16951"}],"wp:term":[{"taxonomy":"post_tag","embeddable":true,"href":"https:\/\/15francoallemandeoccitanie.fr\/de\/wp-json\/wp\/v2\/tags?post=16951"},{"taxonomy":"tribe_events_cat","embeddable":true,"href":"https:\/\/15francoallemandeoccitanie.fr\/de\/wp-json\/wp\/v2\/tribe_events_cat?post=16951"}],"curies":[{"name":"wp","href":"https:\/\/api.w.org\/{rel}","templated":true}]}}

<p>Lorsque sa grand-mère commence à perdre la mémoire, Kim tente de combler les silences en invoquant ses souvenirs d&#8217;enfance, dans une remémoration d&#8217;une infinie et terrible tendresse.<br />
S&#8217;ouvre alors une tourbillonnante quête familiale sur les figures féminines qui constituent sa lignée maternelle : un arbre généalogique de sorcières entretenant un puissant lien avec la nature, de femmes subversives en recherche permanente de liberté, parmi lesquelles Kim se crée une place.<br />
Prodigieux roman de formation du XXIe siècle, récit de libération &#8211; des traumatismes familiaux, de l&#8217;identité de genre et de classe -, Hêtre pourpre invente sa propre langue magique pour dire l&#8217;indicible. Bruissant de corps et de formes diverses, ce premier roman, lauréat des Prix du livre allemand et suisse en 2022, est un feu de joie qui embrase tout sur son passage.</p>

<p>Lorsque sa grand-mère commence à perdre la mémoire, Kim tente de combler les silences en invoquant ses souvenirs d&#8217;enfance, dans une remémoration d&#8217;une infinie et terrible tendresse. S&#8217;ouvre alors une [&#8230;]
