{"id":17024,"date":"2025-03-05T18:48:52","date_gmt":"2025-03-05T17:48:52","guid":{"rendered":"https:\/\/15francoallemandeoccitanie.fr\/?post_type=tribe_events&#038;p=17024"},"modified":"2025-03-10T16:02:21","modified_gmt":"2025-03-10T15:02:21","slug":"world-hip-hop-franco-allemand","status":"publish","type":"tribe_events","link":"https:\/\/15francoallemandeoccitanie.fr\/de\/evenement\/world-hip-hop-franco-allemand\/","title":{"rendered":"World Hip Hop franco-allemand"},"content":{"rendered":"<p><img loading=\"lazy\" decoding=\"async\" class=\"alignnone wp-image-16999\" src=\"https:\/\/15francoallemandeoccitanie.fr\/wp-content\/uploads\/2025\/03\/2025_04_08_Zweierpasch_Jam\u00a9S.Ritter-Panoramique_Pix.jpeg\" alt=\"\" width=\"220\" height=\"162\" srcset=\"https:\/\/15francoallemandeoccitanie.fr\/wp-content\/uploads\/2025\/03\/2025_04_08_Zweierpasch_Jam\u00a9S.Ritter-Panoramique_Pix.jpeg 1024w, https:\/\/15francoallemandeoccitanie.fr\/wp-content\/uploads\/2025\/03\/2025_04_08_Zweierpasch_Jam\u00a9S.Ritter-Panoramique_Pix-300x221.jpeg 300w, https:\/\/15francoallemandeoccitanie.fr\/wp-content\/uploads\/2025\/03\/2025_04_08_Zweierpasch_Jam\u00a9S.Ritter-Panoramique_Pix-768x565.jpeg 768w\" sizes=\"auto, (max-width: 220px) 100vw, 220px\" \/><\/p>\n<p>Po\u00e9tique, politique, polyphonique : Zweierpasch traversent les fronti\u00e8res \u2013 linguistiquement et g\u00e9ographiquement. Avec leur hip hop mondial rebelle, la formation prim\u00e9e autour des jumeaux Felix et Till fa\u00e7onne la sc\u00e8ne \u00e0 sa mani\u00e8re. Les passeurs de fronti\u00e8res lyriques l\u2019ont prouv\u00e9 lors de tourn\u00e9es en Afrique, en Asie et en Europe. Depuis 2018, ils sont laur\u00e9ats du prestigieux prix De-Gaulle-Adenauer. Ils sont accompagn\u00e9s par des musiciens qui transforment les spectacles de Zweierpasch en spectacles virtuoses : Le rap franco-allemand rencontre la soul, les rythmes reggae rencontrent les cuivres funky\u2026 La musique de Zweierpasch est synonyme de cosmopolitisme et de r\u00e9sistance \u00e9loquente.<br \/>\nVous pouvez d\u00e8s \u00e0 pr\u00e9sent nous faire part de votre demande de r\u00e9servation \u00e0 venir avec vos \u00e9l\u00e8ves germanistes, par e-mail.<br \/>\nMerci de bien vouloir pr\u00e9ciser le nombre d\u2019\u00e9l\u00e8ves\/d\u2019accompagnateurs et leur niveau (jauge limit\u00e9).<br \/>\nLe concert s\u2019adresse \u00e0 un public entre 12 et 25 ans.<br \/>\nL\u2019organisation et le financement du d\u00e9placement des \u00e9l\u00e8ves est \u00e0 la charge des \u00e9tablissements scolaires.<br \/>\nLe concert n\u2019est pas r\u00e9serv\u00e9 aux germanistes de l\u2019acad\u00e9mie de Montpellier.<br \/>\nLe JAM Montpellier est facilement accessible par tramway (arr\u00eat Saint Martin\/ligne 4 Garcia Lorca)<\/p>\n","protected":false},"excerpt":{"rendered":"<p>Po\u00e9tique, politique, polyphonique : Zweierpasch traversent les fronti\u00e8res \u2013 linguistiquement et g\u00e9ographiquement. Avec leur hip hop mondial rebelle, la formation prim\u00e9e autour des jumeaux Felix et Till fa\u00e7onne la sc\u00e8ne [&#8230;]\n","protected":false},"author":1,"featured_media":16999,"template":"","meta":{"_price":"","_stock":"","_tribe_ticket_header":"","_tribe_default_ticket_provider":"","_tribe_ticket_capacity":"0","_ticket_start_date":"","_ticket_end_date":"","_tribe_ticket_show_description":"","_tribe_ticket_show_not_going":false,"_tribe_ticket_use_global_stock":"","_tribe_ticket_global_stock_level":"","_global_stock_mode":"","_global_stock_cap":"","_tribe_rsvp_for_event":"","_tribe_ticket_going_count":"","_tribe_ticket_not_going_count":"","_tribe_tickets_list":"[]","_tribe_ticket_has_attendee_info_fields":false,"_tribe_events_status":"","_tribe_events_status_reason":"","_tribe_events_is_hybrid":"","_tribe_events_is_virtual":"","_tribe_events_virtual_video_source":"","_tribe_events_virtual_embed_video":"","_tribe_events_virtual_linked_button_text":"","_tribe_events_virtual_linked_button":"","_tribe_events_virtual_show_embed_at":"","_tribe_events_virtual_show_embed_to":[],"_tribe_events_virtual_show_on_event":"","_tribe_events_virtual_show_on_views":"","_tribe_events_virtual_url":"","footnotes":"","_tec_slr_enabled":"","_tec_slr_layout":""},"tags":[],"tribe_events_cat":[16,17],"class_list":["post-17024","tribe_events","type-tribe_events","status-publish","has-post-thumbnail","hentry","tribe_events_cat-culture","tribe_events_cat-presentiel-culture","cat_culture","cat_presentiel-culture"],"ticketed":false,"_links":{"self":[{"href":"https:\/\/15francoallemandeoccitanie.fr\/de\/wp-json\/wp\/v2\/tribe_events\/17024","targetHints":{"allow":["GET"]}}],"collection":[{"href":"https:\/\/15francoallemandeoccitanie.fr\/de\/wp-json\/wp\/v2\/tribe_events"}],"about":[{"href":"https:\/\/15francoallemandeoccitanie.fr\/de\/wp-json\/wp\/v2\/types\/tribe_events"}],"author":[{"embeddable":true,"href":"https:\/\/15francoallemandeoccitanie.fr\/de\/wp-json\/wp\/v2\/users\/1"}],"version-history":[{"count":2,"href":"https:\/\/15francoallemandeoccitanie.fr\/de\/wp-json\/wp\/v2\/tribe_events\/17024\/revisions"}],"predecessor-version":[{"id":17063,"href":"https:\/\/15francoallemandeoccitanie.fr\/de\/wp-json\/wp\/v2\/tribe_events\/17024\/revisions\/17063"}],"wp:featuredmedia":[{"embeddable":true,"href":"https:\/\/15francoallemandeoccitanie.fr\/de\/wp-json\/wp\/v2\/media\/16999"}],"wp:attachment":[{"href":"https:\/\/15francoallemandeoccitanie.fr\/de\/wp-json\/wp\/v2\/media?parent=17024"}],"wp:term":[{"taxonomy":"post_tag","embeddable":true,"href":"https:\/\/15francoallemandeoccitanie.fr\/de\/wp-json\/wp\/v2\/tags?post=17024"},{"taxonomy":"tribe_events_cat","embeddable":true,"href":"https:\/\/15francoallemandeoccitanie.fr\/de\/wp-json\/wp\/v2\/tribe_events_cat?post=17024"}],"curies":[{"name":"wp","href":"https:\/\/api.w.org\/{rel}","templated":true}]}}

<p><img loading="lazy" decoding="async" class="alignnone wp-image-16999" src="https://15francoallemandeoccitanie.fr/wp-content/uploads/2025/03/2025_04_08_Zweierpasch_Jam©S.Ritter-Panoramique_Pix.jpeg" alt="" width="220" height="162" srcset="https://15francoallemandeoccitanie.fr/wp-content/uploads/2025/03/2025_04_08_Zweierpasch_Jam©S.Ritter-Panoramique_Pix.jpeg 1024w, https://15francoallemandeoccitanie.fr/wp-content/uploads/2025/03/2025_04_08_Zweierpasch_Jam©S.Ritter-Panoramique_Pix-300x221.jpeg 300w, https://15francoallemandeoccitanie.fr/wp-content/uploads/2025/03/2025_04_08_Zweierpasch_Jam©S.Ritter-Panoramique_Pix-768x565.jpeg 768w" sizes="auto, (max-width: 220px) 100vw, 220px" /></p>
<p>Poétique, politique, polyphonique : Zweierpasch traversent les frontières – linguistiquement et géographiquement. Avec leur hip hop mondial rebelle, la formation primée autour des jumeaux Felix et Till façonne la scène à sa manière. Les passeurs de frontières lyriques l’ont prouvé lors de tournées en Afrique, en Asie et en Europe. Depuis 2018, ils sont lauréats du prestigieux prix De-Gaulle-Adenauer. Ils sont accompagnés par des musiciens qui transforment les spectacles de Zweierpasch en spectacles virtuoses : Le rap franco-allemand rencontre la soul, les rythmes reggae rencontrent les cuivres funky… La musique de Zweierpasch est synonyme de cosmopolitisme et de résistance éloquente.<br />
Vous pouvez dès à présent nous faire part de votre demande de réservation à venir avec vos élèves germanistes, par e-mail.<br />
Merci de bien vouloir préciser le nombre d’élèves/d’accompagnateurs et leur niveau (jauge limité).<br />
Le concert s’adresse à un public entre 12 et 25 ans.<br />
L’organisation et le financement du déplacement des élèves est à la charge des établissements scolaires.<br />
Le concert n’est pas réservé aux germanistes de l’académie de Montpellier.<br />
Le JAM Montpellier est facilement accessible par tramway (arrêt Saint Martin/ligne 4 Garcia Lorca)</p>

<p>Poétique, politique, polyphonique : Zweierpasch traversent les frontières – linguistiquement et géographiquement. Avec leur hip hop mondial rebelle, la formation primée autour des jumeaux Felix et Till façonne la scène [&#8230;]
