{"id":17433,"date":"2025-03-09T02:35:22","date_gmt":"2025-03-09T01:35:22","guid":{"rendered":"https:\/\/15francoallemandeoccitanie.fr\/?post_type=tribe_events&#038;p=17433"},"modified":"2025-03-14T13:12:02","modified_gmt":"2025-03-14T12:12:02","slug":"cine-mardi-projection-du-film-berlin-boys-de-david-wnendt-2023-vostf","status":"publish","type":"tribe_events","link":"https:\/\/15francoallemandeoccitanie.fr\/de\/evenement\/cine-mardi-projection-du-film-berlin-boys-de-david-wnendt-2023-vostf\/","title":{"rendered":"Cin\u00e9-mardi : projection du film &#8222;Berlin Boys&#8220; de David Wnendt (2023 VOSTF)"},"content":{"rendered":"<p>Berlin Boys (Sonne und Beton) est un drame criminel allemand \u00e9crit et r\u00e9alis\u00e9 par David Wnendt, sorti en 2023 et projet\u00e9 en premi\u00e8re mondiale lors de la Berlinale 2023. Lukas, Julius, Gino et Sanchez, quatre amis, essaient de survivre dans le quartier de Neuk\u00f6lln \u00e0 Berlin, au milieu des drogues, des gangs, du rap, de la violence et de l&#8217;ennui. Un jour, ils prennent une d\u00e9cision qui va bouleverser leur vie.<br \/>\nPropos\u00e9 en coop\u00e9ration avec le DAAD dans le cycle Cin\u00e9mardi coup de c\u0153ur.<br \/>\nCr\u00e9dit photo: \u00a9 Constantin Film Verleih<\/p>\n","protected":false},"excerpt":{"rendered":"<p>Berlin Boys (Sonne und Beton) est un drame criminel allemand \u00e9crit et r\u00e9alis\u00e9 par David Wnendt, sorti en 2023 et projet\u00e9 en premi\u00e8re mondiale lors de la Berlinale 2023. Lukas, [&#8230;]\n","protected":false},"author":1,"featured_media":17606,"template":"","meta":{"_price":"","_stock":"","_tribe_ticket_header":"","_tribe_default_ticket_provider":"","_tribe_ticket_capacity":"0","_ticket_start_date":"","_ticket_end_date":"","_tribe_ticket_show_description":"","_tribe_ticket_show_not_going":false,"_tribe_ticket_use_global_stock":"","_tribe_ticket_global_stock_level":"","_global_stock_mode":"","_global_stock_cap":"","_tribe_rsvp_for_event":"","_tribe_ticket_going_count":"","_tribe_ticket_not_going_count":"","_tribe_tickets_list":"[]","_tribe_ticket_has_attendee_info_fields":false,"_tribe_events_status":"","_tribe_events_status_reason":"","_tribe_events_is_hybrid":"","_tribe_events_is_virtual":"","_tribe_events_virtual_video_source":"","_tribe_events_virtual_embed_video":"","_tribe_events_virtual_linked_button_text":"","_tribe_events_virtual_linked_button":"","_tribe_events_virtual_show_embed_at":"","_tribe_events_virtual_show_embed_to":[],"_tribe_events_virtual_show_on_event":"","_tribe_events_virtual_show_on_views":"","_tribe_events_virtual_url":"","footnotes":"","_tec_slr_enabled":"","_tec_slr_layout":""},"tags":[],"tribe_events_cat":[16,17],"class_list":["post-17433","tribe_events","type-tribe_events","status-publish","has-post-thumbnail","hentry","tribe_events_cat-culture","tribe_events_cat-presentiel-culture","cat_culture","cat_presentiel-culture"],"ticketed":false,"_links":{"self":[{"href":"https:\/\/15francoallemandeoccitanie.fr\/de\/wp-json\/wp\/v2\/tribe_events\/17433","targetHints":{"allow":["GET"]}}],"collection":[{"href":"https:\/\/15francoallemandeoccitanie.fr\/de\/wp-json\/wp\/v2\/tribe_events"}],"about":[{"href":"https:\/\/15francoallemandeoccitanie.fr\/de\/wp-json\/wp\/v2\/types\/tribe_events"}],"author":[{"embeddable":true,"href":"https:\/\/15francoallemandeoccitanie.fr\/de\/wp-json\/wp\/v2\/users\/1"}],"version-history":[{"count":3,"href":"https:\/\/15francoallemandeoccitanie.fr\/de\/wp-json\/wp\/v2\/tribe_events\/17433\/revisions"}],"predecessor-version":[{"id":17609,"href":"https:\/\/15francoallemandeoccitanie.fr\/de\/wp-json\/wp\/v2\/tribe_events\/17433\/revisions\/17609"}],"wp:featuredmedia":[{"embeddable":true,"href":"https:\/\/15francoallemandeoccitanie.fr\/de\/wp-json\/wp\/v2\/media\/17606"}],"wp:attachment":[{"href":"https:\/\/15francoallemandeoccitanie.fr\/de\/wp-json\/wp\/v2\/media?parent=17433"}],"wp:term":[{"taxonomy":"post_tag","embeddable":true,"href":"https:\/\/15francoallemandeoccitanie.fr\/de\/wp-json\/wp\/v2\/tags?post=17433"},{"taxonomy":"tribe_events_cat","embeddable":true,"href":"https:\/\/15francoallemandeoccitanie.fr\/de\/wp-json\/wp\/v2\/tribe_events_cat?post=17433"}],"curies":[{"name":"wp","href":"https:\/\/api.w.org\/{rel}","templated":true}]}}

Ciné-mardi : projection du film &#8222;Berlin Boys&#8220; de David Wnendt (2023 VOSTF)

<p>Berlin Boys (Sonne und Beton) est un drame criminel allemand écrit et réalisé par David Wnendt, sorti en 2023 et projeté en première mondiale lors de la Berlinale 2023. Lukas, Julius, Gino et Sanchez, quatre amis, essaient de survivre dans le quartier de Neukölln à Berlin, au milieu des drogues, des gangs, du rap, de la violence et de l&#8217;ennui. Un jour, ils prennent une décision qui va bouleverser leur vie.<br />
Proposé en coopération avec le DAAD dans le cycle Cinémardi coup de cœur.<br />
Crédit photo: © Constantin Film Verleih</p>

<p>Berlin Boys (Sonne und Beton) est un drame criminel allemand écrit et réalisé par David Wnendt, sorti en 2023 et projeté en première mondiale lors de la Berlinale 2023. Lukas, [&#8230;]
