{"id":17650,"date":"2025-03-17T12:45:07","date_gmt":"2025-03-17T11:45:07","guid":{"rendered":"https:\/\/15francoallemandeoccitanie.fr\/?post_type=tribe_events&#038;p=17650"},"modified":"2025-03-18T15:32:46","modified_gmt":"2025-03-18T14:32:46","slug":"optimisation-de-la-prise-en-charge-peri-operatoire-des-patients-atteints-de-maladies-complexes-en-chirurgie-lexemple-du-cancer-peritoneal","status":"publish","type":"tribe_events","link":"https:\/\/15francoallemandeoccitanie.fr\/de\/evenement\/optimisation-de-la-prise-en-charge-peri-operatoire-des-patients-atteints-de-maladies-complexes-en-chirurgie-lexemple-du-cancer-peritoneal\/","title":{"rendered":"Optimisation de la prise en charge p\u00e9ri-op\u00e9ratoire des patients atteints de maladies complexes en chirurgie : l\u2019exemple du cancer p\u00e9riton\u00e9al"},"content":{"rendered":"<p>L\u2019\u00e9v\u00e9nement qui aura lieu du 27 au 29 mars sur le campus de l\u2019Institut du Cancer de Montpellier accueillera des membres des D\u00e9l\u00e9gations Allemande et Suisse : Beate RAU, Safak G\u00dcL-KLEIN et Martin H\u00dcBNER, chirurgiens oncologues et Aur\u00e9lie CIAI, patiente partenaire.<\/p>\n<p style=\"text-align: center;\">\n    <a style=\"display: inline-flex; align-items: center; justify-content: center; padding: 10px 25px; font-size: 14px; font-weight: bold; text-decoration: none; color: #000; border: 2px solid #000; text-align: center; transition: 0.3s ease-in-out;\" \n       href=\"https:\/\/ecoleducancer.upility.com\/products\/209\/quinzaine-franco-allemande\" \n       target=\"_blank\" \n       rel=\"noopener\"><br \/>\n        PROGRAMME ET INSCRIPTION<br \/>\n    <\/a><\/p>\n","protected":false},"excerpt":{"rendered":"<p>L\u2019\u00e9v\u00e9nement qui aura lieu du 27 au 29 mars sur le campus de l\u2019Institut du Cancer de Montpellier accueillera des membres des D\u00e9l\u00e9gations Allemande et Suisse : Beate RAU, Safak [&#8230;]\n","protected":false},"author":1,"featured_media":17651,"template":"","meta":{"_price":"","_stock":"","_tribe_ticket_header":"","_tribe_default_ticket_provider":"","_tribe_ticket_capacity":"0","_ticket_start_date":"","_ticket_end_date":"","_tribe_ticket_show_description":"","_tribe_ticket_show_not_going":false,"_tribe_ticket_use_global_stock":"","_tribe_ticket_global_stock_level":"","_global_stock_mode":"","_global_stock_cap":"","_tribe_rsvp_for_event":"","_tribe_ticket_going_count":"","_tribe_ticket_not_going_count":"","_tribe_tickets_list":"[]","_tribe_ticket_has_attendee_info_fields":false,"_tribe_events_status":"","_tribe_events_status_reason":"","_tribe_events_is_hybrid":"","_tribe_events_is_virtual":"","_tribe_events_virtual_video_source":"","_tribe_events_virtual_embed_video":"","_tribe_events_virtual_linked_button_text":"","_tribe_events_virtual_linked_button":"","_tribe_events_virtual_show_embed_at":"","_tribe_events_virtual_show_embed_to":[],"_tribe_events_virtual_show_on_event":"","_tribe_events_virtual_show_on_views":"","_tribe_events_virtual_url":"","footnotes":"","_tec_slr_enabled":"","_tec_slr_layout":""},"tags":[],"tribe_events_cat":[16,17,128],"class_list":["post-17650","tribe_events","type-tribe_events","status-publish","has-post-thumbnail","hentry","tribe_events_cat-culture","tribe_events_cat-presentiel-culture","tribe_events_cat-sante","cat_culture","cat_presentiel-culture","cat_sante"],"ticketed":false,"_links":{"self":[{"href":"https:\/\/15francoallemandeoccitanie.fr\/de\/wp-json\/wp\/v2\/tribe_events\/17650","targetHints":{"allow":["GET"]}}],"collection":[{"href":"https:\/\/15francoallemandeoccitanie.fr\/de\/wp-json\/wp\/v2\/tribe_events"}],"about":[{"href":"https:\/\/15francoallemandeoccitanie.fr\/de\/wp-json\/wp\/v2\/types\/tribe_events"}],"author":[{"embeddable":true,"href":"https:\/\/15francoallemandeoccitanie.fr\/de\/wp-json\/wp\/v2\/users\/1"}],"version-history":[{"count":3,"href":"https:\/\/15francoallemandeoccitanie.fr\/de\/wp-json\/wp\/v2\/tribe_events\/17650\/revisions"}],"predecessor-version":[{"id":17666,"href":"https:\/\/15francoallemandeoccitanie.fr\/de\/wp-json\/wp\/v2\/tribe_events\/17650\/revisions\/17666"}],"wp:featuredmedia":[{"embeddable":true,"href":"https:\/\/15francoallemandeoccitanie.fr\/de\/wp-json\/wp\/v2\/media\/17651"}],"wp:attachment":[{"href":"https:\/\/15francoallemandeoccitanie.fr\/de\/wp-json\/wp\/v2\/media?parent=17650"}],"wp:term":[{"taxonomy":"post_tag","embeddable":true,"href":"https:\/\/15francoallemandeoccitanie.fr\/de\/wp-json\/wp\/v2\/tags?post=17650"},{"taxonomy":"tribe_events_cat","embeddable":true,"href":"https:\/\/15francoallemandeoccitanie.fr\/de\/wp-json\/wp\/v2\/tribe_events_cat?post=17650"}],"curies":[{"name":"wp","href":"https:\/\/api.w.org\/{rel}","templated":true}]}}

Optimisation de la prise en charge péri-opératoire des patients atteints de maladies complexes en chirurgie : l’exemple du cancer péritonéal

<p>L’événement qui aura lieu du 27 au 29 mars sur le campus de l’Institut du Cancer de Montpellier accueillera des membres des Délégations Allemande et Suisse : Beate RAU, Safak GÜL-KLEIN et Martin HÜBNER, chirurgiens oncologues et Aurélie CIAI, patiente partenaire.</p>
<p style="text-align: center;">
    <a style="display: inline-flex; align-items: center; justify-content: center; padding: 10px 25px; font-size: 14px; font-weight: bold; text-decoration: none; color: #000; border: 2px solid #000; text-align: center; transition: 0.3s ease-in-out;" 
       href="https://ecoleducancer.upility.com/products/209/quinzaine-franco-allemande" 
       target="_blank" 
       rel="noopener"><br />
        PROGRAMME ET INSCRIPTION<br />
    </a></p>

<p>L’événement qui aura lieu du 27 au 29 mars sur le campus de l’Institut du Cancer de Montpellier accueillera des membres des Délégations Allemande et Suisse : Beate RAU, Safak [&#8230;]
