{"id":17675,"date":"2025-03-18T18:25:36","date_gmt":"2025-03-18T17:25:36","guid":{"rendered":"https:\/\/15francoallemandeoccitanie.fr\/?post_type=tribe_events&#038;p=17675"},"modified":"2025-03-24T17:40:17","modified_gmt":"2025-03-24T16:40:17","slug":"opportunites-de-mobilite-pour-les-jeunes-en-formation-professionnelle-avec-lofaj","status":"publish","type":"tribe_events","link":"https:\/\/15francoallemandeoccitanie.fr\/de\/evenement\/opportunites-de-mobilite-pour-les-jeunes-en-formation-professionnelle-avec-lofaj\/","title":{"rendered":"Opportunit\u00e9s de Mobilit\u00e9 pour les Jeunes en Formation Professionnelle avec l&#8217;OFAJ"},"content":{"rendered":"<p>L\u2019OFAJ accompagne les jeunes en formation professionnelle et les \u00e9tudiants \u00e0 travers divers programmes de mobilit\u00e9. <\/p>\n<p>Echanges de groupes entre \u00e9tablissements d\u2019enseignement professionnel, technologique et agricole ou centres de formation pour apprentis : format en r\u00e9ciprocit\u00e9, dur\u00e9e entre 4 et 21 jours, projet p\u00e9dagogique en lien avec la th\u00e9matique du m\u00e9tier\/domaine de formation<\/p>\n<p>&#8211;      Bourses pour stages pratiques obligatoires dans le cadre d\u2019une formation ou des \u00e9tudes sup\u00e9rieurs : \u00e0 condition que le stage soit effectu\u00e9 en Allemagne et reconnu par l\u2019\u00e9tablissement de formation<\/p>\n<p>&#8211;      PRAXES : cadre juridique pour des stages hors cursus<\/p>\n<p>&#8211;      Journ\u00e9e d\u00e9couverte : lien entre \u00e9tablissement scolaire et monde du travail<\/p>\n<p>&#8211;      Outils p\u00e9dagogiques d\u2019accompagnement : plateforme PARKUR pour les comp\u00e9tences linguistiques + AKI-App pour les comp\u00e9tences transversales acquises en mobilit\u00e9<\/p>\n<p>Centre de formation Purple Campus &#8211; CCI ,repr\u00e9sent\u00e9 par son directeur g\u00e9n\u00e9ral<\/p>\n<p style=\"text-align: center;\">\n    <a href=\"https:\/\/my.weezevent.com\/opportunites-de-mobilite-pour-les-jeunes-en-formation-professionnelle-avec-lof\" \n       target=\"_blank\" \n       style=\"display: inline-flex; align-items: center; justify-content: center; \n              padding: 10px 25px; font-size: 14px; font-weight: bold; \n              text-decoration: none; color: #000; border: 2px solid #000; \n              text-align: center; transition: 0.3s ease-in-out;\"><br \/>\n        S&#8217;INSCRIRE VIA WEEZEVENT<br \/>\n    <\/a><\/p>\n","protected":false},"excerpt":{"rendered":"<p>L\u2019OFAJ accompagne les jeunes en formation professionnelle et les \u00e9tudiants \u00e0 travers divers programmes de mobilit\u00e9. Echanges de groupes entre \u00e9tablissements d\u2019enseignement professionnel, technologique et agricole ou centres de formation [&#8230;]\n","protected":false},"author":1,"featured_media":0,"template":"","meta":{"_price":"","_stock":"","_tribe_ticket_header":"","_tribe_default_ticket_provider":"","_tribe_ticket_capacity":"0","_ticket_start_date":"","_ticket_end_date":"","_tribe_ticket_show_description":"","_tribe_ticket_show_not_going":false,"_tribe_ticket_use_global_stock":"","_tribe_ticket_global_stock_level":"","_global_stock_mode":"","_global_stock_cap":"","_tribe_rsvp_for_event":"","_tribe_ticket_going_count":"","_tribe_ticket_not_going_count":"","_tribe_tickets_list":"[]","_tribe_ticket_has_attendee_info_fields":false,"_tribe_events_status":"","_tribe_events_status_reason":"","_tribe_events_is_hybrid":"","_tribe_events_is_virtual":"","_tribe_events_virtual_video_source":"","_tribe_events_virtual_embed_video":"","_tribe_events_virtual_linked_button_text":"","_tribe_events_virtual_linked_button":"","_tribe_events_virtual_show_embed_at":"","_tribe_events_virtual_show_embed_to":[],"_tribe_events_virtual_show_on_event":"","_tribe_events_virtual_show_on_views":"","_tribe_events_virtual_url":"","footnotes":"","_tec_slr_enabled":"","_tec_slr_layout":""},"tags":[],"tribe_events_cat":[10,20],"class_list":["post-17675","tribe_events","type-tribe_events","status-publish","hentry","tribe_events_cat-education","tribe_events_cat-presentiel-citoyennete","cat_education","cat_presentiel-citoyennete"],"ticketed":false,"_links":{"self":[{"href":"https:\/\/15francoallemandeoccitanie.fr\/de\/wp-json\/wp\/v2\/tribe_events\/17675","targetHints":{"allow":["GET"]}}],"collection":[{"href":"https:\/\/15francoallemandeoccitanie.fr\/de\/wp-json\/wp\/v2\/tribe_events"}],"about":[{"href":"https:\/\/15francoallemandeoccitanie.fr\/de\/wp-json\/wp\/v2\/types\/tribe_events"}],"author":[{"embeddable":true,"href":"https:\/\/15francoallemandeoccitanie.fr\/de\/wp-json\/wp\/v2\/users\/1"}],"version-history":[{"count":3,"href":"https:\/\/15francoallemandeoccitanie.fr\/de\/wp-json\/wp\/v2\/tribe_events\/17675\/revisions"}],"predecessor-version":[{"id":17770,"href":"https:\/\/15francoallemandeoccitanie.fr\/de\/wp-json\/wp\/v2\/tribe_events\/17675\/revisions\/17770"}],"wp:attachment":[{"href":"https:\/\/15francoallemandeoccitanie.fr\/de\/wp-json\/wp\/v2\/media?parent=17675"}],"wp:term":[{"taxonomy":"post_tag","embeddable":true,"href":"https:\/\/15francoallemandeoccitanie.fr\/de\/wp-json\/wp\/v2\/tags?post=17675"},{"taxonomy":"tribe_events_cat","embeddable":true,"href":"https:\/\/15francoallemandeoccitanie.fr\/de\/wp-json\/wp\/v2\/tribe_events_cat?post=17675"}],"curies":[{"name":"wp","href":"https:\/\/api.w.org\/{rel}","templated":true}]}}

Opportunités de Mobilité pour les Jeunes en Formation Professionnelle avec l&#8217;OFAJ

<p>L’OFAJ accompagne les jeunes en formation professionnelle et les étudiants à travers divers programmes de mobilité. </p>
<p>Echanges de groupes entre établissements d’enseignement professionnel, technologique et agricole ou centres de formation pour apprentis : format en réciprocité, durée entre 4 et 21 jours, projet pédagogique en lien avec la thématique du métier/domaine de formation</p>
<p>&#8211;      Bourses pour stages pratiques obligatoires dans le cadre d’une formation ou des études supérieurs : à condition que le stage soit effectué en Allemagne et reconnu par l’établissement de formation</p>
<p>&#8211;      PRAXES : cadre juridique pour des stages hors cursus</p>
<p>&#8211;      Journée découverte : lien entre établissement scolaire et monde du travail</p>
<p>&#8211;      Outils pédagogiques d’accompagnement : plateforme PARKUR pour les compétences linguistiques + AKI-App pour les compétences transversales acquises en mobilité</p>
<p>Centre de formation Purple Campus &#8211; CCI ,représenté par son directeur général</p>
<p style="text-align: center;">
    <a href="https://my.weezevent.com/opportunites-de-mobilite-pour-les-jeunes-en-formation-professionnelle-avec-lof" 
       target="_blank" 
       style="display: inline-flex; align-items: center; justify-content: center; 
              padding: 10px 25px; font-size: 14px; font-weight: bold; 
              text-decoration: none; color: #000; border: 2px solid #000; 
              text-align: center; transition: 0.3s ease-in-out;"><br />
        S&#8217;INSCRIRE VIA WEEZEVENT<br />
    </a></p>

<p>L’OFAJ accompagne les jeunes en formation professionnelle et les étudiants à travers divers programmes de mobilité. Echanges de groupes entre établissements d’enseignement professionnel, technologique et agricole ou centres de formation [&#8230;]
