{"id":20080,"date":"2026-03-02T19:45:26","date_gmt":"2026-03-02T18:45:26","guid":{"rendered":"https:\/\/15francoallemandeoccitanie.fr\/evenement\/exposition-au-centre-de-connaissances-et-de-culture-2\/"},"modified":"2026-04-02T16:50:24","modified_gmt":"2026-04-02T14:50:24","slug":"exposition-au-centre-de-connaissances-et-de-culture-2","status":"publish","type":"tribe_events","link":"https:\/\/15francoallemandeoccitanie.fr\/de\/evenement\/exposition-au-centre-de-connaissances-et-de-culture-2\/","title":{"rendered":"Exposition au Centre de Connaissances et de Culture"},"content":{"rendered":"<p>Une exposition au CCC du lyc\u00e9e permettra de faire d\u00e9couvrir les productions des \u00e9l\u00e8ves<br \/>\ngermanistes du lyc\u00e9e : tout d\u2019abord les oeuvres de le classe des 1\u00e8re dans le cadre du<br \/>\nconcours autour du po\u00e8te Rilke (organis\u00e9 par le Goethe Institut Paris) o\u00f9 les \u00e9l\u00e8ves ont pu<br \/>\nd\u00e9crocher la troisi\u00e8me place. Cela permettra \u00e9galement de mettre en lumi\u00e8re certains \u00e9crits<br \/>\ndu po\u00e8te.<br \/>\nDes extraits des carnets de bords des \u00e9l\u00e8ves qui auront particip\u00e9 \u00e0 l\u2019\u00e9change donneront un<br \/>\naper\u00e7u sur la richesse de l\u2019\u00e9change scolaire Muret-Dresden. Leur projet sera retrac\u00e9 en<br \/>\nimages et en textes.<br \/>\nLes terminales seront repr\u00e9sent\u00e9s par la chanson qu\u2019ils ont r\u00e9alis\u00e9 gr\u00e2ce \u00e0 l\u2019intervenant<br \/>\nMonsieur Reuter, musicien allemand, dans le cadre du concours \u00ab Wir schreiben ein Lied \u00bb ,<br \/>\norganis\u00e9 par le Goethe Institut Toulouse.<\/p>\n","protected":false},"excerpt":{"rendered":"<p>Une exposition au CCC du lyc\u00e9e permettra de faire d\u00e9couvrir les productions des \u00e9l\u00e8ves germanistes du lyc\u00e9e : tout d\u2019abord les oeuvres de le classe des 1\u00e8re dans le cadre [&#8230;]\n","protected":false},"author":1,"featured_media":21261,"template":"","meta":{"_price":"","_stock":"","_tribe_ticket_header":"","_tribe_default_ticket_provider":"","_tribe_ticket_capacity":"0","_ticket_start_date":"","_ticket_end_date":"","_tribe_ticket_show_description":"","_tribe_ticket_show_not_going":false,"_tribe_ticket_use_global_stock":"","_tribe_ticket_global_stock_level":"","_global_stock_mode":"","_global_stock_cap":"","_tribe_rsvp_for_event":"","_tribe_ticket_going_count":"","_tribe_ticket_not_going_count":"","_tribe_tickets_list":"[]","_tribe_ticket_has_attendee_info_fields":false,"_tribe_events_status":"","_tribe_events_status_reason":"","_tribe_events_is_hybrid":"","_tribe_events_is_virtual":"","_tribe_events_virtual_video_source":"","_tribe_events_virtual_embed_video":"","_tribe_events_virtual_linked_button_text":"","_tribe_events_virtual_linked_button":"","_tribe_events_virtual_show_embed_at":"","_tribe_events_virtual_show_embed_to":[],"_tribe_events_virtual_show_on_event":"","_tribe_events_virtual_show_on_views":"","_tribe_events_virtual_url":"","footnotes":"","_tec_slr_enabled":"","_tec_slr_layout":""},"tags":[],"tribe_events_cat":[16,10,130,127,11,17],"class_list":["post-20080","tribe_events","type-tribe_events","status-publish","has-post-thumbnail","hentry","tribe_events_cat-culture","tribe_events_cat-education","tribe_events_cat-education-jeunesse","tribe_events_cat-jeunesse","tribe_events_cat-presentiel-education","tribe_events_cat-presentiel-culture","cat_culture","cat_education","cat_education-jeunesse","cat_jeunesse","cat_presentiel-education","cat_presentiel-culture"],"ticketed":false,"_links":{"self":[{"href":"https:\/\/15francoallemandeoccitanie.fr\/de\/wp-json\/wp\/v2\/tribe_events\/20080","targetHints":{"allow":["GET"]}}],"collection":[{"href":"https:\/\/15francoallemandeoccitanie.fr\/de\/wp-json\/wp\/v2\/tribe_events"}],"about":[{"href":"https:\/\/15francoallemandeoccitanie.fr\/de\/wp-json\/wp\/v2\/types\/tribe_events"}],"author":[{"embeddable":true,"href":"https:\/\/15francoallemandeoccitanie.fr\/de\/wp-json\/wp\/v2\/users\/1"}],"version-history":[{"count":1,"href":"https:\/\/15francoallemandeoccitanie.fr\/de\/wp-json\/wp\/v2\/tribe_events\/20080\/revisions"}],"predecessor-version":[{"id":21255,"href":"https:\/\/15francoallemandeoccitanie.fr\/de\/wp-json\/wp\/v2\/tribe_events\/20080\/revisions\/21255"}],"wp:featuredmedia":[{"embeddable":true,"href":"https:\/\/15francoallemandeoccitanie.fr\/de\/wp-json\/wp\/v2\/media\/21261"}],"wp:attachment":[{"href":"https:\/\/15francoallemandeoccitanie.fr\/de\/wp-json\/wp\/v2\/media?parent=20080"}],"wp:term":[{"taxonomy":"post_tag","embeddable":true,"href":"https:\/\/15francoallemandeoccitanie.fr\/de\/wp-json\/wp\/v2\/tags?post=20080"},{"taxonomy":"tribe_events_cat","embeddable":true,"href":"https:\/\/15francoallemandeoccitanie.fr\/de\/wp-json\/wp\/v2\/tribe_events_cat?post=20080"}],"curies":[{"name":"wp","href":"https:\/\/api.w.org\/{rel}","templated":true}]}}

<p>Une exposition au CCC du lycée permettra de faire découvrir les productions des élèves<br />
germanistes du lycée : tout d’abord les oeuvres de le classe des 1ère dans le cadre du<br />
concours autour du poète Rilke (organisé par le Goethe Institut Paris) où les élèves ont pu<br />
décrocher la troisième place. Cela permettra également de mettre en lumière certains écrits<br />
du poète.<br />
Des extraits des carnets de bords des élèves qui auront participé à l’échange donneront un<br />
aperçu sur la richesse de l’échange scolaire Muret-Dresden. Leur projet sera retracé en<br />
images et en textes.<br />
Les terminales seront représentés par la chanson qu’ils ont réalisé grâce à l’intervenant<br />
Monsieur Reuter, musicien allemand, dans le cadre du concours « Wir schreiben ein Lied » ,<br />
organisé par le Goethe Institut Toulouse.</p>

<p>Une exposition au CCC du lycée permettra de faire découvrir les productions des élèves germanistes du lycée : tout d’abord les oeuvres de le classe des 1ère dans le cadre [&#8230;]
