{"id":20084,"date":"2026-03-02T19:45:40","date_gmt":"2026-03-02T18:45:40","guid":{"rendered":"https:\/\/15francoallemandeoccitanie.fr\/evenement\/conference-de-benoit-decron-soulages-et-lallemagne-2\/"},"modified":"2026-04-02T16:11:12","modified_gmt":"2026-04-02T14:11:12","slug":"conference-de-benoit-decron-soulages-et-lallemagne-2","status":"publish","type":"tribe_events","link":"https:\/\/15francoallemandeoccitanie.fr\/de\/evenement\/conference-de-benoit-decron-soulages-et-lallemagne-2\/","title":{"rendered":"Conf\u00e9rence &#8222;Pierre Soulages et l&#8217;Allemagne&#8220;"},"content":{"rendered":"<p data-start=\"500\" data-end=\"709\" data-is-last-node=\"\" data-is-only-node=\"\">Conf\u00e9rence anim\u00e9e par Beno\u00eet Decron, Conservateur en chef du patrimoine, Directeur honoraire du mus\u00e9e Soulages de Rodez et Aur\u00e9lia Vayssade, Doctorante en histoire de l&#8217;art, suivie d&#8217;une s\u00e9ance de d\u00e9dicace.<\/p>\n<p data-start=\"500\" data-end=\"709\" data-is-last-node=\"\" data-is-only-node=\"\">Place limit\u00e9es &#8211; INSCRIPTION OBLIGATOIRE avant le 2 avril: <a href=\"https:\/\/my.weezevent.com\/qfao-conference-8avril2026-sete\">https:\/\/my.weezevent.com\/qfao-conference-8avril2026-sete<\/a><\/p>\n","protected":false},"excerpt":{"rendered":"<p>Conf\u00e9rence anim\u00e9e par Beno\u00eet Decron, Conservateur en chef du patrimoine, Directeur honoraire du mus\u00e9e Soulages de Rodez et Aur\u00e9lia Vayssade, Doctorante en histoire de l&#8217;art, suivie d&#8217;une s\u00e9ance de d\u00e9dicace. [&#8230;]\n","protected":false},"author":1,"featured_media":21251,"template":"","meta":{"_price":"","_stock":"","_tribe_ticket_header":"","_tribe_default_ticket_provider":"","_tribe_ticket_capacity":"0","_ticket_start_date":"","_ticket_end_date":"","_tribe_ticket_show_description":"","_tribe_ticket_show_not_going":false,"_tribe_ticket_use_global_stock":"","_tribe_ticket_global_stock_level":"","_global_stock_mode":"","_global_stock_cap":"","_tribe_rsvp_for_event":"","_tribe_ticket_going_count":"","_tribe_ticket_not_going_count":"","_tribe_tickets_list":"[]","_tribe_ticket_has_attendee_info_fields":false,"_tribe_events_status":"","_tribe_events_status_reason":"","_tribe_events_is_hybrid":"","_tribe_events_is_virtual":"","_tribe_events_virtual_video_source":"","_tribe_events_virtual_embed_video":"","_tribe_events_virtual_linked_button_text":"","_tribe_events_virtual_linked_button":"","_tribe_events_virtual_show_embed_at":"","_tribe_events_virtual_show_embed_to":[],"_tribe_events_virtual_show_on_event":"","_tribe_events_virtual_show_on_views":"","_tribe_events_virtual_url":"","footnotes":"","_tec_slr_enabled":"","_tec_slr_layout":""},"tags":[],"tribe_events_cat":[16,17],"class_list":["post-20084","tribe_events","type-tribe_events","status-publish","has-post-thumbnail","hentry","tribe_events_cat-culture","tribe_events_cat-presentiel-culture","cat_culture","cat_presentiel-culture"],"ticketed":false,"_links":{"self":[{"href":"https:\/\/15francoallemandeoccitanie.fr\/de\/wp-json\/wp\/v2\/tribe_events\/20084","targetHints":{"allow":["GET"]}}],"collection":[{"href":"https:\/\/15francoallemandeoccitanie.fr\/de\/wp-json\/wp\/v2\/tribe_events"}],"about":[{"href":"https:\/\/15francoallemandeoccitanie.fr\/de\/wp-json\/wp\/v2\/types\/tribe_events"}],"author":[{"embeddable":true,"href":"https:\/\/15francoallemandeoccitanie.fr\/de\/wp-json\/wp\/v2\/users\/1"}],"version-history":[{"count":7,"href":"https:\/\/15francoallemandeoccitanie.fr\/de\/wp-json\/wp\/v2\/tribe_events\/20084\/revisions"}],"predecessor-version":[{"id":21234,"href":"https:\/\/15francoallemandeoccitanie.fr\/de\/wp-json\/wp\/v2\/tribe_events\/20084\/revisions\/21234"}],"wp:featuredmedia":[{"embeddable":true,"href":"https:\/\/15francoallemandeoccitanie.fr\/de\/wp-json\/wp\/v2\/media\/21251"}],"wp:attachment":[{"href":"https:\/\/15francoallemandeoccitanie.fr\/de\/wp-json\/wp\/v2\/media?parent=20084"}],"wp:term":[{"taxonomy":"post_tag","embeddable":true,"href":"https:\/\/15francoallemandeoccitanie.fr\/de\/wp-json\/wp\/v2\/tags?post=20084"},{"taxonomy":"tribe_events_cat","embeddable":true,"href":"https:\/\/15francoallemandeoccitanie.fr\/de\/wp-json\/wp\/v2\/tribe_events_cat?post=20084"}],"curies":[{"name":"wp","href":"https:\/\/api.w.org\/{rel}","templated":true}]}}

Conférence &#8222;Pierre Soulages et l&#8217;Allemagne&#8220;

<p data-start="500" data-end="709" data-is-last-node="" data-is-only-node="">Conférence animée par Benoît Decron, Conservateur en chef du patrimoine, Directeur honoraire du musée Soulages de Rodez et Aurélia Vayssade, Doctorante en histoire de l&#8217;art, suivie d&#8217;une séance de dédicace.</p>
<p data-start="500" data-end="709" data-is-last-node="" data-is-only-node="">Place limitées &#8211; INSCRIPTION OBLIGATOIRE avant le 2 avril: <a href="https://my.weezevent.com/qfao-conference-8avril2026-sete">https://my.weezevent.com/qfao-conference-8avril2026-sete</a></p>

<p>Conférence animée par Benoît Decron, Conservateur en chef du patrimoine, Directeur honoraire du musée Soulages de Rodez et Aurélia Vayssade, Doctorante en histoire de l&#8217;art, suivie d&#8217;une séance de dédicace. [&#8230;]
