{"id":20089,"date":"2026-03-02T19:45:55","date_gmt":"2026-03-02T18:45:55","guid":{"rendered":"https:\/\/15francoallemandeoccitanie.fr\/evenement\/cercle-de-lecture-allemand-kochen-im-falschen-jahrhundert-de-teresa-praauer-2\/"},"modified":"2026-03-16T20:07:42","modified_gmt":"2026-03-16T19:07:42","slug":"cercle-de-lecture-allemand-kochen-im-falschen-jahrhundert-de-teresa-praauer-2","status":"publish","type":"tribe_events","link":"https:\/\/15francoallemandeoccitanie.fr\/de\/evenement\/cercle-de-lecture-allemand-kochen-im-falschen-jahrhundert-de-teresa-praauer-2\/","title":{"rendered":"Cercle de lecture allemand &#8222;Kochen im falschen Jahrhundert&#8220; de Teresa Pr\u00e4auer"},"content":{"rendered":"<p><em>Le cercle de lecture, anim\u00e9 par Janina Gill\u00e9, se r\u00e9unit pour \u00e9changer autour d\u2019un roman de la litt\u00e9rature germanophone contemporaine que chaque participant\u00b7e se procure et lit au pr\u00e9alable. Vous trouverez une Leseprobe\u00a0<a href=\"https:\/\/www.penguin.de\/content\/edition\/excerpts_extended\/Leseprobe_978-3-442-77456-2.pdf\" target=\"_blank\" rel=\"noopener noreferrer\">ici<\/a>. Pas de participation r\u00e9guli\u00e8re requise pour profiter de cette rencontre conviviale \u2013 soyez les bienvenu\u00b7es !<\/em><\/p>\n<p>Der Roman eines Abends und einer Einladung zum Essen. Voll mit Rezepten f\u00fcr ein gelungenes Leben und einen misslingenden Abend, der immer wieder neu ansetzt, schlau, witzig, heiter, gleichzeitig begleitet von den unterschwelligen oder ganz offen artikulierten Aggressionen der Beteiligten.<br \/>\nIn ihren Gespr\u00e4chen verhandeln sie die ganz gro\u00dfen und kleinen Themen, von den \u203aFoodporn\u2039-Bildern im Internet \u00fcber Kochen, Einkaufen und Wohnen als soziale Praktiken. Zunehmend wird der Abend komischer, tragischer, erotischer \u2013 dabei werden einzelne \u203aheutige\u2039 Begriffe diskutiert, w\u00e4hrend die Gastgeberin keine besonders talentierte Gastgeberin ist und sich immer wieder ins falsche Jahrhundert versetzt f\u00fchlt. Nebenbei wird in Anekdoten eine Geschichte der Waren, Speisen und des Kochens erz\u00e4hlt.<\/p>\n<p><strong>Langue: allemand<\/strong><\/p>\n","protected":false},"excerpt":{"rendered":"<p>Le cercle de lecture, anim\u00e9 par Janina Gill\u00e9, se r\u00e9unit pour \u00e9changer autour d\u2019un roman de la litt\u00e9rature germanophone contemporaine que chaque participant\u00b7e se procure et lit au pr\u00e9alable. Vous [&#8230;]\n","protected":false},"author":1,"featured_media":20614,"template":"","meta":{"_price":"","_stock":"","_tribe_ticket_header":"","_tribe_default_ticket_provider":"","_tribe_ticket_capacity":"0","_ticket_start_date":"","_ticket_end_date":"","_tribe_ticket_show_description":"","_tribe_ticket_show_not_going":false,"_tribe_ticket_use_global_stock":"","_tribe_ticket_global_stock_level":"","_global_stock_mode":"","_global_stock_cap":"","_tribe_rsvp_for_event":"","_tribe_ticket_going_count":"","_tribe_ticket_not_going_count":"","_tribe_tickets_list":"[]","_tribe_ticket_has_attendee_info_fields":false,"_tribe_events_status":"","_tribe_events_status_reason":"","_tribe_events_is_hybrid":"","_tribe_events_is_virtual":"","_tribe_events_virtual_video_source":"","_tribe_events_virtual_embed_video":"","_tribe_events_virtual_linked_button_text":"","_tribe_events_virtual_linked_button":"","_tribe_events_virtual_show_embed_at":"","_tribe_events_virtual_show_embed_to":[],"_tribe_events_virtual_show_on_event":"","_tribe_events_virtual_show_on_views":"","_tribe_events_virtual_url":"","footnotes":"","_tec_slr_enabled":"","_tec_slr_layout":""},"tags":[],"tribe_events_cat":[16,17],"class_list":["post-20089","tribe_events","type-tribe_events","status-publish","has-post-thumbnail","hentry","tribe_events_cat-culture","tribe_events_cat-presentiel-culture","cat_culture","cat_presentiel-culture"],"ticketed":false,"_links":{"self":[{"href":"https:\/\/15francoallemandeoccitanie.fr\/de\/wp-json\/wp\/v2\/tribe_events\/20089","targetHints":{"allow":["GET"]}}],"collection":[{"href":"https:\/\/15francoallemandeoccitanie.fr\/de\/wp-json\/wp\/v2\/tribe_events"}],"about":[{"href":"https:\/\/15francoallemandeoccitanie.fr\/de\/wp-json\/wp\/v2\/types\/tribe_events"}],"author":[{"embeddable":true,"href":"https:\/\/15francoallemandeoccitanie.fr\/de\/wp-json\/wp\/v2\/users\/1"}],"version-history":[{"count":2,"href":"https:\/\/15francoallemandeoccitanie.fr\/de\/wp-json\/wp\/v2\/tribe_events\/20089\/revisions"}],"predecessor-version":[{"id":20616,"href":"https:\/\/15francoallemandeoccitanie.fr\/de\/wp-json\/wp\/v2\/tribe_events\/20089\/revisions\/20616"}],"wp:featuredmedia":[{"embeddable":true,"href":"https:\/\/15francoallemandeoccitanie.fr\/de\/wp-json\/wp\/v2\/media\/20614"}],"wp:attachment":[{"href":"https:\/\/15francoallemandeoccitanie.fr\/de\/wp-json\/wp\/v2\/media?parent=20089"}],"wp:term":[{"taxonomy":"post_tag","embeddable":true,"href":"https:\/\/15francoallemandeoccitanie.fr\/de\/wp-json\/wp\/v2\/tags?post=20089"},{"taxonomy":"tribe_events_cat","embeddable":true,"href":"https:\/\/15francoallemandeoccitanie.fr\/de\/wp-json\/wp\/v2\/tribe_events_cat?post=20089"}],"curies":[{"name":"wp","href":"https:\/\/api.w.org\/{rel}","templated":true}]}}

Cercle de lecture allemand &#8222;Kochen im falschen Jahrhundert&#8220; de Teresa Präauer

<p><em>Le cercle de lecture, animé par Janina Gillé, se réunit pour échanger autour d’un roman de la littérature germanophone contemporaine que chaque participant·e se procure et lit au préalable. Vous trouverez une Leseprobe <a href="https://www.penguin.de/content/edition/excerpts_extended/Leseprobe_978-3-442-77456-2.pdf" target="_blank" rel="noopener noreferrer">ici</a>. Pas de participation régulière requise pour profiter de cette rencontre conviviale – soyez les bienvenu·es !</em></p>
<p>Der Roman eines Abends und einer Einladung zum Essen. Voll mit Rezepten für ein gelungenes Leben und einen misslingenden Abend, der immer wieder neu ansetzt, schlau, witzig, heiter, gleichzeitig begleitet von den unterschwelligen oder ganz offen artikulierten Aggressionen der Beteiligten.<br />
In ihren Gesprächen verhandeln sie die ganz großen und kleinen Themen, von den ›Foodporn‹-Bildern im Internet über Kochen, Einkaufen und Wohnen als soziale Praktiken. Zunehmend wird der Abend komischer, tragischer, erotischer – dabei werden einzelne ›heutige‹ Begriffe diskutiert, während die Gastgeberin keine besonders talentierte Gastgeberin ist und sich immer wieder ins falsche Jahrhundert versetzt fühlt. Nebenbei wird in Anekdoten eine Geschichte der Waren, Speisen und des Kochens erzählt.</p>
<p><strong>Langue: allemand</strong></p>

<p>Le cercle de lecture, animé par Janina Gillé, se réunit pour échanger autour d’un roman de la littérature germanophone contemporaine que chaque participant·e se procure et lit au préalable. Vous [&#8230;]
