{"id":20116,"date":"2026-03-02T19:47:11","date_gmt":"2026-03-02T18:47:11","guid":{"rendered":"https:\/\/15francoallemandeoccitanie.fr\/evenement\/temoignage-lallemand-ouvre-des-portes-professionnelles-2\/"},"modified":"2026-03-23T09:48:43","modified_gmt":"2026-03-23T08:48:43","slug":"temoignage-lallemand-ouvre-des-portes-professionnelles-2","status":"publish","type":"tribe_events","link":"https:\/\/15francoallemandeoccitanie.fr\/de\/evenement\/temoignage-lallemand-ouvre-des-portes-professionnelles-2\/","title":{"rendered":"T\u00e9moignage: L\u2019allemand ouvre des portes professionnelles"},"content":{"rendered":"<p>Alexis Crouzil, alumni de l&#8217;\u00e9cole d&#8217;ing\u00e9nieurs Icam Toulouse transmet son exp\u00e9rience \u00e0 la prochaine g\u00e9n\u00e9ration d&#8217;\u00e9tudiants de l&#8217;Icam Toulouse et leur parle de l&#8217;influence consid\u00e9rable que peuvent avoir les comp\u00e9tences en langues sur leur d\u00e9veloppement professionnel. Il partage, comment la ma\u00eetrise de l\u2019allemand lui a permis de r\u00e9aliser ses aspirations professionnelles dans une grande entreprise franco-allemande. Une ma\u00eetrise qu\u2019il a atteinte gr\u00e2ce \u00e0 4 ann\u00e9es en Allemagne \u2013 pour son m\u00e9moire en Bavi\u00e8re et puis pour un poste \u00e0 Th\u00fcringen. Il souhaite montrer que les comp\u00e9tences linguistiques ne sont pas seulement un enrichissement culturel et une ouverture sur le monde, mais qu&#8217;elles peuvent aussi d\u00e9terminer concr\u00e8tement le chemin professionnel.<\/p>\n","protected":false},"excerpt":{"rendered":"<p>Alexis Crouzil, alumni de l&#8217;\u00e9cole d&#8217;ing\u00e9nieurs Icam Toulouse transmet son exp\u00e9rience \u00e0 la prochaine g\u00e9n\u00e9ration d&#8217;\u00e9tudiants de l&#8217;Icam Toulouse et leur parle de l&#8217;influence consid\u00e9rable que peuvent avoir les comp\u00e9tences [&#8230;]\n","protected":false},"author":1,"featured_media":20870,"template":"","meta":{"_price":"","_stock":"","_tribe_ticket_header":"","_tribe_default_ticket_provider":"","_tribe_ticket_capacity":"0","_ticket_start_date":"","_ticket_end_date":"","_tribe_ticket_show_description":"","_tribe_ticket_show_not_going":false,"_tribe_ticket_use_global_stock":"","_tribe_ticket_global_stock_level":"","_global_stock_mode":"","_global_stock_cap":"","_tribe_rsvp_for_event":"","_tribe_ticket_going_count":"","_tribe_ticket_not_going_count":"","_tribe_tickets_list":"[]","_tribe_ticket_has_attendee_info_fields":false,"_tribe_events_status":"","_tribe_events_status_reason":"","_tribe_events_is_hybrid":"","_tribe_events_is_virtual":"","_tribe_events_virtual_video_source":"","_tribe_events_virtual_embed_video":"","_tribe_events_virtual_linked_button_text":"","_tribe_events_virtual_linked_button":"","_tribe_events_virtual_show_embed_at":"","_tribe_events_virtual_show_embed_to":[],"_tribe_events_virtual_show_on_event":"","_tribe_events_virtual_show_on_views":"","_tribe_events_virtual_url":"","footnotes":"","_tec_slr_enabled":"","_tec_slr_layout":""},"tags":[],"tribe_events_cat":[19,13,10,130,126,20,11,14],"class_list":["post-20116","tribe_events","type-tribe_events","status-publish","has-post-thumbnail","hentry","tribe_events_cat-citoyennete","tribe_events_cat-economie","tribe_events_cat-education","tribe_events_cat-education-jeunesse","tribe_events_cat-esr","tribe_events_cat-presentiel-citoyennete","tribe_events_cat-presentiel-education","tribe_events_cat-presentiel-economie","cat_citoyennete","cat_economie","cat_education","cat_education-jeunesse","cat_esr","cat_presentiel-citoyennete","cat_presentiel-education","cat_presentiel-economie"],"ticketed":false,"_links":{"self":[{"href":"https:\/\/15francoallemandeoccitanie.fr\/de\/wp-json\/wp\/v2\/tribe_events\/20116","targetHints":{"allow":["GET"]}}],"collection":[{"href":"https:\/\/15francoallemandeoccitanie.fr\/de\/wp-json\/wp\/v2\/tribe_events"}],"about":[{"href":"https:\/\/15francoallemandeoccitanie.fr\/de\/wp-json\/wp\/v2\/types\/tribe_events"}],"author":[{"embeddable":true,"href":"https:\/\/15francoallemandeoccitanie.fr\/de\/wp-json\/wp\/v2\/users\/1"}],"version-history":[{"count":1,"href":"https:\/\/15francoallemandeoccitanie.fr\/de\/wp-json\/wp\/v2\/tribe_events\/20116\/revisions"}],"predecessor-version":[{"id":20872,"href":"https:\/\/15francoallemandeoccitanie.fr\/de\/wp-json\/wp\/v2\/tribe_events\/20116\/revisions\/20872"}],"wp:featuredmedia":[{"embeddable":true,"href":"https:\/\/15francoallemandeoccitanie.fr\/de\/wp-json\/wp\/v2\/media\/20870"}],"wp:attachment":[{"href":"https:\/\/15francoallemandeoccitanie.fr\/de\/wp-json\/wp\/v2\/media?parent=20116"}],"wp:term":[{"taxonomy":"post_tag","embeddable":true,"href":"https:\/\/15francoallemandeoccitanie.fr\/de\/wp-json\/wp\/v2\/tags?post=20116"},{"taxonomy":"tribe_events_cat","embeddable":true,"href":"https:\/\/15francoallemandeoccitanie.fr\/de\/wp-json\/wp\/v2\/tribe_events_cat?post=20116"}],"curies":[{"name":"wp","href":"https:\/\/api.w.org\/{rel}","templated":true}]}}

Témoignage: L’allemand ouvre des portes professionnelles

<p>Alexis Crouzil, alumni de l&#8217;école d&#8217;ingénieurs Icam Toulouse transmet son expérience à la prochaine génération d&#8217;étudiants de l&#8217;Icam Toulouse et leur parle de l&#8217;influence considérable que peuvent avoir les compétences en langues sur leur développement professionnel. Il partage, comment la maîtrise de l’allemand lui a permis de réaliser ses aspirations professionnelles dans une grande entreprise franco-allemande. Une maîtrise qu’il a atteinte grâce à 4 années en Allemagne – pour son mémoire en Bavière et puis pour un poste à Thüringen. Il souhaite montrer que les compétences linguistiques ne sont pas seulement un enrichissement culturel et une ouverture sur le monde, mais qu&#8217;elles peuvent aussi déterminer concrètement le chemin professionnel.</p>

<p>Alexis Crouzil, alumni de l&#8217;école d&#8217;ingénieurs Icam Toulouse transmet son expérience à la prochaine génération d&#8217;étudiants de l&#8217;Icam Toulouse et leur parle de l&#8217;influence considérable que peuvent avoir les compétences [&#8230;]
