{"id":20118,"date":"2026-03-02T19:47:24","date_gmt":"2026-03-02T18:47:24","guid":{"rendered":"https:\/\/15francoallemandeoccitanie.fr\/evenement\/spectacle-musical-franco-allemand-2\/"},"modified":"2026-03-02T19:47:24","modified_gmt":"2026-03-02T18:47:24","slug":"spectacle-musical-franco-allemand-2","status":"publish","type":"tribe_events","link":"https:\/\/15francoallemandeoccitanie.fr\/de\/evenement\/spectacle-musical-franco-allemand-2\/","title":{"rendered":"Spectacle musical franco-allemand"},"content":{"rendered":"<p>Depuis 2020, le lyc\u00e9e international Victor Hugo de Colomiers organise en partenariat avec la deutsche Schule Toulouse un spectacle musical pendant la quinzaine franco-allemande.<br \/>\nLe projet prend la forme d\u2019un concert o\u00f9 les \u00e9l\u00e8ves chantent dans la langue du partenaire et\/ou dans les deux langues. Les chansons sont pr\u00e9c\u00e9d\u00e9es de textes introductifs, r\u00e9dig\u00e9s par les \u00e9l\u00e8ves en allemand et en fran\u00e7ais.<br \/>\nCette initiative contribue \u00e0 la liaison coll\u00e8ge-lyc\u00e9e en faisant participer des \u00e9l\u00e8ves de 3e \/9. Klasse et de 2de \/ 10. Klasse de notre cit\u00e9 scolaire. Elle permet de r\u00e9affirmer, ann\u00e9e apr\u00e8s ann\u00e9e, les liens qui unissent le lyc\u00e9e international Victor Hugo et la deutsche Schule Toulouse.<br \/>\nCet \u00e9v\u00e8nement festif et culturel, organis\u00e9 au c\u0153ur de la cit\u00e9 scolaire, donne une visibilit\u00e9 importante \u00e0 notre discipline.<br \/>\nR\u00e9serv\u00e9 aux scolaires<\/p>\n","protected":false},"excerpt":{"rendered":"<p>Depuis 2020, le lyc\u00e9e international Victor Hugo de Colomiers organise en partenariat avec la deutsche Schule Toulouse un spectacle musical pendant la quinzaine franco-allemande. Le projet prend la forme d\u2019un [&#8230;]\n","protected":false},"author":1,"featured_media":0,"template":"","meta":{"_price":"","_stock":"","_tribe_ticket_header":"","_tribe_default_ticket_provider":"","_tribe_ticket_capacity":"0","_ticket_start_date":"","_ticket_end_date":"","_tribe_ticket_show_description":"","_tribe_ticket_show_not_going":false,"_tribe_ticket_use_global_stock":"","_tribe_ticket_global_stock_level":"","_global_stock_mode":"","_global_stock_cap":"","_tribe_rsvp_for_event":"","_tribe_ticket_going_count":"","_tribe_ticket_not_going_count":"","_tribe_tickets_list":"[]","_tribe_ticket_has_attendee_info_fields":false,"_tribe_events_status":"","_tribe_events_status_reason":"","_tribe_events_is_hybrid":"","_tribe_events_is_virtual":"","_tribe_events_virtual_video_source":"","_tribe_events_virtual_embed_video":"","_tribe_events_virtual_linked_button_text":"","_tribe_events_virtual_linked_button":"","_tribe_events_virtual_show_embed_at":"","_tribe_events_virtual_show_embed_to":[],"_tribe_events_virtual_show_on_event":"","_tribe_events_virtual_show_on_views":"","_tribe_events_virtual_url":"","footnotes":"","_tec_slr_enabled":"","_tec_slr_layout":""},"tags":[],"tribe_events_cat":[19,16,130],"class_list":["post-20118","tribe_events","type-tribe_events","status-publish","hentry","tribe_events_cat-citoyennete","tribe_events_cat-culture","tribe_events_cat-education-jeunesse","cat_citoyennete","cat_culture","cat_education-jeunesse"],"ticketed":false,"_links":{"self":[{"href":"https:\/\/15francoallemandeoccitanie.fr\/de\/wp-json\/wp\/v2\/tribe_events\/20118","targetHints":{"allow":["GET"]}}],"collection":[{"href":"https:\/\/15francoallemandeoccitanie.fr\/de\/wp-json\/wp\/v2\/tribe_events"}],"about":[{"href":"https:\/\/15francoallemandeoccitanie.fr\/de\/wp-json\/wp\/v2\/types\/tribe_events"}],"author":[{"embeddable":true,"href":"https:\/\/15francoallemandeoccitanie.fr\/de\/wp-json\/wp\/v2\/users\/1"}],"version-history":[{"count":0,"href":"https:\/\/15francoallemandeoccitanie.fr\/de\/wp-json\/wp\/v2\/tribe_events\/20118\/revisions"}],"wp:attachment":[{"href":"https:\/\/15francoallemandeoccitanie.fr\/de\/wp-json\/wp\/v2\/media?parent=20118"}],"wp:term":[{"taxonomy":"post_tag","embeddable":true,"href":"https:\/\/15francoallemandeoccitanie.fr\/de\/wp-json\/wp\/v2\/tags?post=20118"},{"taxonomy":"tribe_events_cat","embeddable":true,"href":"https:\/\/15francoallemandeoccitanie.fr\/de\/wp-json\/wp\/v2\/tribe_events_cat?post=20118"}],"curies":[{"name":"wp","href":"https:\/\/api.w.org\/{rel}","templated":true}]}}

<p>Depuis 2020, le lycée international Victor Hugo de Colomiers organise en partenariat avec la deutsche Schule Toulouse un spectacle musical pendant la quinzaine franco-allemande.<br />
Le projet prend la forme d’un concert où les élèves chantent dans la langue du partenaire et/ou dans les deux langues. Les chansons sont précédées de textes introductifs, rédigés par les élèves en allemand et en français.<br />
Cette initiative contribue à la liaison collège-lycée en faisant participer des élèves de 3e /9. Klasse et de 2de / 10. Klasse de notre cité scolaire. Elle permet de réaffirmer, année après année, les liens qui unissent le lycée international Victor Hugo et la deutsche Schule Toulouse.<br />
Cet évènement festif et culturel, organisé au cœur de la cité scolaire, donne une visibilité importante à notre discipline.<br />
Réservé aux scolaires</p>

<p>Depuis 2020, le lycée international Victor Hugo de Colomiers organise en partenariat avec la deutsche Schule Toulouse un spectacle musical pendant la quinzaine franco-allemande. Le projet prend la forme d’un [&#8230;]
