{"id":20169,"date":"2026-03-02T21:08:05","date_gmt":"2026-03-02T20:08:05","guid":{"rendered":"https:\/\/15francoallemandeoccitanie.fr\/?post_type=tribe_events&#038;p=20169"},"modified":"2026-04-02T16:57:49","modified_gmt":"2026-04-02T14:57:49","slug":"exposition-keine-insel-ist-ein-haus-strome-haus-am-wehrsteg-heidelberg-vernissage-en-presence-de-matthis-bacht-artiste-commissaire-de-lexposition-et-coordinateur-haus-am-wehrsteg-5","status":"publish","type":"tribe_events","link":"https:\/\/15francoallemandeoccitanie.fr\/de\/evenement\/exposition-keine-insel-ist-ein-haus-strome-haus-am-wehrsteg-heidelberg-vernissage-en-presence-de-matthis-bacht-artiste-commissaire-de-lexposition-et-coordinateur-haus-am-wehrsteg-5\/","title":{"rendered":"Vernissage de l&#8217;exposition &#8222;Keine Insel ist ein Haus &#8211; Str\u00f6me&#8220; \/ Haus am Wehrsteg (Heidelberg) en pr\u00e9sence de Matthis Bacht"},"content":{"rendered":"<p>La maison des artistes Haus am Wehrsteg \u00e0 Heidelberg est une institution et un centre d\u2019expansion artistique largement ancr\u00e9 dans la soci\u00e9t\u00e9 locale. Situ\u00e9e telle une \u00eele au bord du fleuve Neckar, elle est ind\u00e9pendante dans son orientation th\u00e9matique.<br \/>\n\u00c0 partir du printemps 2026, la Haus am Wehrsteg lancera le projet d\u2019exposition \u00ab Kein Haus ist eine Insel \u00bb (Aucune maison n\u2019est une \u00eele). Pr\u00e9vu pour une dur\u00e9e de trois ans, le projet se penchera sur l\u2019histoire du lieu et de ses environs. L\u2019ann\u00e9e 2026 sera d\u2019abord consacr\u00e9e au sous-th\u00e8me \u00ab Str\u00f6me \u00bb (courants).<br \/>\nL\u2019importance autrefois centrale de la Haus am Wehrsteg en tant que transformateur \u00e9lectrique du Wehrsteg sur le Neckar constitue le point de d\u00e9part d\u2019une r\u00e9flexion artistique sur la mani\u00e8re dont l\u2019\u00e9lectricit\u00e9 et les courants fa\u00e7onnent notre soci\u00e9t\u00e9.<br \/>\nDans \u00ab Str\u00f6me \u00bb, la c\u00e9l\u00e8bre dessinatrice de Mannheim Barbara Hindahl, Klara Hobza (Berlin, connue notamment pour son projet \u00e0 long terme \u00ab Diving through Europe \u00bb) et l\u2019artiste berlinoise d\u2019origine toulousaine Marion Orfila pr\u00e9sentent principalement des photos, des dessins et des installations sp\u00e9cialement cr\u00e9\u00e9s pour l\u2019occasion. Matthis Bacht, artiste et conservateur \u00e0 la Haus am Wehrsteg, contribue \u00e9galement \u00e0 l\u2019\u00e9tude des \u00ab courants \u00bb avec ses \u0153uvres.<br \/>\nL\u2019exposition satellite pr\u00e9sent\u00e9e \u00e0 la Maison de Heidelberg marque le coup d\u2019envoi officiel du projet en soulignant qu\u2019aucune maison n\u2019est une \u00eele et s\u2019int\u00e8gre dans les c\u00e9l\u00e9brations des 65 ans du jumelage avec Heidelberg.<br \/>\nExposition collective \u00e0 d\u00e9couvrir jusqu\u2019au 13 mai 2026. Ouvert du lundi au jeudi de 9h-12h et de 14h-17h et le vendredi de 9h-12h et de 14h-16h. Entr\u00e9e libre.<\/p>\n<p>Vernissage le 07\/04 \u00e0 18h30 en pr\u00e9sence de Matthis Bacht, artiste, commissaire de l\u2019exposition et coordinateur Haus am Wehrsteg<\/p>\n<p>Morse Code Communication \u00a9Klara Hobza<\/p>\n<p>&nbsp;<\/p>\n","protected":false},"excerpt":{"rendered":"<p>La maison des artistes Haus am Wehrsteg \u00e0 Heidelberg est une institution et un centre d\u2019expansion artistique largement ancr\u00e9 dans la soci\u00e9t\u00e9 locale. Situ\u00e9e telle une \u00eele au bord du [&#8230;]\n","protected":false},"author":1,"featured_media":20224,"template":"","meta":{"_price":"","_stock":"","_tribe_ticket_header":"","_tribe_default_ticket_provider":"","_tribe_ticket_capacity":"0","_ticket_start_date":"","_ticket_end_date":"","_tribe_ticket_show_description":"","_tribe_ticket_show_not_going":false,"_tribe_ticket_use_global_stock":"","_tribe_ticket_global_stock_level":"","_global_stock_mode":"","_global_stock_cap":"","_tribe_rsvp_for_event":"","_tribe_ticket_going_count":"","_tribe_ticket_not_going_count":"","_tribe_tickets_list":"[]","_tribe_ticket_has_attendee_info_fields":false,"_tribe_events_status":"","_tribe_events_status_reason":"","_tribe_events_is_hybrid":"","_tribe_events_is_virtual":"","_tribe_events_virtual_video_source":"","_tribe_events_virtual_embed_video":"","_tribe_events_virtual_linked_button_text":"","_tribe_events_virtual_linked_button":"","_tribe_events_virtual_show_embed_at":"","_tribe_events_virtual_show_embed_to":[],"_tribe_events_virtual_show_on_event":"","_tribe_events_virtual_show_on_views":"","_tribe_events_virtual_url":"","footnotes":"","_tec_slr_enabled":"","_tec_slr_layout":""},"tags":[],"tribe_events_cat":[16,17],"class_list":["post-20169","tribe_events","type-tribe_events","status-publish","has-post-thumbnail","hentry","tribe_events_cat-culture","tribe_events_cat-presentiel-culture","cat_culture","cat_presentiel-culture"],"ticketed":false,"_links":{"self":[{"href":"https:\/\/15francoallemandeoccitanie.fr\/de\/wp-json\/wp\/v2\/tribe_events\/20169","targetHints":{"allow":["GET"]}}],"collection":[{"href":"https:\/\/15francoallemandeoccitanie.fr\/de\/wp-json\/wp\/v2\/tribe_events"}],"about":[{"href":"https:\/\/15francoallemandeoccitanie.fr\/de\/wp-json\/wp\/v2\/types\/tribe_events"}],"author":[{"embeddable":true,"href":"https:\/\/15francoallemandeoccitanie.fr\/de\/wp-json\/wp\/v2\/users\/1"}],"version-history":[{"count":5,"href":"https:\/\/15francoallemandeoccitanie.fr\/de\/wp-json\/wp\/v2\/tribe_events\/20169\/revisions"}],"predecessor-version":[{"id":21264,"href":"https:\/\/15francoallemandeoccitanie.fr\/de\/wp-json\/wp\/v2\/tribe_events\/20169\/revisions\/21264"}],"wp:featuredmedia":[{"embeddable":true,"href":"https:\/\/15francoallemandeoccitanie.fr\/de\/wp-json\/wp\/v2\/media\/20224"}],"wp:attachment":[{"href":"https:\/\/15francoallemandeoccitanie.fr\/de\/wp-json\/wp\/v2\/media?parent=20169"}],"wp:term":[{"taxonomy":"post_tag","embeddable":true,"href":"https:\/\/15francoallemandeoccitanie.fr\/de\/wp-json\/wp\/v2\/tags?post=20169"},{"taxonomy":"tribe_events_cat","embeddable":true,"href":"https:\/\/15francoallemandeoccitanie.fr\/de\/wp-json\/wp\/v2\/tribe_events_cat?post=20169"}],"curies":[{"name":"wp","href":"https:\/\/api.w.org\/{rel}","templated":true}]}}

Vernissage de l&#8217;exposition &#8222;Keine Insel ist ein Haus &#8211; Ströme&#8220; / Haus am Wehrsteg (Heidelberg) en présence de Matthis Bacht

<p>La maison des artistes Haus am Wehrsteg à Heidelberg est une institution et un centre d’expansion artistique largement ancré dans la société locale. Située telle une île au bord du fleuve Neckar, elle est indépendante dans son orientation thématique.<br />
À partir du printemps 2026, la Haus am Wehrsteg lancera le projet d’exposition « Kein Haus ist eine Insel » (Aucune maison n’est une île). Prévu pour une durée de trois ans, le projet se penchera sur l’histoire du lieu et de ses environs. L’année 2026 sera d’abord consacrée au sous-thème « Ströme » (courants).<br />
L’importance autrefois centrale de la Haus am Wehrsteg en tant que transformateur électrique du Wehrsteg sur le Neckar constitue le point de départ d’une réflexion artistique sur la manière dont l’électricité et les courants façonnent notre société.<br />
Dans « Ströme », la célèbre dessinatrice de Mannheim Barbara Hindahl, Klara Hobza (Berlin, connue notamment pour son projet à long terme « Diving through Europe ») et l’artiste berlinoise d’origine toulousaine Marion Orfila présentent principalement des photos, des dessins et des installations spécialement créés pour l’occasion. Matthis Bacht, artiste et conservateur à la Haus am Wehrsteg, contribue également à l’étude des « courants » avec ses œuvres.<br />
L’exposition satellite présentée à la Maison de Heidelberg marque le coup d’envoi officiel du projet en soulignant qu’aucune maison n’est une île et s’intègre dans les célébrations des 65 ans du jumelage avec Heidelberg.<br />
Exposition collective à découvrir jusqu’au 13 mai 2026. Ouvert du lundi au jeudi de 9h-12h et de 14h-17h et le vendredi de 9h-12h et de 14h-16h. Entrée libre.</p>
<p>Vernissage le 07/04 à 18h30 en présence de Matthis Bacht, artiste, commissaire de l’exposition et coordinateur Haus am Wehrsteg</p>
<p>Morse Code Communication ©Klara Hobza</p>
<p>&nbsp;</p>

<p>La maison des artistes Haus am Wehrsteg à Heidelberg est une institution et un centre d’expansion artistique largement ancré dans la société locale. Située telle une île au bord du [&#8230;]
