{"id":20320,"date":"2026-03-06T19:12:06","date_gmt":"2026-03-06T18:12:06","guid":{"rendered":"https:\/\/15francoallemandeoccitanie.fr\/?post_type=tribe_events&#038;p=20320"},"modified":"2026-03-23T09:55:22","modified_gmt":"2026-03-23T08:55:22","slug":"visite-de-la-maison-de-heidelberg-journee-decouverte-le-14-avril-pour-lerea-jean-jacques-rousseau","status":"publish","type":"tribe_events","link":"https:\/\/15francoallemandeoccitanie.fr\/de\/evenement\/visite-de-la-maison-de-heidelberg-journee-decouverte-le-14-avril-pour-lerea-jean-jacques-rousseau\/","title":{"rendered":"Visite de la Maison de Heidelberg : Journ\u00e9e D\u00e9couverte pour l&#8217;EREA Jean-Jacques Rousseau"},"content":{"rendered":"<p>La Maison de Heidelberg ouvre ses portes aux \u00e9l\u00e8ves de la section &#8222;Agent Accompagnement au Grand \u00c2ge&#8220; de l&#8217;EREA Jean pour une Journ\u00e9e D\u00e9couverte. Il s\u2019agit du centre culturel franco-allemand, historiquement \u00e9tabli \u00e0 la suite d\u2019un jumelage universitaire et municipal entre Montpellier et Heidelberg, qui propose notamment des cours d\u2019allemand et des expositions, et dispose \u00e9galement d\u2019une m\u00e9diath\u00e8que. Ce sera l&#8217;occasion pour les \u00e9l\u00e8ves de d\u00e9couvrir les diff\u00e9rentes possibilit\u00e9s de mobilit\u00e9 en Allemagne et d&#8217;\u00e9veiller leur int\u00e9r\u00eat pour l&#8217;apprentissage de l&#8217;allemand.<\/p>\n","protected":false},"excerpt":{"rendered":"<p>La Maison de Heidelberg ouvre ses portes aux \u00e9l\u00e8ves de la section &#8222;Agent Accompagnement au Grand \u00c2ge&#8220; de l&#8217;EREA Jean pour une Journ\u00e9e D\u00e9couverte. Il s\u2019agit du centre culturel franco-allemand, [&#8230;]\n","protected":false},"author":1,"featured_media":20873,"template":"","meta":{"_price":"","_stock":"","_tribe_ticket_header":"","_tribe_default_ticket_provider":"","_tribe_ticket_capacity":"0","_ticket_start_date":"","_ticket_end_date":"","_tribe_ticket_show_description":"","_tribe_ticket_show_not_going":false,"_tribe_ticket_use_global_stock":"","_tribe_ticket_global_stock_level":"","_global_stock_mode":"","_global_stock_cap":"","_tribe_rsvp_for_event":"","_tribe_ticket_going_count":"","_tribe_ticket_not_going_count":"","_tribe_tickets_list":"[]","_tribe_ticket_has_attendee_info_fields":false,"_tribe_events_status":"","_tribe_events_status_reason":"","_tribe_events_is_hybrid":"","_tribe_events_is_virtual":"","_tribe_events_virtual_video_source":"","_tribe_events_virtual_embed_video":"","_tribe_events_virtual_linked_button_text":"","_tribe_events_virtual_linked_button":"","_tribe_events_virtual_show_embed_at":"","_tribe_events_virtual_show_embed_to":[],"_tribe_events_virtual_show_on_event":"","_tribe_events_virtual_show_on_views":"","_tribe_events_virtual_url":"","footnotes":"","_tec_slr_enabled":"","_tec_slr_layout":""},"tags":[],"tribe_events_cat":[13,10,130,127,11,14],"class_list":["post-20320","tribe_events","type-tribe_events","status-publish","has-post-thumbnail","hentry","tribe_events_cat-economie","tribe_events_cat-education","tribe_events_cat-education-jeunesse","tribe_events_cat-jeunesse","tribe_events_cat-presentiel-education","tribe_events_cat-presentiel-economie","cat_economie","cat_education","cat_education-jeunesse","cat_jeunesse","cat_presentiel-education","cat_presentiel-economie"],"ticketed":false,"_links":{"self":[{"href":"https:\/\/15francoallemandeoccitanie.fr\/de\/wp-json\/wp\/v2\/tribe_events\/20320","targetHints":{"allow":["GET"]}}],"collection":[{"href":"https:\/\/15francoallemandeoccitanie.fr\/de\/wp-json\/wp\/v2\/tribe_events"}],"about":[{"href":"https:\/\/15francoallemandeoccitanie.fr\/de\/wp-json\/wp\/v2\/types\/tribe_events"}],"author":[{"embeddable":true,"href":"https:\/\/15francoallemandeoccitanie.fr\/de\/wp-json\/wp\/v2\/users\/1"}],"version-history":[{"count":5,"href":"https:\/\/15francoallemandeoccitanie.fr\/de\/wp-json\/wp\/v2\/tribe_events\/20320\/revisions"}],"predecessor-version":[{"id":20876,"href":"https:\/\/15francoallemandeoccitanie.fr\/de\/wp-json\/wp\/v2\/tribe_events\/20320\/revisions\/20876"}],"wp:featuredmedia":[{"embeddable":true,"href":"https:\/\/15francoallemandeoccitanie.fr\/de\/wp-json\/wp\/v2\/media\/20873"}],"wp:attachment":[{"href":"https:\/\/15francoallemandeoccitanie.fr\/de\/wp-json\/wp\/v2\/media?parent=20320"}],"wp:term":[{"taxonomy":"post_tag","embeddable":true,"href":"https:\/\/15francoallemandeoccitanie.fr\/de\/wp-json\/wp\/v2\/tags?post=20320"},{"taxonomy":"tribe_events_cat","embeddable":true,"href":"https:\/\/15francoallemandeoccitanie.fr\/de\/wp-json\/wp\/v2\/tribe_events_cat?post=20320"}],"curies":[{"name":"wp","href":"https:\/\/api.w.org\/{rel}","templated":true}]}}

Visite de la Maison de Heidelberg : Journée Découverte pour l&#8217;EREA Jean-Jacques Rousseau

<p>La Maison de Heidelberg ouvre ses portes aux élèves de la section &#8222;Agent Accompagnement au Grand Âge&#8220; de l&#8217;EREA Jean pour une Journée Découverte. Il s’agit du centre culturel franco-allemand, historiquement établi à la suite d’un jumelage universitaire et municipal entre Montpellier et Heidelberg, qui propose notamment des cours d’allemand et des expositions, et dispose également d’une médiathèque. Ce sera l&#8217;occasion pour les élèves de découvrir les différentes possibilités de mobilité en Allemagne et d&#8217;éveiller leur intérêt pour l&#8217;apprentissage de l&#8217;allemand.</p>

<p>La Maison de Heidelberg ouvre ses portes aux élèves de la section &#8222;Agent Accompagnement au Grand Âge&#8220; de l&#8217;EREA Jean pour une Journée Découverte. Il s’agit du centre culturel franco-allemand, [&#8230;]
