{"id":2367,"date":"2023-03-06T10:43:31","date_gmt":"2023-03-06T09:43:31","guid":{"rendered":"https:\/\/15francoallemandeoccitanie.fr\/?post_type=tribe_events&#038;p=2367"},"modified":"2023-03-21T11:34:22","modified_gmt":"2023-03-21T10:34:22","slug":"concert-des-choeurs-franco-allemands-de-toulouse-et-bonn-konzert-der-deutsch-franzosischen-chore-aus-toulouse-und-bonn","status":"publish","type":"tribe_events","link":"https:\/\/15francoallemandeoccitanie.fr\/de\/evenement\/concert-des-choeurs-franco-allemands-de-toulouse-et-bonn-konzert-der-deutsch-franzosischen-chore-aus-toulouse-und-bonn\/","title":{"rendered":"Concert des Ch\u0153urs Franco-Allemands de Toulouse et Bonn &#8211; Konzert der Deutsch-Franz\u00f6sischen Ch\u00f6re aus Toulouse und Bonn"},"content":{"rendered":"<p>Le Ch\u0153ur Franco-Allemand de Toulouse invite le Deutsch-Franz\u00f6sischen Ch\u00f6re Bonn \u00e0 Toulouse le 1er avril 2023.<br \/>\nLes deux ch\u0153urs se produiront dans un concert commun en l&#8217;\u00e9glise Saint-Exup\u00e8re de Toulouse (All\u00e9es Jules-Guesde) \u00e0 20h.<\/p>\n<p>Au programme :<br \/>\n\u2022 Le Requiem de Charles Gounod<br \/>\n\u2022 La Messe de Requiem de Camille Saint-Sa\u00ebns<br \/>\n65 choristes interpr\u00e9teront ces deux \u0153uvres sous la direction de leurs chefs respectifs : David NG et Vladimir TARASOV<br \/>\nIls seront accompagn\u00e9s par 4 solistes et 14 instrumentistes.<\/p>\n<p>Le prix des places est 15\u20ac (tarif r\u00e9duit 10\u20ac) &#8211; Achat sur Festik et sur place le soir du concert<\/p>\n","protected":false},"excerpt":{"rendered":"<p>Le Ch\u0153ur Franco-Allemand de Toulouse invite le Deutsch-Franz\u00f6sischen Ch\u00f6re Bonn \u00e0 Toulouse le 1er avril 2023. Les deux ch\u0153urs se produiront dans un concert commun en l&#8217;\u00e9glise Saint-Exup\u00e8re de Toulouse [&#8230;]\n","protected":false},"author":20,"featured_media":2370,"template":"","meta":{"_price":"","_stock":"","_tribe_ticket_header":"","_tribe_default_ticket_provider":"","_tribe_ticket_capacity":"0","_ticket_start_date":"","_ticket_end_date":"","_tribe_ticket_show_description":"","_tribe_ticket_show_not_going":false,"_tribe_ticket_use_global_stock":"","_tribe_ticket_global_stock_level":"","_global_stock_mode":"","_global_stock_cap":"","_tribe_rsvp_for_event":"","_tribe_ticket_going_count":"","_tribe_ticket_not_going_count":"","_tribe_tickets_list":"[]","_tribe_ticket_has_attendee_info_fields":false,"_tribe_events_status":"","_tribe_events_status_reason":"","_tribe_events_is_hybrid":"","_tribe_events_is_virtual":"","_tribe_events_virtual_video_source":"","_tribe_events_virtual_embed_video":"","_tribe_events_virtual_linked_button_text":"","_tribe_events_virtual_linked_button":"","_tribe_events_virtual_show_embed_at":"","_tribe_events_virtual_show_embed_to":[],"_tribe_events_virtual_show_on_event":"","_tribe_events_virtual_show_on_views":"","_tribe_events_virtual_url":"","footnotes":"","_tec_slr_enabled":"","_tec_slr_layout":""},"tags":[],"tribe_events_cat":[17],"class_list":["post-2367","tribe_events","type-tribe_events","status-publish","has-post-thumbnail","hentry","tribe_events_cat-presentiel-culture","cat_presentiel-culture"],"ticketed":false,"_links":{"self":[{"href":"https:\/\/15francoallemandeoccitanie.fr\/de\/wp-json\/wp\/v2\/tribe_events\/2367","targetHints":{"allow":["GET"]}}],"collection":[{"href":"https:\/\/15francoallemandeoccitanie.fr\/de\/wp-json\/wp\/v2\/tribe_events"}],"about":[{"href":"https:\/\/15francoallemandeoccitanie.fr\/de\/wp-json\/wp\/v2\/types\/tribe_events"}],"author":[{"embeddable":true,"href":"https:\/\/15francoallemandeoccitanie.fr\/de\/wp-json\/wp\/v2\/users\/20"}],"version-history":[{"count":1,"href":"https:\/\/15francoallemandeoccitanie.fr\/de\/wp-json\/wp\/v2\/tribe_events\/2367\/revisions"}],"predecessor-version":[{"id":2368,"href":"https:\/\/15francoallemandeoccitanie.fr\/de\/wp-json\/wp\/v2\/tribe_events\/2367\/revisions\/2368"}],"wp:featuredmedia":[{"embeddable":true,"href":"https:\/\/15francoallemandeoccitanie.fr\/de\/wp-json\/wp\/v2\/media\/2370"}],"wp:attachment":[{"href":"https:\/\/15francoallemandeoccitanie.fr\/de\/wp-json\/wp\/v2\/media?parent=2367"}],"wp:term":[{"taxonomy":"post_tag","embeddable":true,"href":"https:\/\/15francoallemandeoccitanie.fr\/de\/wp-json\/wp\/v2\/tags?post=2367"},{"taxonomy":"tribe_events_cat","embeddable":true,"href":"https:\/\/15francoallemandeoccitanie.fr\/de\/wp-json\/wp\/v2\/tribe_events_cat?post=2367"}],"curies":[{"name":"wp","href":"https:\/\/api.w.org\/{rel}","templated":true}]}}

Concert des Chœurs Franco-Allemands de Toulouse et Bonn &#8211; Konzert der Deutsch-Französischen Chöre aus Toulouse und Bonn

<p>Le Chœur Franco-Allemand de Toulouse invite le Deutsch-Französischen Chöre Bonn à Toulouse le 1er avril 2023.<br />
Les deux chœurs se produiront dans un concert commun en l&#8217;église Saint-Exupère de Toulouse (Allées Jules-Guesde) à 20h.</p>
<p>Au programme :<br />
• Le Requiem de Charles Gounod<br />
• La Messe de Requiem de Camille Saint-Saëns<br />
65 choristes interpréteront ces deux œuvres sous la direction de leurs chefs respectifs : David NG et Vladimir TARASOV<br />
Ils seront accompagnés par 4 solistes et 14 instrumentistes.</p>
<p>Le prix des places est 15€ (tarif réduit 10€) &#8211; Achat sur Festik et sur place le soir du concert</p>

<p>Le Chœur Franco-Allemand de Toulouse invite le Deutsch-Französischen Chöre Bonn à Toulouse le 1er avril 2023. Les deux chœurs se produiront dans un concert commun en l&#8217;église Saint-Exupère de Toulouse [&#8230;]
