{"id":2580,"date":"2024-03-24T15:16:43","date_gmt":"2024-03-24T14:16:43","guid":{"rendered":"https:\/\/15francoallemandeoccitanie.fr\/?post_type=tribe_events&#038;p=2580"},"modified":"2024-03-24T15:19:59","modified_gmt":"2024-03-24T14:19:59","slug":"cloture-de-la-quinzaine-franco-allemande-doccitanie","status":"publish","type":"tribe_events","link":"https:\/\/15francoallemandeoccitanie.fr\/de\/evenement\/cloture-de-la-quinzaine-franco-allemande-doccitanie\/","title":{"rendered":"CL\u00d4TURE DE LA QUINZAINE FRANCO ALLEMANDE D&#8217;OCCITANIE"},"content":{"rendered":"<p>La cl\u00f4ture de la Quinzaine franco-allemande d&#8217;Occitanie aura lieu le jeudi 4 avril \u00e0 l&#8217;Espace Durrell de Sommi\u00e8res (30) en pr\u00e9sence du duo de jazz franco-allemand Saxicola Rubi.<\/p>\n<p>L&#8217;occasion de remercier toutes celles et ceux qui auront contribu\u00e9 au programme de cette 6e \u00e9dition riche en manifestations.<\/p>\n","protected":false},"excerpt":{"rendered":"<p>La cl\u00f4ture de la Quinzaine franco-allemande d&#8217;Occitanie aura lieu le jeudi 4 avril \u00e0 l&#8217;Espace Durrell de Sommi\u00e8res (30) en pr\u00e9sence du duo de jazz franco-allemand Saxicola Rubi. L&#8217;occasion de [&#8230;]\n","protected":false},"author":5,"featured_media":5828,"template":"","meta":{"_price":"","_stock":"","_tribe_ticket_header":"","_tribe_default_ticket_provider":"","_tribe_ticket_capacity":"0","_ticket_start_date":"","_ticket_end_date":"","_tribe_ticket_show_description":"","_tribe_ticket_show_not_going":false,"_tribe_ticket_use_global_stock":"","_tribe_ticket_global_stock_level":"","_global_stock_mode":"","_global_stock_cap":"","_tribe_rsvp_for_event":"","_tribe_ticket_going_count":"","_tribe_ticket_not_going_count":"","_tribe_tickets_list":"[]","_tribe_ticket_has_attendee_info_fields":false,"_tribe_events_status":"","_tribe_events_status_reason":"","_tribe_events_is_hybrid":"","_tribe_events_is_virtual":"","_tribe_events_virtual_video_source":"","_tribe_events_virtual_embed_video":"","_tribe_events_virtual_linked_button_text":"","_tribe_events_virtual_linked_button":"","_tribe_events_virtual_show_embed_at":"","_tribe_events_virtual_show_embed_to":[],"_tribe_events_virtual_show_on_event":"","_tribe_events_virtual_show_on_views":"","_tribe_events_virtual_url":"","footnotes":"","_tec_slr_enabled":"","_tec_slr_layout":""},"tags":[],"tribe_events_cat":[120],"class_list":["post-2580","tribe_events","type-tribe_events","status-publish","has-post-thumbnail","hentry","tribe_events_cat-convivialite","cat_convivialite"],"ticketed":false,"_links":{"self":[{"href":"https:\/\/15francoallemandeoccitanie.fr\/de\/wp-json\/wp\/v2\/tribe_events\/2580","targetHints":{"allow":["GET"]}}],"collection":[{"href":"https:\/\/15francoallemandeoccitanie.fr\/de\/wp-json\/wp\/v2\/tribe_events"}],"about":[{"href":"https:\/\/15francoallemandeoccitanie.fr\/de\/wp-json\/wp\/v2\/types\/tribe_events"}],"author":[{"embeddable":true,"href":"https:\/\/15francoallemandeoccitanie.fr\/de\/wp-json\/wp\/v2\/users\/5"}],"version-history":[{"count":2,"href":"https:\/\/15francoallemandeoccitanie.fr\/de\/wp-json\/wp\/v2\/tribe_events\/2580\/revisions"}],"predecessor-version":[{"id":5833,"href":"https:\/\/15francoallemandeoccitanie.fr\/de\/wp-json\/wp\/v2\/tribe_events\/2580\/revisions\/5833"}],"wp:featuredmedia":[{"embeddable":true,"href":"https:\/\/15francoallemandeoccitanie.fr\/de\/wp-json\/wp\/v2\/media\/5828"}],"wp:attachment":[{"href":"https:\/\/15francoallemandeoccitanie.fr\/de\/wp-json\/wp\/v2\/media?parent=2580"}],"wp:term":[{"taxonomy":"post_tag","embeddable":true,"href":"https:\/\/15francoallemandeoccitanie.fr\/de\/wp-json\/wp\/v2\/tags?post=2580"},{"taxonomy":"tribe_events_cat","embeddable":true,"href":"https:\/\/15francoallemandeoccitanie.fr\/de\/wp-json\/wp\/v2\/tribe_events_cat?post=2580"}],"curies":[{"name":"wp","href":"https:\/\/api.w.org\/{rel}","templated":true}]}}

CLÔTURE DE LA QUINZAINE FRANCO ALLEMANDE D&#8217;OCCITANIE

<p>La clôture de la Quinzaine franco-allemande d&#8217;Occitanie aura lieu le jeudi 4 avril à l&#8217;Espace Durrell de Sommières (30) en présence du duo de jazz franco-allemand Saxicola Rubi.</p>
<p>L&#8217;occasion de remercier toutes celles et ceux qui auront contribué au programme de cette 6e édition riche en manifestations.</p>

<p>La clôture de la Quinzaine franco-allemande d&#8217;Occitanie aura lieu le jeudi 4 avril à l&#8217;Espace Durrell de Sommières (30) en présence du duo de jazz franco-allemand Saxicola Rubi. L&#8217;occasion de [&#8230;]
