{"id":3072,"date":"2023-04-02T11:16:45","date_gmt":"2023-04-02T09:16:45","guid":{"rendered":"https:\/\/15francoallemandeoccitanie.fr\/?post_type=tribe_events&#038;p=3072"},"modified":"2023-04-02T11:16:45","modified_gmt":"2023-04-02T09:16:45","slug":"projet-franco-allemand-de-formation-professionnelle-entre-loccitanie-et-la-saxe-sur-les-metiers-de-lequitation","status":"publish","type":"tribe_events","link":"https:\/\/15francoallemandeoccitanie.fr\/de\/evenement\/projet-franco-allemand-de-formation-professionnelle-entre-loccitanie-et-la-saxe-sur-les-metiers-de-lequitation\/","title":{"rendered":"Projet franco-allemand de formation professionnelle entre l&#8217;Occitanie et la Saxe sur les m\u00e9tiers de l&#8217;\u00e9quitation"},"content":{"rendered":"<p><span style=\"font-size: 130%;\">Du 16 au 22.04.2023\u00a0 les \u00e9l\u00e8ves &#8222;Bac pro Conduite et Gestion d&#8217;une entreprise hippique&#8220; du Campus agricole de Castelnaudary et les \u00e9l\u00e8ves de la section &#8222;Pferdewirte&#8220; du Berufliches Schulzentrum f\u00fcr Agrarwirtschaft und Ern\u00e4hrung de Dresde se rencontreront afin d&#8217;\u00e9changer sur les m\u00e9tiers de l&#8217;\u00e9quitation.<\/span><\/p>\n<p><span style=\"font-size: 130%;\">Objectif: permettre la d\u00e9couverte de la vie quotidienne de l&#8217;autre pays en abordant la question de la formation professionnelle et tout ce qui touche aux m\u00e9tiers et activit\u00e9s \u00e9questres tout en renfor\u00e7ant les comp\u00e9tences interculturelles. <\/span><\/p>\n<p><span style=\"font-size: 130%;\">Les unit\u00e9s th\u00e9matiques traiteront des bases de la formation professionnelle, des t\u00e2ches et la structure du m\u00e9tier de palefrenier. <\/span><\/p>\n<p><span style=\"font-size: 130%;\">Parall\u00e8lelement, les participants d\u00e9couvriront le pays et la culture de la r\u00e9gion dans toute sa vari\u00e9t\u00e9. Des activit\u00e9s linguistiques sous forme d&#8217;animation sont propos\u00e9es dans le programme afin de faciliter la communication entre les jeunes des deux pays. <\/span><\/p>\n<p><span style=\"font-size: 130%;\">Une visite retour du groupe fran\u00e7ais est pr\u00e9vue en Saxe \u00e0 l&#8217;automne 2023, s&#8217;inscrivant ainsi dans la dur\u00e9e.<\/span><\/p>\n<p>&nbsp;<\/p>\n<p><em><span style=\"font-size: 130%;\">\u00a0*Projet port\u00e9 par L\u00e9o Lagrange M\u00e9diterran\u00e9e et Arbeit und Leben Sachsen, co-financ\u00e9 par l\u2019Office franco-allemand pour la Jeunesse.<\/span><\/em><\/p>\n","protected":false},"excerpt":{"rendered":"<p>Du 16 au 22.04.2023\u00a0 les \u00e9l\u00e8ves &#8222;Bac pro Conduite et Gestion d&#8217;une entreprise hippique&#8220; du Campus agricole de Castelnaudary et les \u00e9l\u00e8ves de la section &#8222;Pferdewirte&#8220; du Berufliches Schulzentrum f\u00fcr [&#8230;]\n","protected":false},"author":5,"featured_media":3073,"template":"","meta":{"_price":"","_stock":"","_tribe_ticket_header":"","_tribe_default_ticket_provider":"","_tribe_ticket_capacity":"0","_ticket_start_date":"","_ticket_end_date":"","_tribe_ticket_show_description":"","_tribe_ticket_show_not_going":false,"_tribe_ticket_use_global_stock":"","_tribe_ticket_global_stock_level":"","_global_stock_mode":"","_global_stock_cap":"","_tribe_rsvp_for_event":"","_tribe_ticket_going_count":"","_tribe_ticket_not_going_count":"","_tribe_tickets_list":"[]","_tribe_ticket_has_attendee_info_fields":false,"_tribe_events_status":"","_tribe_events_status_reason":"","_tribe_events_is_hybrid":"","_tribe_events_is_virtual":"","_tribe_events_virtual_video_source":"","_tribe_events_virtual_embed_video":"","_tribe_events_virtual_linked_button_text":"","_tribe_events_virtual_linked_button":"","_tribe_events_virtual_show_embed_at":"","_tribe_events_virtual_show_embed_to":[],"_tribe_events_virtual_show_on_event":"","_tribe_events_virtual_show_on_views":"","_tribe_events_virtual_url":"","footnotes":"","_tec_slr_enabled":"","_tec_slr_layout":""},"tags":[],"tribe_events_cat":[10,11],"class_list":["post-3072","tribe_events","type-tribe_events","status-publish","has-post-thumbnail","hentry","tribe_events_cat-education","tribe_events_cat-presentiel-education","cat_education","cat_presentiel-education"],"ticketed":false,"_links":{"self":[{"href":"https:\/\/15francoallemandeoccitanie.fr\/de\/wp-json\/wp\/v2\/tribe_events\/3072","targetHints":{"allow":["GET"]}}],"collection":[{"href":"https:\/\/15francoallemandeoccitanie.fr\/de\/wp-json\/wp\/v2\/tribe_events"}],"about":[{"href":"https:\/\/15francoallemandeoccitanie.fr\/de\/wp-json\/wp\/v2\/types\/tribe_events"}],"author":[{"embeddable":true,"href":"https:\/\/15francoallemandeoccitanie.fr\/de\/wp-json\/wp\/v2\/users\/5"}],"version-history":[{"count":1,"href":"https:\/\/15francoallemandeoccitanie.fr\/de\/wp-json\/wp\/v2\/tribe_events\/3072\/revisions"}],"predecessor-version":[{"id":3075,"href":"https:\/\/15francoallemandeoccitanie.fr\/de\/wp-json\/wp\/v2\/tribe_events\/3072\/revisions\/3075"}],"wp:featuredmedia":[{"embeddable":true,"href":"https:\/\/15francoallemandeoccitanie.fr\/de\/wp-json\/wp\/v2\/media\/3073"}],"wp:attachment":[{"href":"https:\/\/15francoallemandeoccitanie.fr\/de\/wp-json\/wp\/v2\/media?parent=3072"}],"wp:term":[{"taxonomy":"post_tag","embeddable":true,"href":"https:\/\/15francoallemandeoccitanie.fr\/de\/wp-json\/wp\/v2\/tags?post=3072"},{"taxonomy":"tribe_events_cat","embeddable":true,"href":"https:\/\/15francoallemandeoccitanie.fr\/de\/wp-json\/wp\/v2\/tribe_events_cat?post=3072"}],"curies":[{"name":"wp","href":"https:\/\/api.w.org\/{rel}","templated":true}]}}

Projet franco-allemand de formation professionnelle entre l&#8217;Occitanie et la Saxe sur les métiers de l&#8217;équitation

<p><span style="font-size: 130%;">Du 16 au 22.04.2023  les élèves &#8222;Bac pro Conduite et Gestion d&#8217;une entreprise hippique&#8220; du Campus agricole de Castelnaudary et les élèves de la section &#8222;Pferdewirte&#8220; du Berufliches Schulzentrum für Agrarwirtschaft und Ernährung de Dresde se rencontreront afin d&#8217;échanger sur les métiers de l&#8217;équitation.</span></p>
<p><span style="font-size: 130%;">Objectif: permettre la découverte de la vie quotidienne de l&#8217;autre pays en abordant la question de la formation professionnelle et tout ce qui touche aux métiers et activités équestres tout en renforçant les compétences interculturelles. </span></p>
<p><span style="font-size: 130%;">Les unités thématiques traiteront des bases de la formation professionnelle, des tâches et la structure du métier de palefrenier. </span></p>
<p><span style="font-size: 130%;">Parallèlelement, les participants découvriront le pays et la culture de la région dans toute sa variété. Des activités linguistiques sous forme d&#8217;animation sont proposées dans le programme afin de faciliter la communication entre les jeunes des deux pays. </span></p>
<p><span style="font-size: 130%;">Une visite retour du groupe français est prévue en Saxe à l&#8217;automne 2023, s&#8217;inscrivant ainsi dans la durée.</span></p>
<p>&nbsp;</p>
<p><em><span style="font-size: 130%;"> *Projet porté par Léo Lagrange Méditerranée et Arbeit und Leben Sachsen, co-financé par l’Office franco-allemand pour la Jeunesse.</span></em></p>

<p>Du 16 au 22.04.2023  les élèves &#8222;Bac pro Conduite et Gestion d&#8217;une entreprise hippique&#8220; du Campus agricole de Castelnaudary et les élèves de la section &#8222;Pferdewirte&#8220; du Berufliches Schulzentrum für [&#8230;]
