{"id":3108,"date":"2023-04-02T18:05:05","date_gmt":"2023-04-02T16:05:05","guid":{"rendered":"https:\/\/15francoallemandeoccitanie.fr\/?post_type=tribe_events&#038;p=3108"},"modified":"2023-04-02T18:05:05","modified_gmt":"2023-04-02T16:05:05","slug":"travailler-avec-lindustrie-allemande","status":"publish","type":"tribe_events","link":"https:\/\/15francoallemandeoccitanie.fr\/de\/evenement\/travailler-avec-lindustrie-allemande\/","title":{"rendered":"Travailler avec l&#8217;industrie allemande"},"content":{"rendered":"<p>Webinaire organis\u00e9 par la CCI Occitanie.<\/p>\n<p class=\"_04xlpA direction-ltr align-justify para-style-body\"><span class=\"S1PPyQ\">Au travers de cet ateliers, retrouvez une pr\u00e9sentation des grands secteurs porteurs de l\u2019industrie allemande et de leur potentiel, les strat\u00e9gies et les m\u00e9thodes optimales pour faciliter l\u2019acc\u00e8s de fournisseurs fran\u00e7ais, enfin les outils a disposition et les composantes op\u00e9rationnelles \u00e0 mettre en \u0153uvre.<\/span><\/p>\n<p class=\"_04xlpA direction-ltr align-justify para-style-body\"><span class=\"S1PPyQ\"> Vous trouverez aussi un \u00e9clairage sur le secteur industriel et les opportunit\u00e9s sp\u00e9cifiques de l\u2019ex Allemagne de l\u2019Est et enfin une multitude de cas pratiques d\u2019entreprises qui se sont impos\u00e9es et leurs r\u00e9sultats ou au contraire ont \u00e9chou\u00e9 et pourquoi.<\/span><\/p>\n<p>&nbsp;<\/p>\n<ul>\n<li class=\"_04xlpA direction-ltr align-justify para-style-body\"><span class=\"S1PPyQ\">Intervenants :<\/span><\/li>\n<\/ul>\n<p class=\"_04xlpA direction-ltr align-justify para-style-body\"><span class=\"S1PPyQ\">R\u00e9gis WALLET<\/span><span class=\"S1PPyQ\">, Directeur adjoint de la Chambre de Commerce Fran\u00e7aise en Allemagne- Sarrebr\u00fcck<\/span><\/p>\n<p class=\"_04xlpA direction-ltr align-justify para-style-body\"><span class=\"S1PPyQ\">Dirk SCHEEMANN<\/span><span class=\"S1PPyQ\">, Pr\u00e9sident du Cercle Economique Franco-Allemand de Berlin, CEO de Euraccess<\/span><\/p>\n<p class=\"_04xlpA direction-ltr align-justify para-style-body\"><span class=\"S1PPyQ\">Jean-Philippe Arvert<\/span><span class=\"S1PPyQ\">, Directeur Bureau de BusinessFrance Allemagne<\/span><\/p>\n<p class=\"_04xlpA direction-ltr align-justify para-style-body\"><span class=\"S1PPyQ\">David Eyer<\/span><span class=\"S1PPyQ\">, RAFAL, clubs d&#8217;affaires franco-allemands du Languedoc- Roussillon<\/span><\/p>\n","protected":false},"excerpt":{"rendered":"<p>Webinaire organis\u00e9 par la CCI Occitanie. Au travers de cet ateliers, retrouvez une pr\u00e9sentation des grands secteurs porteurs de l\u2019industrie allemande et de leur potentiel, les strat\u00e9gies et les m\u00e9thodes [&#8230;]\n","protected":false},"author":5,"featured_media":3109,"template":"","meta":{"_price":"","_stock":"","_tribe_ticket_header":"","_tribe_default_ticket_provider":"","_tribe_ticket_capacity":"0","_ticket_start_date":"","_ticket_end_date":"","_tribe_ticket_show_description":"","_tribe_ticket_show_not_going":false,"_tribe_ticket_use_global_stock":"","_tribe_ticket_global_stock_level":"","_global_stock_mode":"","_global_stock_cap":"","_tribe_rsvp_for_event":"","_tribe_ticket_going_count":"","_tribe_ticket_not_going_count":"","_tribe_tickets_list":"[]","_tribe_ticket_has_attendee_info_fields":false,"_tribe_events_status":"","_tribe_events_status_reason":"","_tribe_events_is_hybrid":"","_tribe_events_is_virtual":"","_tribe_events_virtual_video_source":"","_tribe_events_virtual_embed_video":"","_tribe_events_virtual_linked_button_text":"","_tribe_events_virtual_linked_button":"","_tribe_events_virtual_show_embed_at":"","_tribe_events_virtual_show_embed_to":[],"_tribe_events_virtual_show_on_event":"","_tribe_events_virtual_show_on_views":"","_tribe_events_virtual_url":"","footnotes":"","_tec_slr_enabled":"","_tec_slr_layout":""},"tags":[],"tribe_events_cat":[15,13],"class_list":["post-3108","tribe_events","type-tribe_events","status-publish","has-post-thumbnail","hentry","tribe_events_cat-distanciel-economie","tribe_events_cat-economie","cat_distanciel-economie","cat_economie"],"ticketed":false,"_links":{"self":[{"href":"https:\/\/15francoallemandeoccitanie.fr\/de\/wp-json\/wp\/v2\/tribe_events\/3108","targetHints":{"allow":["GET"]}}],"collection":[{"href":"https:\/\/15francoallemandeoccitanie.fr\/de\/wp-json\/wp\/v2\/tribe_events"}],"about":[{"href":"https:\/\/15francoallemandeoccitanie.fr\/de\/wp-json\/wp\/v2\/types\/tribe_events"}],"author":[{"embeddable":true,"href":"https:\/\/15francoallemandeoccitanie.fr\/de\/wp-json\/wp\/v2\/users\/5"}],"version-history":[{"count":1,"href":"https:\/\/15francoallemandeoccitanie.fr\/de\/wp-json\/wp\/v2\/tribe_events\/3108\/revisions"}],"predecessor-version":[{"id":3111,"href":"https:\/\/15francoallemandeoccitanie.fr\/de\/wp-json\/wp\/v2\/tribe_events\/3108\/revisions\/3111"}],"wp:featuredmedia":[{"embeddable":true,"href":"https:\/\/15francoallemandeoccitanie.fr\/de\/wp-json\/wp\/v2\/media\/3109"}],"wp:attachment":[{"href":"https:\/\/15francoallemandeoccitanie.fr\/de\/wp-json\/wp\/v2\/media?parent=3108"}],"wp:term":[{"taxonomy":"post_tag","embeddable":true,"href":"https:\/\/15francoallemandeoccitanie.fr\/de\/wp-json\/wp\/v2\/tags?post=3108"},{"taxonomy":"tribe_events_cat","embeddable":true,"href":"https:\/\/15francoallemandeoccitanie.fr\/de\/wp-json\/wp\/v2\/tribe_events_cat?post=3108"}],"curies":[{"name":"wp","href":"https:\/\/api.w.org\/{rel}","templated":true}]}}

<p>Webinaire organisé par la CCI Occitanie.</p>
<p class="_04xlpA direction-ltr align-justify para-style-body"><span class="S1PPyQ">Au travers de cet ateliers, retrouvez une présentation des grands secteurs porteurs de l’industrie allemande et de leur potentiel, les stratégies et les méthodes optimales pour faciliter l’accès de fournisseurs français, enfin les outils a disposition et les composantes opérationnelles à mettre en œuvre.</span></p>
<p class="_04xlpA direction-ltr align-justify para-style-body"><span class="S1PPyQ"> Vous trouverez aussi un éclairage sur le secteur industriel et les opportunités spécifiques de l’ex Allemagne de l’Est et enfin une multitude de cas pratiques d’entreprises qui se sont imposées et leurs résultats ou au contraire ont échoué et pourquoi.</span></p>
<p>&nbsp;</p>
<ul>
<li class="_04xlpA direction-ltr align-justify para-style-body"><span class="S1PPyQ">Intervenants :</span></li>
</ul>
<p class="_04xlpA direction-ltr align-justify para-style-body"><span class="S1PPyQ">Régis WALLET</span><span class="S1PPyQ">, Directeur adjoint de la Chambre de Commerce Française en Allemagne- Sarrebrück</span></p>
<p class="_04xlpA direction-ltr align-justify para-style-body"><span class="S1PPyQ">Dirk SCHEEMANN</span><span class="S1PPyQ">, Président du Cercle Economique Franco-Allemand de Berlin, CEO de Euraccess</span></p>
<p class="_04xlpA direction-ltr align-justify para-style-body"><span class="S1PPyQ">Jean-Philippe Arvert</span><span class="S1PPyQ">, Directeur Bureau de BusinessFrance Allemagne</span></p>
<p class="_04xlpA direction-ltr align-justify para-style-body"><span class="S1PPyQ">David Eyer</span><span class="S1PPyQ">, RAFAL, clubs d&#8217;affaires franco-allemands du Languedoc- Roussillon</span></p>

<p>Webinaire organisé par la CCI Occitanie. Au travers de cet ateliers, retrouvez une présentation des grands secteurs porteurs de l’industrie allemande et de leur potentiel, les stratégies et les méthodes [&#8230;]
