{"id":3112,"date":"2023-04-02T18:29:51","date_gmt":"2023-04-02T16:29:51","guid":{"rendered":"https:\/\/15francoallemandeoccitanie.fr\/?post_type=tribe_events&#038;p=3112"},"modified":"2023-04-02T18:29:51","modified_gmt":"2023-04-02T16:29:51","slug":"soiree-tandem-franco-allemande","status":"publish","type":"tribe_events","link":"https:\/\/15francoallemandeoccitanie.fr\/de\/evenement\/soiree-tandem-franco-allemande\/","title":{"rendered":"SOIREE TANDEM FRANCO-ALLEMANDE"},"content":{"rendered":"<p><span style=\"font-size: 130%;\">La soir\u00e9e Tandem du Goethe-Institut de Toulouse vous permet de rencontrer des locuteur.ice.s natif.ve.s et d&#8217;approfondir vos connaissances de la culture et langue du pays voisin.<\/span><\/p>\n<p><span style=\"font-size: 130%;\"> La soir\u00e9e se d\u00e9roule autour de diff\u00e9rentes activit\u00e9s linguistiques divertissantes favorisant les \u00e9changes. <\/span><\/p>\n<p><span style=\"font-size: 130%;\">Organis\u00e9e dans le cadre de la quinzaine franco-allemande en Occitanie, le th\u00e8me de cette soir\u00e9e sera plus particuli\u00e8rement en lien avec cette belle et int\u00e9ressante r\u00e9gion ! <\/span><\/p>\n<p><span style=\"font-size: 130%;\">Nos soir\u00e9es tandem sont ouvertes \u00e0 tous et \u00e0 toutes, quel que soit le niveau de langue. C&#8217;est aussi l&#8217;occasion de trouver un.e partenaire tandem, peut-\u00eatre sur le long terme ! <\/span><\/p>\n<p><span style=\"font-size: 130%;\">Gratuit, inscription obligatoire par mail tandem-toulouse@goethe.de <\/span><\/p>\n","protected":false},"excerpt":{"rendered":"<p>La soir\u00e9e Tandem du Goethe-Institut de Toulouse vous permet de rencontrer des locuteur.ice.s natif.ve.s et d&#8217;approfondir vos connaissances de la culture et langue du pays voisin. La soir\u00e9e se d\u00e9roule [&#8230;]\n","protected":false},"author":5,"featured_media":3113,"template":"","meta":{"_price":"","_stock":"","_tribe_ticket_header":"","_tribe_default_ticket_provider":"","_tribe_ticket_capacity":"0","_ticket_start_date":"","_ticket_end_date":"","_tribe_ticket_show_description":"","_tribe_ticket_show_not_going":false,"_tribe_ticket_use_global_stock":"","_tribe_ticket_global_stock_level":"","_global_stock_mode":"","_global_stock_cap":"","_tribe_rsvp_for_event":"","_tribe_ticket_going_count":"","_tribe_ticket_not_going_count":"","_tribe_tickets_list":"[]","_tribe_ticket_has_attendee_info_fields":false,"_tribe_events_status":"","_tribe_events_status_reason":"","_tribe_events_is_hybrid":"","_tribe_events_is_virtual":"","_tribe_events_virtual_video_source":"","_tribe_events_virtual_embed_video":"","_tribe_events_virtual_linked_button_text":"","_tribe_events_virtual_linked_button":"","_tribe_events_virtual_show_embed_at":"","_tribe_events_virtual_show_embed_to":[],"_tribe_events_virtual_show_on_event":"","_tribe_events_virtual_show_on_views":"","_tribe_events_virtual_url":"","footnotes":"","_tec_slr_enabled":"","_tec_slr_layout":""},"tags":[],"tribe_events_cat":[10,11],"class_list":["post-3112","tribe_events","type-tribe_events","status-publish","has-post-thumbnail","hentry","tribe_events_cat-education","tribe_events_cat-presentiel-education","cat_education","cat_presentiel-education"],"ticketed":false,"_links":{"self":[{"href":"https:\/\/15francoallemandeoccitanie.fr\/de\/wp-json\/wp\/v2\/tribe_events\/3112","targetHints":{"allow":["GET"]}}],"collection":[{"href":"https:\/\/15francoallemandeoccitanie.fr\/de\/wp-json\/wp\/v2\/tribe_events"}],"about":[{"href":"https:\/\/15francoallemandeoccitanie.fr\/de\/wp-json\/wp\/v2\/types\/tribe_events"}],"author":[{"embeddable":true,"href":"https:\/\/15francoallemandeoccitanie.fr\/de\/wp-json\/wp\/v2\/users\/5"}],"version-history":[{"count":1,"href":"https:\/\/15francoallemandeoccitanie.fr\/de\/wp-json\/wp\/v2\/tribe_events\/3112\/revisions"}],"predecessor-version":[{"id":3115,"href":"https:\/\/15francoallemandeoccitanie.fr\/de\/wp-json\/wp\/v2\/tribe_events\/3112\/revisions\/3115"}],"wp:featuredmedia":[{"embeddable":true,"href":"https:\/\/15francoallemandeoccitanie.fr\/de\/wp-json\/wp\/v2\/media\/3113"}],"wp:attachment":[{"href":"https:\/\/15francoallemandeoccitanie.fr\/de\/wp-json\/wp\/v2\/media?parent=3112"}],"wp:term":[{"taxonomy":"post_tag","embeddable":true,"href":"https:\/\/15francoallemandeoccitanie.fr\/de\/wp-json\/wp\/v2\/tags?post=3112"},{"taxonomy":"tribe_events_cat","embeddable":true,"href":"https:\/\/15francoallemandeoccitanie.fr\/de\/wp-json\/wp\/v2\/tribe_events_cat?post=3112"}],"curies":[{"name":"wp","href":"https:\/\/api.w.org\/{rel}","templated":true}]}}

<p><span style="font-size: 130%;">La soirée Tandem du Goethe-Institut de Toulouse vous permet de rencontrer des locuteur.ice.s natif.ve.s et d&#8217;approfondir vos connaissances de la culture et langue du pays voisin.</span></p>
<p><span style="font-size: 130%;"> La soirée se déroule autour de différentes activités linguistiques divertissantes favorisant les échanges. </span></p>
<p><span style="font-size: 130%;">Organisée dans le cadre de la quinzaine franco-allemande en Occitanie, le thème de cette soirée sera plus particulièrement en lien avec cette belle et intéressante région ! </span></p>
<p><span style="font-size: 130%;">Nos soirées tandem sont ouvertes à tous et à toutes, quel que soit le niveau de langue. C&#8217;est aussi l&#8217;occasion de trouver un.e partenaire tandem, peut-être sur le long terme ! </span></p>
<p><span style="font-size: 130%;">Gratuit, inscription obligatoire par mail tandem-toulouse@goethe.de </span></p>

<p>La soirée Tandem du Goethe-Institut de Toulouse vous permet de rencontrer des locuteur.ice.s natif.ve.s et d&#8217;approfondir vos connaissances de la culture et langue du pays voisin. La soirée se déroule [&#8230;]
