{"id":3116,"date":"2023-04-02T18:49:50","date_gmt":"2023-04-02T16:49:50","guid":{"rendered":"https:\/\/15francoallemandeoccitanie.fr\/?post_type=tribe_events&#038;p=3116"},"modified":"2023-04-13T22:39:39","modified_gmt":"2023-04-13T20:39:39","slug":"du-grain-a-moudre-lecture-du-cabaret-derika-mann","status":"publish","type":"tribe_events","link":"https:\/\/15francoallemandeoccitanie.fr\/de\/evenement\/du-grain-a-moudre-lecture-du-cabaret-derika-mann\/","title":{"rendered":"Du Grain \u00e0 moudre &#8211; Lecture du Cabaret d\u2019Erika Mann"},"content":{"rendered":"<p><span style=\"font-size: 130%;\"><strong>Du Grain \u00e0 moudre<\/strong> &#8211; Lecture du Cabaret d\u2019Erika Mann (fille de Thomas Mann) pr\u00e9sent\u00e9e par Bernadette Pourqui\u00e9, autrice et traductrice en partenariat avec Occitanie Livre Et Lecture.<\/span><\/p>\n<p>&nbsp;<\/p>\n<p><span style=\"font-size: 130%;\">Le 1er janvier 1933, Erika Mann, fille de l\u2019e\u0301crivain Thomas Mann, fonde a\u0300 Munich, avec son fr\u00e8re Klaus et des amis artistes, un cabaret litt\u00e9raire et politique, Die Pfefferm\u00fchle (1933\u20131936).<\/span><\/p>\n<p><span style=\"font-size: 130%;\"> L\u00b4ambition de la troupe \u00e9tait de signaler le danger venant de l\u2019extr\u00eame-droite. Peu apr\u00e8s, la troupe continue de jouer a\u0300 travers l\u2019Europe et y donne plus de mille repr\u00e9sentations.<\/span><\/p>\n<p>&nbsp;<\/p>\n<p><span style=\"font-size: 130%;\">Son programme litt\u00e9raire engage\u0301 re\u0301ve\u0300le de jeunes artistes anime\u0301s par la ne\u0301cessite\u0301 de s\u2019exprimer via la po\u00e9sie, les arts de la sc\u00e8ne et l\u2019humour. <\/span><\/p>\n<p><span style=\"font-size: 130%;\">La lecture th\u00e9\u00e2tralis\u00e9e musicale tir\u00e9e du cabaret Die Pfefferm\u00fchle propose un aper\u00e7u de ces textes pour l\u2019instant ine\u0301dits en franc\u0327ais. <\/span><\/p>\n<p><span style=\"font-size: 130%;\">Des notions toujours d\u2019actualit\u00e9 comme la tol\u00e9rance, la libert\u00e9, l&#8217;espoir d&#8217;une Europe unie, l&#8217;exil, l&#8217;indiff\u00e9rence, etc. sont abord\u00e9es par Erika Mann. Ces \u00e9crits alliant humour et \u00e9nergie r\u00e9v\u00e8lent le talent encore m\u00e9connu en France du fils et de la fille de Thomas Mann.<\/span><\/p>\n<p>&nbsp;<\/p>\n<p><span style=\"font-size: 130%;\"><i>En coop\u00e9ration et avec le soutien de Occitanie Livres lecture.\u00a0<\/i><\/span><\/p>\n<p><em><strong><span style=\"font-size: 130%;\">Entr\u00e9e gratuite. Renseignements et r\u00e9servations par mail : accueil-toulouse@goethe.de<\/span><\/strong><\/em><\/p>\n<p>&nbsp;<\/p>\n","protected":false},"excerpt":{"rendered":"<p>Du Grain \u00e0 moudre &#8211; Lecture du Cabaret d\u2019Erika Mann (fille de Thomas Mann) pr\u00e9sent\u00e9e par Bernadette Pourqui\u00e9, autrice et traductrice en partenariat avec Occitanie Livre Et Lecture. &nbsp; Le [&#8230;]\n","protected":false},"author":5,"featured_media":3117,"template":"","meta":{"_price":"","_stock":"","_tribe_ticket_header":"","_tribe_default_ticket_provider":"","_tribe_ticket_capacity":"0","_ticket_start_date":"","_ticket_end_date":"","_tribe_ticket_show_description":"","_tribe_ticket_show_not_going":false,"_tribe_ticket_use_global_stock":"","_tribe_ticket_global_stock_level":"","_global_stock_mode":"","_global_stock_cap":"","_tribe_rsvp_for_event":"","_tribe_ticket_going_count":"","_tribe_ticket_not_going_count":"","_tribe_tickets_list":"[]","_tribe_ticket_has_attendee_info_fields":false,"_tribe_events_status":"","_tribe_events_status_reason":"","_tribe_events_is_hybrid":"","_tribe_events_is_virtual":"","_tribe_events_virtual_video_source":"","_tribe_events_virtual_embed_video":"","_tribe_events_virtual_linked_button_text":"","_tribe_events_virtual_linked_button":"","_tribe_events_virtual_show_embed_at":"","_tribe_events_virtual_show_embed_to":[],"_tribe_events_virtual_show_on_event":"","_tribe_events_virtual_show_on_views":"","_tribe_events_virtual_url":"","footnotes":"","_tec_slr_enabled":"","_tec_slr_layout":""},"tags":[],"tribe_events_cat":[16,17],"class_list":["post-3116","tribe_events","type-tribe_events","status-publish","has-post-thumbnail","hentry","tribe_events_cat-culture","tribe_events_cat-presentiel-culture","cat_culture","cat_presentiel-culture"],"ticketed":false,"_links":{"self":[{"href":"https:\/\/15francoallemandeoccitanie.fr\/de\/wp-json\/wp\/v2\/tribe_events\/3116","targetHints":{"allow":["GET"]}}],"collection":[{"href":"https:\/\/15francoallemandeoccitanie.fr\/de\/wp-json\/wp\/v2\/tribe_events"}],"about":[{"href":"https:\/\/15francoallemandeoccitanie.fr\/de\/wp-json\/wp\/v2\/types\/tribe_events"}],"author":[{"embeddable":true,"href":"https:\/\/15francoallemandeoccitanie.fr\/de\/wp-json\/wp\/v2\/users\/5"}],"version-history":[{"count":3,"href":"https:\/\/15francoallemandeoccitanie.fr\/de\/wp-json\/wp\/v2\/tribe_events\/3116\/revisions"}],"predecessor-version":[{"id":3122,"href":"https:\/\/15francoallemandeoccitanie.fr\/de\/wp-json\/wp\/v2\/tribe_events\/3116\/revisions\/3122"}],"wp:featuredmedia":[{"embeddable":true,"href":"https:\/\/15francoallemandeoccitanie.fr\/de\/wp-json\/wp\/v2\/media\/3117"}],"wp:attachment":[{"href":"https:\/\/15francoallemandeoccitanie.fr\/de\/wp-json\/wp\/v2\/media?parent=3116"}],"wp:term":[{"taxonomy":"post_tag","embeddable":true,"href":"https:\/\/15francoallemandeoccitanie.fr\/de\/wp-json\/wp\/v2\/tags?post=3116"},{"taxonomy":"tribe_events_cat","embeddable":true,"href":"https:\/\/15francoallemandeoccitanie.fr\/de\/wp-json\/wp\/v2\/tribe_events_cat?post=3116"}],"curies":[{"name":"wp","href":"https:\/\/api.w.org\/{rel}","templated":true}]}}

Du Grain à moudre &#8211; Lecture du Cabaret d’Erika Mann

<p><span style="font-size: 130%;"><strong>Du Grain à moudre</strong> &#8211; Lecture du Cabaret d’Erika Mann (fille de Thomas Mann) présentée par Bernadette Pourquié, autrice et traductrice en partenariat avec Occitanie Livre Et Lecture.</span></p>
<p>&nbsp;</p>
<p><span style="font-size: 130%;">Le 1er janvier 1933, Erika Mann, fille de l’écrivain Thomas Mann, fonde à Munich, avec son frère Klaus et des amis artistes, un cabaret littéraire et politique, Die Pfeffermühle (1933–1936).</span></p>
<p><span style="font-size: 130%;"> L´ambition de la troupe était de signaler le danger venant de l’extrême-droite. Peu après, la troupe continue de jouer à travers l’Europe et y donne plus de mille représentations.</span></p>
<p>&nbsp;</p>
<p><span style="font-size: 130%;">Son programme littéraire engagé révèle de jeunes artistes animés par la nécessité de s’exprimer via la poésie, les arts de la scène et l’humour. </span></p>
<p><span style="font-size: 130%;">La lecture théâtralisée musicale tirée du cabaret Die Pfeffermühle propose un aperçu de ces textes pour l’instant inédits en français. </span></p>
<p><span style="font-size: 130%;">Des notions toujours d’actualité comme la tolérance, la liberté, l&#8217;espoir d&#8217;une Europe unie, l&#8217;exil, l&#8217;indifférence, etc. sont abordées par Erika Mann. Ces écrits alliant humour et énergie révèlent le talent encore méconnu en France du fils et de la fille de Thomas Mann.</span></p>
<p>&nbsp;</p>
<p><span style="font-size: 130%;"><i>En coopération et avec le soutien de Occitanie Livres lecture. </i></span></p>
<p><em><strong><span style="font-size: 130%;">Entrée gratuite. Renseignements et réservations par mail : accueil-toulouse@goethe.de</span></strong></em></p>
<p>&nbsp;</p>

<p>Du Grain à moudre &#8211; Lecture du Cabaret d’Erika Mann (fille de Thomas Mann) présentée par Bernadette Pourquié, autrice et traductrice en partenariat avec Occitanie Livre Et Lecture. &nbsp; Le [&#8230;]
