{"id":4129,"date":"2024-02-06T09:00:16","date_gmt":"2024-02-06T08:00:16","guid":{"rendered":"https:\/\/15francoallemandeoccitanie.fr\/?post_type=tribe_events&#038;p=4129"},"modified":"2024-02-06T09:00:16","modified_gmt":"2024-02-06T08:00:16","slug":"echange-protandem-dresde-muret","status":"publish","type":"tribe_events","link":"https:\/\/15francoallemandeoccitanie.fr\/de\/evenement\/echange-protandem-dresde-muret\/","title":{"rendered":"Echange protandem Dresde- Muret"},"content":{"rendered":"<p><span style=\"font-size: 140%;\">En\u00a0 2019 , un premier \u00e9change avait \u00e9t\u00e9 r\u00e9alis\u00e9 avec les \u00e9tudiants Bac Pro TFCA entre le Lyc\u00e9e Charles de Gaulle de Muret pr\u00e8s de Toulouse et les apprentis de l\u2019\u00e9cole de Froid de la Saxe.<\/span><\/p>\n<p><span style=\"font-size: 140%;\">Dans le cadre de l&#8217;\u00e9change Protandem, 8 \u00e9l\u00e8ves de terminale en froid climatisation du lyc\u00e9e Charles de Gaulle de Muret, vont passer trois semaines cette ann\u00e9e \u00e0 Dresde. La premi\u00e8re semaine est consacr\u00e9e \u00e0 la d\u00e9couverte de la culture allemande, au renforcement linguistique et aux visites. Les deux semaines suivantes sont destin\u00e9es aux stages dans des entreprises allemandes.<\/span><\/p>\n<p><span style=\"font-size: 140%;\">Pour l\u2019heure, les \u00e9l\u00e8ves et enseignants fran\u00e7ais se disent tr\u00e8s enthousiastes de rejoindre l\u2019Allemagne o\u00f9 leurs h\u00f4tes ont h\u00e2te de leur faire d\u00e9couvrir leur pays.\u00a0<\/span><\/p>\n","protected":false},"excerpt":{"rendered":"<p>En\u00a0 2019 , un premier \u00e9change avait \u00e9t\u00e9 r\u00e9alis\u00e9 avec les \u00e9tudiants Bac Pro TFCA entre le Lyc\u00e9e Charles de Gaulle de Muret pr\u00e8s de Toulouse et les apprentis de [&#8230;]\n","protected":false},"author":367,"featured_media":4131,"template":"","meta":{"_price":"","_stock":"","_tribe_ticket_header":"","_tribe_default_ticket_provider":"","_tribe_ticket_capacity":"0","_ticket_start_date":"","_ticket_end_date":"","_tribe_ticket_show_description":"","_tribe_ticket_show_not_going":false,"_tribe_ticket_use_global_stock":"","_tribe_ticket_global_stock_level":"","_global_stock_mode":"","_global_stock_cap":"","_tribe_rsvp_for_event":"","_tribe_ticket_going_count":"","_tribe_ticket_not_going_count":"","_tribe_tickets_list":"[]","_tribe_ticket_has_attendee_info_fields":false,"_tribe_events_status":"","_tribe_events_status_reason":"","_tribe_events_is_hybrid":"","_tribe_events_is_virtual":"","_tribe_events_virtual_video_source":"","_tribe_events_virtual_embed_video":"","_tribe_events_virtual_linked_button_text":"","_tribe_events_virtual_linked_button":"","_tribe_events_virtual_show_embed_at":"","_tribe_events_virtual_show_embed_to":[],"_tribe_events_virtual_show_on_event":"","_tribe_events_virtual_show_on_views":"","_tribe_events_virtual_url":"","footnotes":"","_tec_slr_enabled":"","_tec_slr_layout":""},"tags":[],"tribe_events_cat":[10,11],"class_list":["post-4129","tribe_events","type-tribe_events","status-publish","has-post-thumbnail","hentry","tribe_events_cat-education","tribe_events_cat-presentiel-education","cat_education","cat_presentiel-education"],"ticketed":false,"_links":{"self":[{"href":"https:\/\/15francoallemandeoccitanie.fr\/de\/wp-json\/wp\/v2\/tribe_events\/4129","targetHints":{"allow":["GET"]}}],"collection":[{"href":"https:\/\/15francoallemandeoccitanie.fr\/de\/wp-json\/wp\/v2\/tribe_events"}],"about":[{"href":"https:\/\/15francoallemandeoccitanie.fr\/de\/wp-json\/wp\/v2\/types\/tribe_events"}],"author":[{"embeddable":true,"href":"https:\/\/15francoallemandeoccitanie.fr\/de\/wp-json\/wp\/v2\/users\/367"}],"version-history":[{"count":3,"href":"https:\/\/15francoallemandeoccitanie.fr\/de\/wp-json\/wp\/v2\/tribe_events\/4129\/revisions"}],"predecessor-version":[{"id":4319,"href":"https:\/\/15francoallemandeoccitanie.fr\/de\/wp-json\/wp\/v2\/tribe_events\/4129\/revisions\/4319"}],"wp:featuredmedia":[{"embeddable":true,"href":"https:\/\/15francoallemandeoccitanie.fr\/de\/wp-json\/wp\/v2\/media\/4131"}],"wp:attachment":[{"href":"https:\/\/15francoallemandeoccitanie.fr\/de\/wp-json\/wp\/v2\/media?parent=4129"}],"wp:term":[{"taxonomy":"post_tag","embeddable":true,"href":"https:\/\/15francoallemandeoccitanie.fr\/de\/wp-json\/wp\/v2\/tags?post=4129"},{"taxonomy":"tribe_events_cat","embeddable":true,"href":"https:\/\/15francoallemandeoccitanie.fr\/de\/wp-json\/wp\/v2\/tribe_events_cat?post=4129"}],"curies":[{"name":"wp","href":"https:\/\/api.w.org\/{rel}","templated":true}]}}

<p><span style="font-size: 140%;">En  2019 , un premier échange avait été réalisé avec les étudiants Bac Pro TFCA entre le Lycée Charles de Gaulle de Muret près de Toulouse et les apprentis de l’école de Froid de la Saxe.</span></p>
<p><span style="font-size: 140%;">Dans le cadre de l&#8217;échange Protandem, 8 élèves de terminale en froid climatisation du lycée Charles de Gaulle de Muret, vont passer trois semaines cette année à Dresde. La première semaine est consacrée à la découverte de la culture allemande, au renforcement linguistique et aux visites. Les deux semaines suivantes sont destinées aux stages dans des entreprises allemandes.</span></p>
<p><span style="font-size: 140%;">Pour l’heure, les élèves et enseignants français se disent très enthousiastes de rejoindre l’Allemagne où leurs hôtes ont hâte de leur faire découvrir leur pays. </span></p>

<p>En  2019 , un premier échange avait été réalisé avec les étudiants Bac Pro TFCA entre le Lycée Charles de Gaulle de Muret près de Toulouse et les apprentis de [&#8230;]
