{"id":4391,"date":"2024-02-18T22:05:30","date_gmt":"2024-02-18T21:05:30","guid":{"rendered":"https:\/\/15francoallemandeoccitanie.fr\/?post_type=tribe_events&#038;p=4391"},"modified":"2024-02-18T22:07:38","modified_gmt":"2024-02-18T21:07:38","slug":"veillee-lecture-a-lecole-elementaire-charles-dickens","status":"publish","type":"tribe_events","link":"https:\/\/15francoallemandeoccitanie.fr\/de\/evenement\/veillee-lecture-a-lecole-elementaire-charles-dickens\/","title":{"rendered":"Veill\u00e9e lecture\u00a0\u00e0 l&#8217;\u00e9cole \u00e9l\u00e9mentaire Charles Dickens"},"content":{"rendered":"<p>Deux classes de l\u2019\u00e9cole (le CE1 10 et le CE2 11) vont exp\u00e9rimenter une veill\u00e9e lecture bas\u00e9e sur le mod\u00e8le allemand \u00ab\u00a0le nuit de lecture \u00e0 l\u2019\u00e9cole\u00a0\u00bb. <\/p>\n<p>L&#8217;objectif de cette rencontre est de promouvoir la lecture mais aussi de partager une exp\u00e9rience unique inspir\u00e9e de cette tradition allemande accompagn\u00e9e d&#8217;une d\u00e9gustation de sp\u00e9cialit\u00e9s du pays.<\/p>\n","protected":false},"excerpt":{"rendered":"<p>Deux classes de l\u2019\u00e9cole (le CE1 10 et le CE2 11) vont exp\u00e9rimenter une veill\u00e9e lecture bas\u00e9e sur le mod\u00e8le allemand \u00ab\u00a0le nuit de lecture \u00e0 l\u2019\u00e9cole\u00a0\u00bb. L&#8217;objectif de cette [&#8230;]\n","protected":false},"author":21,"featured_media":4768,"template":"","meta":{"_price":"","_stock":"","_tribe_ticket_header":"","_tribe_default_ticket_provider":"","_tribe_ticket_capacity":"0","_ticket_start_date":"","_ticket_end_date":"","_tribe_ticket_show_description":"","_tribe_ticket_show_not_going":false,"_tribe_ticket_use_global_stock":"","_tribe_ticket_global_stock_level":"","_global_stock_mode":"","_global_stock_cap":"","_tribe_rsvp_for_event":"","_tribe_ticket_going_count":"","_tribe_ticket_not_going_count":"","_tribe_tickets_list":"[]","_tribe_ticket_has_attendee_info_fields":false,"_tribe_events_status":"","_tribe_events_status_reason":"","_tribe_events_is_hybrid":"","_tribe_events_is_virtual":"","_tribe_events_virtual_video_source":"","_tribe_events_virtual_embed_video":"","_tribe_events_virtual_linked_button_text":"","_tribe_events_virtual_linked_button":"","_tribe_events_virtual_show_embed_at":"","_tribe_events_virtual_show_embed_to":[],"_tribe_events_virtual_show_on_event":"","_tribe_events_virtual_show_on_views":"","_tribe_events_virtual_url":"","footnotes":"","_tec_slr_enabled":"","_tec_slr_layout":""},"tags":[],"tribe_events_cat":[10,11],"class_list":["post-4391","tribe_events","type-tribe_events","status-publish","has-post-thumbnail","hentry","tribe_events_cat-education","tribe_events_cat-presentiel-education","cat_education","cat_presentiel-education"],"ticketed":false,"_links":{"self":[{"href":"https:\/\/15francoallemandeoccitanie.fr\/de\/wp-json\/wp\/v2\/tribe_events\/4391","targetHints":{"allow":["GET"]}}],"collection":[{"href":"https:\/\/15francoallemandeoccitanie.fr\/de\/wp-json\/wp\/v2\/tribe_events"}],"about":[{"href":"https:\/\/15francoallemandeoccitanie.fr\/de\/wp-json\/wp\/v2\/types\/tribe_events"}],"author":[{"embeddable":true,"href":"https:\/\/15francoallemandeoccitanie.fr\/de\/wp-json\/wp\/v2\/users\/21"}],"version-history":[{"count":3,"href":"https:\/\/15francoallemandeoccitanie.fr\/de\/wp-json\/wp\/v2\/tribe_events\/4391\/revisions"}],"predecessor-version":[{"id":4774,"href":"https:\/\/15francoallemandeoccitanie.fr\/de\/wp-json\/wp\/v2\/tribe_events\/4391\/revisions\/4774"}],"wp:featuredmedia":[{"embeddable":true,"href":"https:\/\/15francoallemandeoccitanie.fr\/de\/wp-json\/wp\/v2\/media\/4768"}],"wp:attachment":[{"href":"https:\/\/15francoallemandeoccitanie.fr\/de\/wp-json\/wp\/v2\/media?parent=4391"}],"wp:term":[{"taxonomy":"post_tag","embeddable":true,"href":"https:\/\/15francoallemandeoccitanie.fr\/de\/wp-json\/wp\/v2\/tags?post=4391"},{"taxonomy":"tribe_events_cat","embeddable":true,"href":"https:\/\/15francoallemandeoccitanie.fr\/de\/wp-json\/wp\/v2\/tribe_events_cat?post=4391"}],"curies":[{"name":"wp","href":"https:\/\/api.w.org\/{rel}","templated":true}]}}

Veillée lecture à l&#8217;école élémentaire Charles Dickens

<p>Deux classes de l’école (le CE1 10 et le CE2 11) vont expérimenter une veillée lecture basée sur le modèle allemand « le nuit de lecture à l’école ». </p>
<p>L&#8217;objectif de cette rencontre est de promouvoir la lecture mais aussi de partager une expérience unique inspirée de cette tradition allemande accompagnée d&#8217;une dégustation de spécialités du pays.</p>

<p>Deux classes de l’école (le CE1 10 et le CE2 11) vont expérimenter une veillée lecture basée sur le modèle allemand « le nuit de lecture à l’école ». L&#8217;objectif de cette [&#8230;]
