{"id":513,"date":"2022-03-17T15:10:14","date_gmt":"2022-03-17T14:10:14","guid":{"rendered":"https:\/\/15francoallemandeoccitanie.fr\/?post_type=tribe_events&#038;p=513"},"modified":"2022-05-04T19:46:25","modified_gmt":"2022-05-04T17:46:25","slug":"la-demarche-rse-en-entreprise-linsertion-professionnelle-des-personnes-en-situation-de-handicap","status":"publish","type":"tribe_events","link":"https:\/\/15francoallemandeoccitanie.fr\/de\/evenement\/la-demarche-rse-en-entreprise-linsertion-professionnelle-des-personnes-en-situation-de-handicap\/","title":{"rendered":"La d\u00e9marche RSE en entreprise, l\u2019insertion professionnelle des personnes en situation de handicap."},"content":{"rendered":"<h3>DEBAT FRANCO-ALLEMAND anim\u00e9 par Olivier Biscaye, directeur de la r\u00e9daction, Midi Libre<\/h3>\n<ul>\n<li>Comment d\u00e9finit-on aujourd\u2019hui le handicap en France et en Allemagne ?<\/li>\n<li>Quels sont les leviers en France et en Allemagne afin de favoriser l&#8217;insertion des personnes en situation de handicap mis \u00e0 disposition pour l\u2019entreprise ?<\/li>\n<li>Dans le cadre de la Journ\u00e9e franco-allemande, une table ronde est organis\u00e9e avec des experts afin d&#8217;offrir un regard crois\u00e9 sur la responsabilit\u00e9 soci\u00e9tale en entreprise.<\/li>\n<\/ul>\n","protected":false},"excerpt":{"rendered":"<p>DEBAT FRANCO-ALLEMAND anim\u00e9 par Olivier Biscaye, directeur de la r\u00e9daction, Midi Libre Comment d\u00e9finit-on aujourd\u2019hui le handicap en France et en Allemagne ? Quels sont les leviers en France et [&#8230;]\n","protected":false},"author":1,"featured_media":516,"template":"","meta":{"_price":"","_stock":"","_tribe_ticket_header":"","_tribe_default_ticket_provider":"","_tribe_ticket_capacity":"0","_ticket_start_date":"","_ticket_end_date":"","_tribe_ticket_show_description":"","_tribe_ticket_show_not_going":false,"_tribe_ticket_use_global_stock":"","_tribe_ticket_global_stock_level":"","_global_stock_mode":"","_global_stock_cap":"","_tribe_rsvp_for_event":"","_tribe_ticket_going_count":"","_tribe_ticket_not_going_count":"","_tribe_tickets_list":"[]","_tribe_ticket_has_attendee_info_fields":false,"_tribe_events_status":"","_tribe_events_status_reason":"","_tribe_events_is_hybrid":"","_tribe_events_is_virtual":"","_tribe_events_virtual_video_source":"","_tribe_events_virtual_embed_video":"","_tribe_events_virtual_linked_button_text":"","_tribe_events_virtual_linked_button":"","_tribe_events_virtual_show_embed_at":"","_tribe_events_virtual_show_embed_to":[],"_tribe_events_virtual_show_on_event":"","_tribe_events_virtual_show_on_views":"","_tribe_events_virtual_url":"","footnotes":"","_tec_slr_enabled":"","_tec_slr_layout":""},"tags":[],"tribe_events_cat":[19,21,20],"class_list":["post-513","tribe_events","type-tribe_events","status-publish","has-post-thumbnail","hentry","tribe_events_cat-citoyennete","tribe_events_cat-distanciel-citoyennete","tribe_events_cat-presentiel-citoyennete","cat_citoyennete","cat_distanciel-citoyennete","cat_presentiel-citoyennete"],"ticketed":false,"_links":{"self":[{"href":"https:\/\/15francoallemandeoccitanie.fr\/de\/wp-json\/wp\/v2\/tribe_events\/513","targetHints":{"allow":["GET"]}}],"collection":[{"href":"https:\/\/15francoallemandeoccitanie.fr\/de\/wp-json\/wp\/v2\/tribe_events"}],"about":[{"href":"https:\/\/15francoallemandeoccitanie.fr\/de\/wp-json\/wp\/v2\/types\/tribe_events"}],"author":[{"embeddable":true,"href":"https:\/\/15francoallemandeoccitanie.fr\/de\/wp-json\/wp\/v2\/users\/1"}],"version-history":[{"count":2,"href":"https:\/\/15francoallemandeoccitanie.fr\/de\/wp-json\/wp\/v2\/tribe_events\/513\/revisions"}],"predecessor-version":[{"id":643,"href":"https:\/\/15francoallemandeoccitanie.fr\/de\/wp-json\/wp\/v2\/tribe_events\/513\/revisions\/643"}],"wp:featuredmedia":[{"embeddable":true,"href":"https:\/\/15francoallemandeoccitanie.fr\/de\/wp-json\/wp\/v2\/media\/516"}],"wp:attachment":[{"href":"https:\/\/15francoallemandeoccitanie.fr\/de\/wp-json\/wp\/v2\/media?parent=513"}],"wp:term":[{"taxonomy":"post_tag","embeddable":true,"href":"https:\/\/15francoallemandeoccitanie.fr\/de\/wp-json\/wp\/v2\/tags?post=513"},{"taxonomy":"tribe_events_cat","embeddable":true,"href":"https:\/\/15francoallemandeoccitanie.fr\/de\/wp-json\/wp\/v2\/tribe_events_cat?post=513"}],"curies":[{"name":"wp","href":"https:\/\/api.w.org\/{rel}","templated":true}]}}

La démarche RSE en entreprise, l’insertion professionnelle des personnes en situation de handicap.

<h3>DEBAT FRANCO-ALLEMAND animé par Olivier Biscaye, directeur de la rédaction, Midi Libre</h3>
<ul>
<li>Comment définit-on aujourd’hui le handicap en France et en Allemagne ?</li>
<li>Quels sont les leviers en France et en Allemagne afin de favoriser l&#8217;insertion des personnes en situation de handicap mis à disposition pour l’entreprise ?</li>
<li>Dans le cadre de la Journée franco-allemande, une table ronde est organisée avec des experts afin d&#8217;offrir un regard croisé sur la responsabilité sociétale en entreprise.</li>
</ul>

<p>DEBAT FRANCO-ALLEMAND animé par Olivier Biscaye, directeur de la rédaction, Midi Libre Comment définit-on aujourd’hui le handicap en France et en Allemagne ? Quels sont les leviers en France et [&#8230;]
