{"id":5878,"date":"2024-03-25T13:58:09","date_gmt":"2024-03-25T12:58:09","guid":{"rendered":"https:\/\/15francoallemandeoccitanie.fr\/?post_type=tribe_events&#038;p=5878"},"modified":"2024-03-25T13:58:09","modified_gmt":"2024-03-25T12:58:09","slug":"concert-avec-le-trio-berlinois-b3","status":"publish","type":"tribe_events","link":"https:\/\/15francoallemandeoccitanie.fr\/de\/evenement\/concert-avec-le-trio-berlinois-b3\/","title":{"rendered":"Concert avec le trio berlinois B3"},"content":{"rendered":"<p>\u00ab Plus rock que le jazz, plus jazz\u00e9 que le rock \u00bb<br \/>\nLe trio d&#8217;orgue berlinois B3 pr\u00e9sente toujours des arrangements sophistiqu\u00e9s avec des m\u00e9lodies fortes et m\u00e9morables et \u00e9volue musicalement entre le jazz, le blues, le rock et le funk.<br \/>\nLiens:<br \/>\nVideo Playlist: https:\/\/bit.ly\/b3_videos<br \/>\nSpotify: https:\/\/bit.ly\/b3_musik<br \/>\nWebsite: https:\/\/b3-berlin.com\/<br \/>\nFacebook: https:\/\/www.facebook.com\/B3Berlin<\/p>\n","protected":false},"excerpt":{"rendered":"<p>\u00ab Plus rock que le jazz, plus jazz\u00e9 que le rock \u00bb Le trio d&#8217;orgue berlinois B3 pr\u00e9sente toujours des arrangements sophistiqu\u00e9s avec des m\u00e9lodies fortes et m\u00e9morables et \u00e9volue [&#8230;]\n","protected":false},"author":1,"featured_media":5880,"template":"","meta":{"_price":"","_stock":"","_tribe_ticket_header":"","_tribe_default_ticket_provider":"","_tribe_ticket_capacity":"0","_ticket_start_date":"","_ticket_end_date":"","_tribe_ticket_show_description":"","_tribe_ticket_show_not_going":false,"_tribe_ticket_use_global_stock":"","_tribe_ticket_global_stock_level":"","_global_stock_mode":"","_global_stock_cap":"","_tribe_rsvp_for_event":"","_tribe_ticket_going_count":"","_tribe_ticket_not_going_count":"","_tribe_tickets_list":"[]","_tribe_ticket_has_attendee_info_fields":false,"_tribe_events_status":"","_tribe_events_status_reason":"","_tribe_events_is_hybrid":"","_tribe_events_is_virtual":"","_tribe_events_virtual_video_source":"","_tribe_events_virtual_embed_video":"","_tribe_events_virtual_linked_button_text":"","_tribe_events_virtual_linked_button":"","_tribe_events_virtual_show_embed_at":"","_tribe_events_virtual_show_embed_to":[],"_tribe_events_virtual_show_on_event":"","_tribe_events_virtual_show_on_views":"","_tribe_events_virtual_url":"","footnotes":"","_tec_slr_enabled":"","_tec_slr_layout":""},"tags":[],"tribe_events_cat":[16,17],"class_list":["post-5878","tribe_events","type-tribe_events","status-publish","has-post-thumbnail","hentry","tribe_events_cat-culture","tribe_events_cat-presentiel-culture","cat_culture","cat_presentiel-culture"],"ticketed":false,"_links":{"self":[{"href":"https:\/\/15francoallemandeoccitanie.fr\/de\/wp-json\/wp\/v2\/tribe_events\/5878","targetHints":{"allow":["GET"]}}],"collection":[{"href":"https:\/\/15francoallemandeoccitanie.fr\/de\/wp-json\/wp\/v2\/tribe_events"}],"about":[{"href":"https:\/\/15francoallemandeoccitanie.fr\/de\/wp-json\/wp\/v2\/types\/tribe_events"}],"author":[{"embeddable":true,"href":"https:\/\/15francoallemandeoccitanie.fr\/de\/wp-json\/wp\/v2\/users\/1"}],"version-history":[{"count":1,"href":"https:\/\/15francoallemandeoccitanie.fr\/de\/wp-json\/wp\/v2\/tribe_events\/5878\/revisions"}],"predecessor-version":[{"id":5879,"href":"https:\/\/15francoallemandeoccitanie.fr\/de\/wp-json\/wp\/v2\/tribe_events\/5878\/revisions\/5879"}],"wp:featuredmedia":[{"embeddable":true,"href":"https:\/\/15francoallemandeoccitanie.fr\/de\/wp-json\/wp\/v2\/media\/5880"}],"wp:attachment":[{"href":"https:\/\/15francoallemandeoccitanie.fr\/de\/wp-json\/wp\/v2\/media?parent=5878"}],"wp:term":[{"taxonomy":"post_tag","embeddable":true,"href":"https:\/\/15francoallemandeoccitanie.fr\/de\/wp-json\/wp\/v2\/tags?post=5878"},{"taxonomy":"tribe_events_cat","embeddable":true,"href":"https:\/\/15francoallemandeoccitanie.fr\/de\/wp-json\/wp\/v2\/tribe_events_cat?post=5878"}],"curies":[{"name":"wp","href":"https:\/\/api.w.org\/{rel}","templated":true}]}}

<p>« Plus rock que le jazz, plus jazzé que le rock »<br />
Le trio d&#8217;orgue berlinois B3 présente toujours des arrangements sophistiqués avec des mélodies fortes et mémorables et évolue musicalement entre le jazz, le blues, le rock et le funk.<br />
Liens:<br />
Video Playlist: https://bit.ly/b3_videos<br />
Spotify: https://bit.ly/b3_musik<br />
Website: https://b3-berlin.com/<br />
Facebook: https://www.facebook.com/B3Berlin</p>

<p>« Plus rock que le jazz, plus jazzé que le rock » Le trio d&#8217;orgue berlinois B3 présente toujours des arrangements sophistiqués avec des mélodies fortes et mémorables et évolue [&#8230;]
