{"id":862,"date":"2022-07-18T15:02:18","date_gmt":"2022-07-18T13:02:18","guid":{"rendered":"https:\/\/15francoallemandeoccitanie.fr\/?post_type=tribe_events&#038;p=862"},"modified":"2022-07-18T15:02:18","modified_gmt":"2022-07-18T13:02:18","slug":"concert-des-choeurs-franco-allemands-de-bonn-et-toulouse","status":"publish","type":"tribe_events","link":"https:\/\/15francoallemandeoccitanie.fr\/de\/evenement\/concert-des-choeurs-franco-allemands-de-bonn-et-toulouse\/","title":{"rendered":"Concert des Ch\u0153urs Franco-Allemands de Bonn et Toulouse"},"content":{"rendered":"<p>Le Deutsch-Franz\u00f6sischer Chor Bonn et le Ch\u0153ur Franco-Allemand de Toulouse sont tous les deux membres de la F\u00e9d\u00e9ration des Ch\u0153urs Franco-Allemands dont le si\u00e8ge est \u00e0 Bonn. Notre f\u00e9d\u00e9ration, cr\u00e9\u00e9e en 1983, regroupe une vingtaine de ch\u0153urs r\u00e9partis \u00e9galement entre la France et l&#8217;Allemagne. Chaque ch\u0153ur fait r\u00e9guli\u00e8rement des rencontres avec les autres ch\u0153urs de la f\u00e9d\u00e9ration.<\/p>\n<p>Le 12 novembre 2022, le CFA de Toulouse se d\u00e9place \u00e0 Bonn pour donner en concert avec son alter-\u00e9go le Requiem de Charles Gounod et le Requiem de Camille Saint-Sa\u00ebns.<\/p>\n<p>La direction est assur\u00e9e par Vladimir Tarasov (Bonn) et David NG (Toulouse)<\/p>\n<p>&nbsp;<\/p>\n","protected":false},"excerpt":{"rendered":"<p>Le Deutsch-Franz\u00f6sischer Chor Bonn et le Ch\u0153ur Franco-Allemand de Toulouse sont tous les deux membres de la F\u00e9d\u00e9ration des Ch\u0153urs Franco-Allemands dont le si\u00e8ge est \u00e0 Bonn. Notre f\u00e9d\u00e9ration, cr\u00e9\u00e9e [&#8230;]\n","protected":false},"author":20,"featured_media":0,"template":"","meta":{"_price":"","_stock":"","_tribe_ticket_header":"","_tribe_default_ticket_provider":"","_tribe_ticket_capacity":"0","_ticket_start_date":"","_ticket_end_date":"","_tribe_ticket_show_description":"","_tribe_ticket_show_not_going":false,"_tribe_ticket_use_global_stock":"","_tribe_ticket_global_stock_level":"","_global_stock_mode":"","_global_stock_cap":"","_tribe_rsvp_for_event":"","_tribe_ticket_going_count":"","_tribe_ticket_not_going_count":"","_tribe_tickets_list":"[]","_tribe_ticket_has_attendee_info_fields":false,"_tribe_events_status":"","_tribe_events_status_reason":"","_tribe_events_is_hybrid":"","_tribe_events_is_virtual":"","_tribe_events_virtual_video_source":"","_tribe_events_virtual_embed_video":"","_tribe_events_virtual_linked_button_text":"","_tribe_events_virtual_linked_button":"","_tribe_events_virtual_show_embed_at":"","_tribe_events_virtual_show_embed_to":[],"_tribe_events_virtual_show_on_event":"","_tribe_events_virtual_show_on_views":"","_tribe_events_virtual_url":"","footnotes":"","_tec_slr_enabled":"","_tec_slr_layout":""},"tags":[],"tribe_events_cat":[17],"class_list":["post-862","tribe_events","type-tribe_events","status-publish","hentry","tribe_events_cat-presentiel-culture","cat_presentiel-culture"],"ticketed":false,"_links":{"self":[{"href":"https:\/\/15francoallemandeoccitanie.fr\/de\/wp-json\/wp\/v2\/tribe_events\/862","targetHints":{"allow":["GET"]}}],"collection":[{"href":"https:\/\/15francoallemandeoccitanie.fr\/de\/wp-json\/wp\/v2\/tribe_events"}],"about":[{"href":"https:\/\/15francoallemandeoccitanie.fr\/de\/wp-json\/wp\/v2\/types\/tribe_events"}],"author":[{"embeddable":true,"href":"https:\/\/15francoallemandeoccitanie.fr\/de\/wp-json\/wp\/v2\/users\/20"}],"version-history":[{"count":2,"href":"https:\/\/15francoallemandeoccitanie.fr\/de\/wp-json\/wp\/v2\/tribe_events\/862\/revisions"}],"predecessor-version":[{"id":899,"href":"https:\/\/15francoallemandeoccitanie.fr\/de\/wp-json\/wp\/v2\/tribe_events\/862\/revisions\/899"}],"wp:attachment":[{"href":"https:\/\/15francoallemandeoccitanie.fr\/de\/wp-json\/wp\/v2\/media?parent=862"}],"wp:term":[{"taxonomy":"post_tag","embeddable":true,"href":"https:\/\/15francoallemandeoccitanie.fr\/de\/wp-json\/wp\/v2\/tags?post=862"},{"taxonomy":"tribe_events_cat","embeddable":true,"href":"https:\/\/15francoallemandeoccitanie.fr\/de\/wp-json\/wp\/v2\/tribe_events_cat?post=862"}],"curies":[{"name":"wp","href":"https:\/\/api.w.org\/{rel}","templated":true}]}}

Concert des Chœurs Franco-Allemands de Bonn et Toulouse

<p>Le Deutsch-Französischer Chor Bonn et le Chœur Franco-Allemand de Toulouse sont tous les deux membres de la Fédération des Chœurs Franco-Allemands dont le siège est à Bonn. Notre fédération, créée en 1983, regroupe une vingtaine de chœurs répartis également entre la France et l&#8217;Allemagne. Chaque chœur fait régulièrement des rencontres avec les autres chœurs de la fédération.</p>
<p>Le 12 novembre 2022, le CFA de Toulouse se déplace à Bonn pour donner en concert avec son alter-égo le Requiem de Charles Gounod et le Requiem de Camille Saint-Saëns.</p>
<p>La direction est assurée par Vladimir Tarasov (Bonn) et David NG (Toulouse)</p>
<p>&nbsp;</p>

<p>Le Deutsch-Französischer Chor Bonn et le Chœur Franco-Allemand de Toulouse sont tous les deux membres de la Fédération des Chœurs Franco-Allemands dont le siège est à Bonn. Notre fédération, créée [&#8230;]
